CRAN Package Check Results for Package fastR2

Last updated on 2018-11-17 12:51:22 CET.

Flavor Version Tinstall Tcheck Ttotal Status Flags
r-devel-linux-x86_64-debian-clang 1.2.1 10.28 108.57 118.85 OK
r-devel-linux-x86_64-debian-gcc 1.2.1 9.17 86.28 95.45 OK
r-devel-linux-x86_64-fedora-clang 1.2.1 156.58 OK
r-devel-linux-x86_64-fedora-gcc 1.2.1 133.27 OK
r-devel-windows-ix86+x86_64 1.2.1 39.00 180.00 219.00 OK
r-patched-linux-x86_64 1.2.1 8.92 106.18 115.10 OK
r-patched-solaris-x86 1.2.1 204.40 OK
r-release-linux-x86_64 1.2.1 7.82 105.59 113.41 OK
r-release-windows-ix86+x86_64 1.2.1 35.00 128.00 163.00 OK
r-release-osx-x86_64 1.2.1 WARN
r-oldrel-windows-ix86+x86_64 1.2.1 41.00 180.00 221.00 OK
r-oldrel-osx-x86_64 1.2.1 OK

Check Details

Version: 1.2.1
Check: whether package can be installed
Result: WARN
    Found the following significant warnings:
     Warning: package ‘dplyr’ was built under R version 3.5.1
Flavor: r-release-osx-x86_64