CRAN Package Check Results for Package fastR2

Last updated on 2019-02-17 20:53:32 CET.

Flavor Version Tinstall Tcheck Ttotal Status Flags
r-devel-linux-x86_64-debian-clang 1.2.1 10.63 119.16 129.79 OK
r-devel-linux-x86_64-debian-gcc 1.2.1 8.78 90.86 99.64 OK
r-devel-linux-x86_64-fedora-clang 1.2.1 156.51 OK
r-devel-linux-x86_64-fedora-gcc 1.2.1 149.75 OK
r-devel-windows-ix86+x86_64 1.2.1 44.00 131.00 175.00 OK
r-patched-linux-x86_64 1.2.1 9.49 111.98 121.47 OK
r-patched-solaris-x86 1.2.1 218.70 OK
r-release-linux-x86_64 1.2.1 OK
r-release-windows-ix86+x86_64 1.2.1 36.00 122.00 158.00 OK
r-release-osx-x86_64 1.2.1 WARN
r-oldrel-windows-ix86+x86_64 1.2.1 25.00 143.00 168.00 OK
r-oldrel-osx-x86_64 1.2.1 OK

Check Details

Version: 1.2.1
Check: whether package can be installed
Result: WARN
    Found the following significant warnings:
     Warning: package ‘dplyr’ was built under R version 3.5.1
Flavor: r-release-osx-x86_64