CRAN Package Check Results for Package fastR2

Last updated on 2018-02-23 13:47:31 CET.

Flavor Version Tinstall Tcheck Ttotal Status Flags
r-devel-linux-x86_64-debian-clang 0.2.0 10.34 101.35 111.69 OK
r-devel-linux-x86_64-debian-gcc 0.2.0 8.55 80.83 89.38 OK
r-devel-linux-x86_64-fedora-clang 0.2.0 134.23 NOTE
r-devel-linux-x86_64-fedora-gcc 0.2.0 133.37 NOTE
r-devel-windows-ix86+x86_64 0.2.0 36.00 172.00 208.00 OK
r-patched-linux-x86_64 0.2.0 8.89 110.65 119.54 OK
r-patched-solaris-x86 0.2.0 207.20 NOTE
r-release-linux-x86_64 0.2.0 7.38 108.86 116.24 OK
r-release-windows-ix86+x86_64 0.2.0 42.00 161.00 203.00 OK
r-release-osx-x86_64 0.2.0 NOTE
r-oldrel-windows-ix86+x86_64 0.2.0 32.00 117.00 149.00 OK
r-oldrel-osx-x86_64 0.2.0 NOTE

Check Details

Version: 0.2.0
Check: dependencies in R code
Result: NOTE
    Namespace in Imports field not imported from: ‘magrittr’
     All declared Imports should be used.
Flavors: r-devel-linux-x86_64-fedora-clang, r-devel-linux-x86_64-fedora-gcc, r-patched-solaris-x86, r-release-osx-x86_64, r-oldrel-osx-x86_64