CRAN Package Check Results for Package fastRhockey

Last updated on 2024-02-23 01:51:30 CET.

Flavor Version Tinstall Tcheck Ttotal Status Flags
r-devel-linux-x86_64-debian-clang 0.4.0 NOTE
r-devel-linux-x86_64-debian-gcc 0.4.0 8.37 66.27 74.64 NOTE
r-devel-linux-x86_64-fedora-clang 0.4.0 128.93 NOTE
r-devel-linux-x86_64-fedora-gcc 0.4.0 126.25 NOTE
r-devel-windows-x86_64 0.4.0 12.00 87.00 99.00 OK
r-patched-linux-x86_64 0.4.0 8.25 83.68 91.93 OK
r-release-linux-x86_64 0.4.0 7.66 83.68 91.34 OK
r-release-macos-arm64 0.4.0 34.00 OK
r-release-macos-x86_64 0.4.0 50.00 OK
r-release-windows-x86_64 0.4.0 15.00 102.00 117.00 OK
r-oldrel-macos-arm64 0.4.0 37.00 OK
r-oldrel-windows-x86_64 0.4.0 15.00 101.00 116.00 OK

Check Details

Version: 0.4.0
Check: Rd files
Result: NOTE checkRd: (-1) update_nhl_db.Rd:51-53: Lost braces in \itemize; meant \describe ? checkRd: (-1) update_nhl_db.Rd:54-57: Lost braces in \itemize; meant \describe ? checkRd: (-1) update_phf_db.Rd:51-53: Lost braces in \itemize; meant \describe ? checkRd: (-1) update_phf_db.Rd:54-57: Lost braces in \itemize; meant \describe ? Flavors: r-devel-linux-x86_64-debian-clang, r-devel-linux-x86_64-debian-gcc, r-devel-linux-x86_64-fedora-clang, r-devel-linux-x86_64-fedora-gcc