CRAN Package Check Results for Package fastTextR

Last updated on 2024-03-02 19:50:17 CET.

Flavor Version Tinstall Tcheck Ttotal Status Flags
r-devel-linux-x86_64-debian-clang 2.1.0 166.62 37.66 204.28 OK
r-devel-linux-x86_64-debian-gcc 2.1.0 117.63 28.81 146.44 OK
r-devel-linux-x86_64-fedora-clang 2.1.0 306.61 OK
r-devel-linux-x86_64-fedora-gcc 2.1.0 295.65 OK
r-devel-windows-x86_64 2.1.0 112.00 77.00 189.00 OK
r-patched-linux-x86_64 2.1.0 140.60 36.49 177.09 OK
r-release-linux-x86_64 2.1.0 157.23 36.64 193.87 OK
r-release-macos-arm64 2.1.0 81.00 NOTE
r-release-macos-x86_64 2.1.0 118.00 NOTE
r-release-windows-x86_64 2.1.0 134.00 85.00 219.00 OK
r-oldrel-macos-arm64 2.1.0 65.00 NOTE
r-oldrel-windows-x86_64 2.1.0 142.00 81.00 223.00 OK

Check Details

Version: 2.1.0
Check: installed package size
Result: NOTE installed size is 7.6Mb sub-directories of 1Mb or more: doc 1.8Mb libs 5.7Mb Flavors: r-release-macos-arm64, r-release-macos-x86_64, r-oldrel-macos-arm64