Last updated on 2023-03-20 09:49:26 CET.
Flavor | Version | Tinstall | Tcheck | Ttotal | Status | Flags |
---|---|---|---|---|---|---|
r-devel-linux-x86_64-debian-clang | 2.0.1 | OK | ||||
r-devel-linux-x86_64-debian-gcc | 2.0.1 | 113.83 | 27.85 | 141.68 | OK | |
r-devel-linux-x86_64-fedora-clang | 2.0.1 | 297.15 | OK | |||
r-devel-linux-x86_64-fedora-gcc | 2.0.1 | 253.73 | OK | |||
r-devel-windows-x86_64 | 2.0.1 | 129.00 | 92.00 | 221.00 | OK | |
r-patched-linux-x86_64 | 2.0.1 | 115.04 | 36.42 | 151.46 | OK | |
r-release-linux-x86_64 | 2.0.1 | 108.97 | 36.64 | 145.61 | OK | |
r-release-macos-arm64 | 2.0.1 | 75.00 | NOTE | |||
r-release-macos-x86_64 | 2.0.1 | 80.00 | NOTE | |||
r-release-windows-x86_64 | 2.0.1 | 110.00 | 99.00 | 209.00 | OK | |
r-oldrel-macos-arm64 | 2.0.1 | 71.00 | NOTE | |||
r-oldrel-macos-x86_64 | 2.0.1 | 85.00 | NOTE | |||
r-oldrel-windows-ix86+x86_64 | 2.0.1 | 322.00 | 92.00 | 414.00 | OK |
Version: 2.0.1
Check: installed package size
Result: NOTE
installed size is 7.5Mb
sub-directories of 1Mb or more:
doc 1.8Mb
libs 5.5Mb
Flavors: r-release-macos-arm64, r-release-macos-x86_64, r-oldrel-macos-arm64, r-oldrel-macos-x86_64