CRAN Package Check Results for Package fastTextR

Last updated on 2022-11-29 02:55:01 CET.

Flavor Version Tinstall Tcheck Ttotal Status Flags
r-devel-linux-x86_64-debian-clang 2.0.1 142.91 37.20 180.11 OK
r-devel-linux-x86_64-debian-gcc 2.0.1 101.16 29.08 130.24 OK
r-devel-linux-x86_64-fedora-clang 2.0.1 295.27 OK
r-devel-linux-x86_64-fedora-gcc 2.0.1 258.72 OK
r-devel-windows-x86_64 2.0.1 114.00 95.00 209.00 OK
r-patched-linux-x86_64 2.0.1 113.19 35.30 148.49 OK
r-release-linux-x86_64 2.0.1 110.20 35.31 145.51 OK
r-release-macos-arm64 2.0.1 75.00 NOTE
r-release-macos-x86_64 2.0.1 80.00 NOTE
r-release-windows-x86_64 2.0.1 116.00 97.00 213.00 OK
r-oldrel-macos-arm64 2.0.1 71.00 NOTE
r-oldrel-macos-x86_64 2.0.1 85.00 NOTE
r-oldrel-windows-ix86+x86_64 2.0.1 326.00 89.00 415.00 OK

Check Details

Version: 2.0.1
Check: installed package size
Result: NOTE
     installed size is 7.5Mb
     sub-directories of 1Mb or more:
     doc 1.8Mb
     libs 5.5Mb
Flavors: r-release-macos-arm64, r-release-macos-x86_64, r-oldrel-macos-arm64, r-oldrel-macos-x86_64