CRAN Package Check Results for Package fastTopics

Last updated on 2022-12-05 21:54:39 CET.

Flavor Version Tinstall Tcheck Ttotal Status Flags
r-devel-linux-x86_64-debian-clang 0.6-142 175.35 259.27 434.62 NOTE
r-devel-linux-x86_64-debian-gcc 0.6-142 138.02 187.45 325.47 NOTE
r-devel-linux-x86_64-fedora-clang 0.6-142 595.03 NOTE
r-devel-linux-x86_64-fedora-gcc 0.6-142 563.28 NOTE
r-devel-windows-x86_64 0.6-142 178.00 302.00 480.00 NOTE
r-patched-linux-x86_64 0.6-142 145.50 244.05 389.55 NOTE
r-release-linux-x86_64 0.6-142 149.99 245.44 395.43 NOTE
r-release-macos-arm64 0.6-142 140.00 NOTE
r-release-macos-x86_64 0.6-142 183.00 NOTE
r-release-windows-x86_64 0.6-142 186.00 293.00 479.00 NOTE
r-oldrel-macos-arm64 0.6-142 138.00 NOTE
r-oldrel-macos-x86_64 0.6-142 185.00 NOTE
r-oldrel-windows-ix86+x86_64 0.6-142 415.00 416.00 831.00 NOTE

Check Details

Version: 0.6-142
Check: package dependencies
Result: NOTE
    Package suggested but not available for checking: 'NNLM'
Flavors: r-devel-linux-x86_64-debian-clang, r-devel-linux-x86_64-debian-gcc, r-devel-linux-x86_64-fedora-clang, r-devel-linux-x86_64-fedora-gcc, r-devel-windows-x86_64, r-patched-linux-x86_64, r-release-linux-x86_64, r-release-macos-arm64, r-release-macos-x86_64, r-release-windows-x86_64, r-oldrel-macos-arm64, r-oldrel-macos-x86_64

Version: 0.6-142
Check: for GNU extensions in Makefiles
Result: NOTE
    GNU make is a SystemRequirements.
Flavors: r-devel-linux-x86_64-debian-clang, r-devel-linux-x86_64-debian-gcc, r-devel-linux-x86_64-fedora-clang, r-devel-linux-x86_64-fedora-gcc, r-devel-windows-x86_64, r-patched-linux-x86_64, r-release-linux-x86_64, r-release-macos-arm64, r-release-macos-x86_64, r-release-windows-x86_64, r-oldrel-macos-arm64, r-oldrel-macos-x86_64, r-oldrel-windows-ix86+x86_64

Version: 0.6-142
Check: installed package size
Result: NOTE
     installed size is 5.6Mb
     sub-directories of 1Mb or more:
     data 4.3Mb
Flavors: r-devel-linux-x86_64-fedora-clang, r-devel-windows-x86_64, r-release-macos-arm64, r-release-macos-x86_64, r-release-windows-x86_64, r-oldrel-macos-arm64, r-oldrel-macos-x86_64, r-oldrel-windows-ix86+x86_64