CRAN Package Check Results for Package fastadi

Last updated on 2024-02-21 11:56:23 CET.

Flavor Version Tinstall Tcheck Ttotal Status Flags
r-devel-linux-x86_64-debian-clang 0.1.1 NOTE
r-devel-linux-x86_64-debian-gcc 0.1.1 83.23 138.86 222.09 NOTE
r-devel-linux-x86_64-fedora-clang 0.1.1 383.16 NOTE
r-devel-linux-x86_64-fedora-gcc 0.1.1 373.14 NOTE
r-devel-windows-x86_64 0.1.1 89.00 147.00 236.00 NOTE
r-patched-linux-x86_64 0.1.1 105.22 175.45 280.67 NOTE
r-release-linux-x86_64 0.1.1 102.27 173.62 275.89 NOTE
r-release-macos-arm64 0.1.1 116.00 NOTE
r-release-macos-x86_64 0.1.1 183.00 NOTE
r-release-windows-x86_64 0.1.1 111.00 191.00 302.00 NOTE
r-oldrel-macos-arm64 0.1.1 94.00 OK
r-oldrel-windows-x86_64 0.1.1 112.00 189.00 301.00 OK

Check Details

Version: 0.1.1
Check: C++ specification
Result: NOTE Specified C++11: please drop specification unless essential Flavors: r-devel-linux-x86_64-debian-clang, r-devel-linux-x86_64-debian-gcc, r-devel-linux-x86_64-fedora-clang, r-devel-linux-x86_64-fedora-gcc, r-devel-windows-x86_64, r-patched-linux-x86_64, r-release-linux-x86_64, r-release-macos-arm64, r-release-macos-x86_64, r-release-windows-x86_64