CRAN Package Check Results for Package fastclime

Last updated on 2018-02-21 18:47:56 CET.

Flavor Version Tinstall Tcheck Ttotal Status Flags
r-devel-linux-x86_64-debian-clang 1.4.1 8.10 69.42 77.52 NOTE
r-devel-linux-x86_64-debian-gcc 1.4.1 6.89 56.64 63.53 NOTE
r-devel-linux-x86_64-fedora-clang 1.4.1 93.68 NOTE
r-devel-linux-x86_64-fedora-gcc 1.4.1 90.17 NOTE
r-devel-windows-ix86+x86_64 1.4.1 19.00 107.00 126.00 OK
r-patched-linux-x86_64 1.4.1 7.83 69.47 77.30 NOTE
r-patched-solaris-x86 1.4.1 164.00 OK
r-release-linux-x86_64 1.4.1 7.82 69.43 77.25 NOTE
r-release-windows-ix86+x86_64 1.4.1 24.00 144.00 168.00 OK
r-release-osx-x86_64 1.4.1 OK
r-oldrel-windows-ix86+x86_64 1.4.1 19.00 142.00 161.00 OK
r-oldrel-osx-x86_64 1.4.1 OK

Check Details

Version: 1.4.1
Check: compiled code
Result: NOTE
    File ‘fastclime/libs/fastclime.so’:
     Found no calls to: ‘R_registerRoutines’, ‘R_useDynamicSymbols’
    
    It is good practice to register native routines and to disable symbol
    search.
    
    See ‘Writing portable packages’ in the ‘Writing R Extensions’ manual.
Flavors: r-devel-linux-x86_64-debian-clang, r-devel-linux-x86_64-debian-gcc, r-devel-linux-x86_64-fedora-clang, r-devel-linux-x86_64-fedora-gcc, r-patched-linux-x86_64, r-release-linux-x86_64