CRAN Package Check Results for Package fastclime

Last updated on 2018-08-15 18:47:54 CEST.

Flavor Version Tinstall Tcheck Ttotal Status Flags
r-devel-linux-x86_64-debian-clang 1.4.1 7.79 79.59 87.38 NOTE
r-devel-linux-x86_64-debian-gcc 1.4.1 7.38 65.53 72.91 NOTE
r-devel-linux-x86_64-fedora-clang 1.4.1 103.78 NOTE
r-devel-linux-x86_64-fedora-gcc 1.4.1 101.94 NOTE
r-devel-windows-ix86+x86_64 1.4.1 20.00 118.00 138.00 OK
r-patched-linux-x86_64 1.4.1 7.98 69.33 77.31 NOTE
r-patched-solaris-x86 1.4.1 151.70 OK
r-release-linux-x86_64 1.4.1 8.07 69.90 77.97 NOTE
r-release-windows-ix86+x86_64 1.4.1 24.00 124.00 148.00 OK
r-release-osx-x86_64 1.4.1 OK
r-oldrel-windows-ix86+x86_64 1.4.1 29.00 110.00 139.00 OK
r-oldrel-osx-x86_64 1.4.1 OK

Check Details

Version: 1.4.1
Check: compiled code
Result: NOTE
    File ‘fastclime/libs/fastclime.so’:
     Found no calls to: ‘R_registerRoutines’, ‘R_useDynamicSymbols’
    
    It is good practice to register native routines and to disable symbol
    search.
    
    See ‘Writing portable packages’ in the ‘Writing R Extensions’ manual.
Flavors: r-devel-linux-x86_64-debian-clang, r-devel-linux-x86_64-debian-gcc, r-devel-linux-x86_64-fedora-clang, r-devel-linux-x86_64-fedora-gcc, r-patched-linux-x86_64, r-release-linux-x86_64