CRAN Package Check Results for Package fastclime

Last updated on 2018-10-19 12:46:19 CEST.

Flavor Version Tinstall Tcheck Ttotal Status Flags
r-devel-linux-x86_64-debian-clang 1.4.1 9.41 81.58 90.99 OK
r-devel-linux-x86_64-debian-gcc 1.4.1 7.54 66.06 73.60 OK
r-devel-linux-x86_64-fedora-clang 1.4.1 105.08 NOTE
r-devel-linux-x86_64-fedora-gcc 1.4.1 103.66 NOTE
r-devel-windows-ix86+x86_64 1.4.1 25.00 165.00 190.00 OK
r-patched-linux-x86_64 1.4.1 7.71 69.73 77.44 OK
r-patched-solaris-x86 1.4.1 148.40 OK
r-release-linux-x86_64 1.4.1 8.00 69.80 77.80 OK
r-release-windows-ix86+x86_64 1.4.1 30.00 151.00 181.00 OK
r-release-osx-x86_64 1.4.1 OK
r-oldrel-windows-ix86+x86_64 1.4.1 18.00 142.00 160.00 OK
r-oldrel-osx-x86_64 1.4.1 OK

Check Details

Version: 1.4.1
Check: compiled code
Result: NOTE
    File ‘fastclime/libs/fastclime.so’:
     Found no calls to: ‘R_registerRoutines’, ‘R_useDynamicSymbols’
    
    It is good practice to register native routines and to disable symbol
    search.
    
    See ‘Writing portable packages’ in the ‘Writing R Extensions’ manual.
Flavors: r-devel-linux-x86_64-fedora-clang, r-devel-linux-x86_64-fedora-gcc