CRAN Package Check Results for Package fastclime

Last updated on 2018-05-26 06:48:01 CEST.

Flavor Version Tinstall Tcheck Ttotal Status Flags
r-devel-linux-x86_64-debian-clang 1.4.1 9.29 78.72 88.01 NOTE
r-devel-linux-x86_64-debian-gcc 1.4.1 7.84 63.73 71.57 NOTE
r-devel-linux-x86_64-fedora-clang 1.4.1 106.24 NOTE
r-devel-linux-x86_64-fedora-gcc 1.4.1 113.23 NOTE
r-devel-windows-ix86+x86_64 1.4.1 21.00 136.00 157.00 OK
r-patched-linux-x86_64 1.4.1 7.91 68.87 76.78 NOTE
r-patched-solaris-x86 1.4.1 149.90 OK
r-release-linux-x86_64 1.4.1 7.14 69.89 77.03 NOTE
r-release-windows-ix86+x86_64 1.4.1 26.00 111.00 137.00 OK
r-release-osx-x86_64 1.4.1 OK
r-oldrel-windows-ix86+x86_64 1.4.1 29.00 116.00 145.00 OK
r-oldrel-osx-x86_64 1.4.1 OK

Check Details

Version: 1.4.1
Check: compiled code
Result: NOTE
    File ‘fastclime/libs/fastclime.so’:
     Found no calls to: ‘R_registerRoutines’, ‘R_useDynamicSymbols’
    
    It is good practice to register native routines and to disable symbol
    search.
    
    See ‘Writing portable packages’ in the ‘Writing R Extensions’ manual.
Flavors: r-devel-linux-x86_64-debian-clang, r-devel-linux-x86_64-debian-gcc, r-devel-linux-x86_64-fedora-clang, r-devel-linux-x86_64-fedora-gcc, r-patched-linux-x86_64, r-release-linux-x86_64