CRAN Package Check Results for Package fastcmprsk

Last updated on 2022-08-10 07:51:41 CEST.

Flavor Version Tinstall Tcheck Ttotal Status Flags
r-devel-linux-x86_64-debian-clang 1.1.1 8.27 72.02 80.29 NOTE
r-devel-linux-x86_64-debian-gcc 1.1.1 9.12 53.88 63.00 NOTE
r-devel-linux-x86_64-fedora-clang 1.1.1 112.21 NOTE
r-devel-linux-x86_64-fedora-gcc 1.1.1 107.67 NOTE
r-devel-windows-x86_64 1.1.1 27.00 95.00 122.00 NOTE
r-patched-linux-x86_64 1.1.1 9.52 68.24 77.76 NOTE
r-release-linux-x86_64 1.1.1 NOTE
r-release-macos-arm64 1.1.1 32.00 NOTE
r-release-macos-x86_64 1.1.1 47.00 NOTE
r-release-windows-x86_64 1.1.1 27.00 98.00 125.00 NOTE
r-oldrel-macos-arm64 1.1.1 41.00 NOTE
r-oldrel-macos-x86_64 1.1.1 60.00 NOTE
r-oldrel-windows-ix86+x86_64 1.1.1 29.00 112.00 141.00 NOTE

Additional issues

rchk

Check Details

Version: 1.1.1
Check: package dependencies
Result: NOTE
    Package suggested but not available for checking: 'crrp'
Flavors: r-devel-linux-x86_64-debian-clang, r-devel-linux-x86_64-debian-gcc, r-devel-linux-x86_64-fedora-clang, r-devel-linux-x86_64-fedora-gcc, r-patched-linux-x86_64, r-release-linux-x86_64

Version: 1.1.1
Check: LazyData
Result: NOTE
     'LazyData' is specified without a 'data' directory
Flavors: r-devel-linux-x86_64-debian-clang, r-devel-linux-x86_64-debian-gcc, r-devel-linux-x86_64-fedora-clang, r-devel-linux-x86_64-fedora-gcc, r-devel-windows-x86_64, r-patched-linux-x86_64, r-release-linux-x86_64, r-release-macos-arm64, r-release-macos-x86_64, r-release-windows-x86_64, r-oldrel-macos-arm64, r-oldrel-macos-x86_64, r-oldrel-windows-ix86+x86_64