CRAN Package Check Results for Package fastcpd

Last updated on 2024-02-22 06:51:39 CET.

Flavor Version Tinstall Tcheck Ttotal Status Flags
r-devel-linux-x86_64-debian-clang 0.10.3 OK
r-devel-linux-x86_64-debian-gcc 0.10.3 127.12 874.07 1001.19 OK
r-devel-linux-x86_64-fedora-clang 0.10.3 1453.33 NOTE
r-devel-linux-x86_64-fedora-gcc 0.10.3 1497.26 OK
r-devel-windows-x86_64 0.10.3 113.00 805.00 918.00 NOTE
r-patched-linux-x86_64 0.10.3 122.99 1187.16 1310.15 OK
r-release-linux-x86_64 0.10.3 111.27 1212.70 1323.97 OK
r-release-macos-arm64 0.10.3 366.00 NOTE
r-release-macos-x86_64 0.10.3 821.00 NOTE
r-release-windows-x86_64 0.10.3 147.00 926.00 1073.00 NOTE
r-oldrel-macos-arm64 0.10.3 396.00 NOTE
r-oldrel-windows-x86_64 0.10.3 139.00 950.00 1089.00 NOTE

Check Details

Version: 0.10.3
Check: installed package size
Result: NOTE installed size is 5.4Mb sub-directories of 1Mb or more: doc 1.1Mb help 1.8Mb libs 1.4Mb Flavors: r-devel-linux-x86_64-fedora-clang, r-devel-windows-x86_64, r-release-macos-arm64, r-release-macos-x86_64, r-release-windows-x86_64, r-oldrel-macos-arm64, r-oldrel-windows-x86_64