CRAN Package Check Results for Package fastkqr

Last updated on 2024-07-22 15:57:21 CEST.

Flavor Version Tinstall Tcheck Ttotal Status Flags
r-devel-linux-x86_64-debian-clang 1.0.0 9.41 124.42 133.83 OK
r-devel-linux-x86_64-debian-gcc 1.0.0 6.03 73.81 79.84 OK
r-devel-linux-x86_64-fedora-clang 1.0.0 153.57 NOTE
r-devel-linux-x86_64-fedora-gcc 1.0.0 153.11 NOTE
r-devel-windows-x86_64 1.0.0 14.00 133.00 147.00 OK
r-patched-linux-x86_64 1.0.0 8.58 99.78 108.36 OK
r-release-linux-x86_64 1.0.0 9.46 102.03 111.49 OK
r-release-macos-arm64 1.0.0 67.00 OK
r-release-macos-x86_64 1.0.0 83.00 OK
r-release-windows-x86_64 1.0.0 12.00 84.00 96.00 OK
r-oldrel-macos-arm64 1.0.0 66.00 OK
r-oldrel-macos-x86_64 1.0.0 172.00 OK
r-oldrel-windows-x86_64 1.0.0 11.00 109.00 120.00 OK

Check Details

Version: 1.0.0
Check: dependencies in R code
Result: NOTE Namespaces in Imports field not imported from: ‘MASS’ ‘grDevices’ ‘utils’ All declared Imports should be used. Flavors: r-devel-linux-x86_64-fedora-clang, r-devel-linux-x86_64-fedora-gcc