CRAN Package Check Results for Package fastmit

Last updated on 2022-05-27 22:51:55 CEST.

Flavor Version Tinstall Tcheck Ttotal Status Flags
r-devel-linux-x86_64-debian-clang 0.1.1 73.70 38.33 112.03 NOTE
r-devel-linux-x86_64-debian-gcc 0.1.1 62.93 30.15 93.08 NOTE
r-devel-linux-x86_64-fedora-clang 0.1.1 166.03 NOTE
r-devel-linux-x86_64-fedora-gcc 0.1.1 148.70 NOTE
r-devel-windows-x86_64 0.1.1 39.00 75.00 114.00 NOTE
r-patched-linux-x86_64 0.1.1 62.72 38.19 100.91 NOTE
r-release-linux-x86_64 0.1.1 65.42 38.51 103.93 NOTE
r-release-macos-arm64 0.1.1 36.00 NOTE
r-release-macos-x86_64 0.1.1 49.00 NOTE
r-release-windows-x86_64 0.1.1 41.00 76.00 117.00 NOTE
r-oldrel-macos-arm64 0.1.1 38.00 NOTE
r-oldrel-macos-x86_64 0.1.1 63.00 NOTE
r-oldrel-windows-ix86+x86_64 0.1.1 102.00 72.00 174.00 NOTE

Check Details

Version: 0.1.1
Check: LazyData
Result: NOTE
     'LazyData' is specified without a 'data' directory
Flavors: r-devel-linux-x86_64-debian-clang, r-devel-linux-x86_64-debian-gcc, r-devel-linux-x86_64-fedora-clang, r-devel-linux-x86_64-fedora-gcc, r-devel-windows-x86_64, r-patched-linux-x86_64, r-release-linux-x86_64, r-release-macos-arm64, r-release-macos-x86_64, r-release-windows-x86_64, r-oldrel-macos-arm64, r-oldrel-macos-x86_64, r-oldrel-windows-ix86+x86_64