CRAN Package Check Results for Package fastnet

Last updated on 2019-01-23 08:49:03 CET.

Flavor Version Tinstall Tcheck Ttotal Status Flags
r-devel-linux-x86_64-debian-clang 0.1.6 3.69 31.09 34.78 OK
r-devel-linux-x86_64-debian-gcc 0.1.6 2.80 24.24 27.04 OK
r-devel-linux-x86_64-fedora-clang 0.1.6 40.98 OK
r-devel-linux-x86_64-fedora-gcc 0.1.6 37.44 OK
r-devel-windows-ix86+x86_64 0.1.6 8.00 61.00 69.00 OK
r-patched-linux-x86_64 0.1.6 3.51 28.46 31.97 OK
r-patched-solaris-x86 0.1.6 61.40 OK
r-release-linux-x86_64 0.1.6 2.64 28.05 30.69 OK
r-release-windows-ix86+x86_64 0.1.6 6.00 59.00 65.00 OK
r-release-osx-x86_64 0.1.6 OK
r-oldrel-windows-ix86+x86_64 0.1.5 6.00 61.00 67.00 OK
r-oldrel-osx-x86_64 0.1.6 ERROR

Check Details

Version: 0.1.6
Check: whether package can be installed
Result: ERROR
    Installation failed.
Flavor: r-oldrel-osx-x86_64