CRAN Package Check Results for Package fastnet

Last updated on 2018-10-17 08:48:14 CEST.

Flavor Version Tinstall Tcheck Ttotal Status Flags
r-devel-linux-x86_64-debian-clang 0.1.6 3.13 30.66 33.79 OK
r-devel-linux-x86_64-debian-gcc 0.1.6 2.43 24.55 26.98 OK
r-devel-linux-x86_64-fedora-clang 0.1.6 39.80 OK
r-devel-linux-x86_64-fedora-gcc 0.1.6 38.19 OK
r-devel-windows-ix86+x86_64 0.1.6 11.00 58.00 69.00 OK
r-patched-linux-x86_64 0.1.6 2.99 28.31 31.30 OK
r-patched-solaris-x86 0.1.6 54.30 OK
r-release-linux-x86_64 0.1.6 3.45 28.47 31.92 OK
r-release-windows-ix86+x86_64 0.1.6 9.00 56.00 65.00 OK
r-release-osx-x86_64 0.1.6 OK
r-oldrel-windows-ix86+x86_64 0.1.5 6.00 61.00 67.00 OK
r-oldrel-osx-x86_64 0.1.6 ERROR

Check Details

Version: 0.1.6
Check: whether package can be installed
Result: ERROR
    Installation failed.
Flavor: r-oldrel-osx-x86_64