Last updated on 2022-05-28 22:55:08 CEST.
Flavor | Version | Tinstall | Tcheck | Ttotal | Status | Flags |
---|---|---|---|---|---|---|
r-devel-linux-x86_64-debian-clang | 0.1.2 | 16.48 | 39.78 | 56.26 | WARN | |
r-devel-linux-x86_64-debian-gcc | 0.1.2 | 15.26 | 30.60 | 45.86 | OK | |
r-devel-linux-x86_64-fedora-clang | 0.1.2 | 79.84 | WARN | |||
r-devel-linux-x86_64-fedora-gcc | 0.1.2 | 73.35 | OK | |||
r-devel-windows-x86_64 | 0.1.2 | 21.00 | 72.00 | 93.00 | OK | |
r-patched-linux-x86_64 | 0.1.2 | 16.94 | 38.64 | 55.58 | OK | |
r-release-linux-x86_64 | 0.1.2 | 16.13 | 38.36 | 54.49 | OK | |
r-release-macos-arm64 | 0.1.2 | 22.00 | OK | |||
r-release-macos-x86_64 | 0.1.2 | 33.00 | OK | |||
r-release-windows-x86_64 | 0.1.2 | 22.00 | 77.00 | 99.00 | OK | |
r-oldrel-macos-arm64 | 0.1.2 | 25.00 | OK | |||
r-oldrel-macos-x86_64 | 0.1.2 | 33.00 | OK | |||
r-oldrel-windows-ix86+x86_64 | 0.1.2 | 51.00 | 79.00 | 130.00 | OK |
Version: 0.1.2
Check: whether package can be installed
Result: WARN
Found the following significant warnings:
code.cpp:64:9: warning: use of bitwise '&' with boolean operands [-Wbitwise-instead-of-logical]
Flavors: r-devel-linux-x86_64-debian-clang, r-devel-linux-x86_64-fedora-clang