CRAN Package Check Results for Package fastrtext

Last updated on 2018-08-21 20:46:26 CEST.

Flavor Version Tinstall Tcheck Ttotal Status Flags
r-devel-linux-x86_64-debian-clang 0.2.5 88.72 250.52 339.24 OK
r-devel-linux-x86_64-debian-gcc 0.2.5 77.24 262.41 339.65 OK
r-devel-linux-x86_64-fedora-clang 0.2.5 399.82 OK
r-devel-linux-x86_64-fedora-gcc 0.2.5 513.21 OK
r-devel-windows-ix86+x86_64 0.2.5 249.00 745.00 994.00 OK
r-patched-linux-x86_64 0.2.5 100.35 310.44 410.79 OK
r-patched-solaris-x86 0.2.5 650.20 OK
r-release-linux-x86_64 0.2.5 94.91 307.49 402.40 OK
r-release-windows-ix86+x86_64 0.2.5 242.00 610.00 852.00 OK
r-release-osx-x86_64 0.2.5 NOTE
r-oldrel-windows-ix86+x86_64 0.2.5 195.00 745.00 940.00 OK
r-oldrel-osx-x86_64 0.2.5 NOTE

Check Details

Version: 0.2.5
Check: installed package size
Result: NOTE
     installed size is 7.1Mb
     sub-directories of 1Mb or more:
     extdata 2.0Mb
     libs 4.9Mb
Flavors: r-release-osx-x86_64, r-oldrel-osx-x86_64