CRAN Package Check Results for Package fastrtext

Last updated on 2018-05-21 00:50:00 CEST.

Flavor Version Tinstall Tcheck Ttotal Status Flags
r-devel-linux-x86_64-debian-clang 0.2.5 88.60 225.12 313.72 OK
r-devel-linux-x86_64-debian-gcc 0.2.5 69.58 251.99 321.57 OK
r-devel-linux-x86_64-fedora-clang 0.2.5 419.50 OK
r-devel-linux-x86_64-fedora-gcc 0.2.5 518.93 OK
r-devel-windows-ix86+x86_64 0.2.5 252.00 605.00 857.00 OK
r-patched-linux-x86_64 0.2.5 85.86 308.23 394.09 OK
r-patched-solaris-x86 0.2.5 645.90 OK
r-release-linux-x86_64 0.2.5 88.30 310.69 398.99 OK
r-release-windows-ix86+x86_64 0.2.5 174.00 614.00 788.00 OK
r-release-osx-x86_64 0.2.5 NOTE
r-oldrel-windows-ix86+x86_64 0.2.5 188.00 658.00 846.00 OK
r-oldrel-osx-x86_64 0.2.5 NOTE

Check Details

Version: 0.2.5
Check: installed package size
Result: NOTE
     installed size is 7.1Mb
     sub-directories of 1Mb or more:
     extdata 2.0Mb
     libs 4.9Mb
Flavors: r-release-osx-x86_64, r-oldrel-osx-x86_64