CRAN Package Check Results for Package fastrtext

Last updated on 2018-02-19 04:47:55 CET.

Flavor Version Tinstall Tcheck Ttotal Status Flags
r-devel-linux-x86_64-debian-clang 0.2.5 92.52 228.10 320.62 OK
r-devel-linux-x86_64-debian-gcc 0.2.5 68.12 247.05 315.17 OK
r-devel-linux-x86_64-fedora-clang 0.2.5 414.48 OK
r-devel-linux-x86_64-fedora-gcc 0.2.5 497.45 OK
r-devel-windows-ix86+x86_64 0.2.5 185.00 579.00 764.00 OK
r-patched-linux-x86_64 0.2.5 85.15 315.90 401.05 OK
r-patched-solaris-x86 0.2.5 653.70 OK
r-release-linux-x86_64 0.2.5 84.89 313.17 398.06 OK
r-release-windows-ix86+x86_64 0.2.5 239.00 705.00 944.00 OK
r-release-osx-x86_64 0.2.5 NOTE
r-oldrel-windows-ix86+x86_64 0.2.5 182.00 716.00 898.00 OK
r-oldrel-osx-x86_64 0.2.5 NOTE

Check Details

Version: 0.2.5
Check: installed package size
Result: NOTE
     installed size is 6.9Mb
     sub-directories of 1Mb or more:
     extdata 2.0Mb
     libs 4.6Mb
Flavors: r-release-osx-x86_64, r-oldrel-osx-x86_64