CRAN Package Check Results for Package fastrtext

Last updated on 2019-02-20 13:46:25 CET.

Flavor Version Tinstall Tcheck Ttotal Status Flags
r-devel-linux-x86_64-debian-clang 0.2.6 89.95 249.17 339.12 OK
r-devel-linux-x86_64-debian-gcc 0.2.6 69.83 259.67 329.50 OK
r-devel-linux-x86_64-fedora-clang 0.2.6 408.67 OK
r-devel-linux-x86_64-fedora-gcc 0.2.6 497.35 OK
r-devel-windows-ix86+x86_64 0.2.6 253.00 780.00 1033.00 OK
r-patched-linux-x86_64 0.2.6 OK
r-patched-solaris-x86 0.2.6 659.80 OK
r-release-linux-x86_64 0.2.6 OK
r-release-windows-ix86+x86_64 0.2.6 178.00 754.00 932.00 OK
r-release-osx-x86_64 0.2.6 NOTE
r-oldrel-windows-ix86+x86_64 0.2.6 193.00 684.00 877.00 OK
r-oldrel-osx-x86_64 0.2.6 NOTE

Check Details

Version: 0.2.6
Check: installed package size
Result: NOTE
     installed size is 7.2Mb
     sub-directories of 1Mb or more:
     extdata 2.0Mb
     libs 4.9Mb
Flavors: r-release-osx-x86_64, r-oldrel-osx-x86_64