CRAN Package Check Results for Package fastrtext

Last updated on 2018-11-20 13:46:22 CET.

Flavor Version Tinstall Tcheck Ttotal Status Flags
r-devel-linux-x86_64-debian-clang 0.2.5 90.93 243.36 334.29 OK
r-devel-linux-x86_64-debian-gcc 0.2.5 76.75 254.13 330.88 WARN
r-devel-linux-x86_64-fedora-clang 0.2.5 400.97 OK
r-devel-linux-x86_64-fedora-gcc 0.2.5 493.08 WARN
r-devel-windows-ix86+x86_64 0.2.5 248.00 616.00 864.00 OK
r-patched-linux-x86_64 0.2.5 95.56 308.95 404.51 OK
r-patched-solaris-x86 0.2.5 658.00 OK
r-release-linux-x86_64 0.2.5 96.23 311.61 407.84 OK
r-release-windows-ix86+x86_64 0.2.5 191.00 729.00 920.00 OK
r-release-osx-x86_64 0.2.5 NOTE
r-oldrel-windows-ix86+x86_64 0.2.5 271.00 669.00 940.00 OK
r-oldrel-osx-x86_64 0.2.5 NOTE

Check Details

Version: 0.2.5
Check: whether package can be installed
Result: WARN
    Found the following significant warnings:
     fasttext/args.cc:174:19: warning: catching polymorphic type ‘class std::out_of_range’ by value [-Wcatch-value=]
Flavors: r-devel-linux-x86_64-debian-gcc, r-devel-linux-x86_64-fedora-gcc

Version: 0.2.5
Check: installed package size
Result: NOTE
     installed size is 7.1Mb
     sub-directories of 1Mb or more:
     extdata 2.0Mb
     libs 4.9Mb
Flavors: r-release-osx-x86_64, r-oldrel-osx-x86_64