CRAN Package Check Results for Package fcuk

Last updated on 2022-12-08 22:59:48 CET.

Flavor Version Tinstall Tcheck Ttotal Status Flags
r-devel-linux-x86_64-debian-clang 0.1.21 3.85 43.35 47.20 NOTE
r-devel-linux-x86_64-debian-gcc 0.1.21 3.54 32.90 36.44 NOTE
r-devel-linux-x86_64-fedora-clang 0.1.21 69.80 NOTE
r-devel-linux-x86_64-fedora-gcc 0.1.21 100.88 NOTE
r-devel-windows-x86_64 0.1.21 10.00 72.00 82.00 NOTE
r-patched-linux-x86_64 0.1.21 3.31 41.04 44.35 NOTE
r-release-linux-x86_64 0.1.21 3.61 51.25 54.86 NOTE
r-release-macos-arm64 0.1.21 29.00 NOTE
r-release-macos-x86_64 0.1.21 44.00 NOTE
r-release-windows-x86_64 0.1.21 10.00 101.00 111.00 NOTE
r-oldrel-macos-arm64 0.1.21 32.00 NOTE
r-oldrel-macos-x86_64 0.1.21 50.00 NOTE
r-oldrel-windows-ix86+x86_64 0.1.21 10.00 67.00 77.00 NOTE

Check Details

Version: 0.1.21
Check: LazyData
Result: NOTE
     'LazyData' is specified without a 'data' directory
Flavors: r-devel-linux-x86_64-debian-clang, r-devel-linux-x86_64-debian-gcc, r-devel-linux-x86_64-fedora-clang, r-devel-linux-x86_64-fedora-gcc, r-devel-windows-x86_64, r-patched-linux-x86_64, r-release-linux-x86_64, r-release-macos-arm64, r-release-macos-x86_64, r-release-windows-x86_64, r-oldrel-macos-arm64, r-oldrel-macos-x86_64, r-oldrel-windows-ix86+x86_64

Version: 0.1.21
Check: for non-standard things in the check directory
Result: NOTE
    Found the following files/directories:
     '.Rprofile'
Flavors: r-devel-linux-x86_64-debian-clang, r-devel-linux-x86_64-debian-gcc, r-devel-linux-x86_64-fedora-clang, r-devel-linux-x86_64-fedora-gcc, r-patched-linux-x86_64, r-release-linux-x86_64