CRAN Package Check Results for Package fda.usc

Last updated on 2018-01-19 16:49:44 CET.

Flavor Version Tinstall Tcheck Ttotal Status Flags
r-devel-linux-x86_64-debian-clang 1.3.0 6.36 198.98 205.34 NOTE
r-devel-linux-x86_64-debian-gcc 1.3.0 5.07 149.47 154.54 NOTE
r-devel-linux-x86_64-fedora-clang 1.3.0 231.90 NOTE
r-devel-linux-x86_64-fedora-gcc 1.3.0 224.18 NOTE
r-devel-windows-ix86+x86_64 1.3.0 24.00 230.00 254.00 OK
r-patched-linux-x86_64 1.3.0 6.38 204.48 210.86 NOTE
r-patched-solaris-x86 1.3.0 304.20 NOTE
r-release-linux-x86_64 1.3.0 6.53 202.75 209.28 NOTE
r-release-windows-ix86+x86_64 1.3.0 15.00 220.00 235.00 OK
r-release-osx-x86_64 1.3.0 NOTE
r-oldrel-windows-ix86+x86_64 1.3.0 20.00 213.00 233.00 OK
r-oldrel-osx-x86_64 1.3.0 NOTE

Check Details

Version: 1.3.0
Check: compiled code
Result: NOTE
    File ‘fda.usc/libs/fda.usc.so’:
     Found no calls to: ‘R_registerRoutines’, ‘R_useDynamicSymbols’
    
    It is good practice to register native routines and to disable symbol
    search.
    
    See ‘Writing portable packages’ in the ‘Writing R Extensions’ manual.
Flavors: r-devel-linux-x86_64-debian-clang, r-devel-linux-x86_64-debian-gcc, r-devel-linux-x86_64-fedora-clang, r-devel-linux-x86_64-fedora-gcc, r-patched-linux-x86_64, r-release-linux-x86_64

Version: 1.3.0
Check: data for non-ASCII characters
Result: NOTE
     Note: found 76 marked UTF-8 strings
Flavors: r-devel-linux-x86_64-fedora-clang, r-devel-linux-x86_64-fedora-gcc, r-patched-solaris-x86, r-release-osx-x86_64, r-oldrel-osx-x86_64