CRAN Package Check Results for Package fda.usc

Last updated on 2018-07-21 02:47:32 CEST.

Flavor Version Tinstall Tcheck Ttotal Status Flags
r-devel-linux-x86_64-debian-clang 1.4.0 30.77 197.57 228.34 OK
r-devel-linux-x86_64-debian-gcc 1.4.0 24.23 150.59 174.82 OK
r-devel-linux-x86_64-fedora-clang 1.4.0 266.43 NOTE
r-devel-linux-x86_64-fedora-gcc 1.4.0 260.53 NOTE
r-devel-windows-ix86+x86_64 1.4.0 40.00 319.00 359.00 OK
r-patched-linux-x86_64 1.4.0 OK
r-patched-solaris-x86 1.4.0 337.80 NOTE
r-release-linux-x86_64 1.4.0 25.64 188.39 214.03 OK
r-release-windows-ix86+x86_64 1.4.0 57.00 281.00 338.00 OK
r-release-osx-x86_64 1.4.0 NOTE
r-oldrel-windows-ix86+x86_64 1.4.0 18.00 317.00 335.00 OK
r-oldrel-osx-x86_64 1.4.0 NOTE

Check Details

Version: 1.4.0
Check: data for non-ASCII characters
Result: NOTE
     Note: found 76 marked UTF-8 strings
Flavors: r-devel-linux-x86_64-fedora-clang, r-devel-linux-x86_64-fedora-gcc, r-patched-solaris-x86, r-release-osx-x86_64, r-oldrel-osx-x86_64