CRAN Package Check Results for Package fda.usc

Last updated on 2019-09-20 19:47:02 CEST.

Flavor Version Tinstall Tcheck Ttotal Status Flags
r-devel-linux-x86_64-debian-clang 1.5.0 36.48 201.76 238.24 OK
r-devel-linux-x86_64-debian-gcc 1.5.0 29.08 154.92 184.00 OK
r-devel-linux-x86_64-fedora-clang 1.5.0 284.57 NOTE
r-devel-linux-x86_64-fedora-gcc 1.5.0 281.37 NOTE
r-devel-windows-ix86+x86_64 1.5.0 69.00 271.00 340.00 OK
r-patched-linux-x86_64 1.5.0 30.38 200.38 230.76 OK
r-patched-solaris-x86 1.5.0 368.90 NOTE
r-release-linux-x86_64 1.5.0 35.51 202.41 237.92 OK
r-release-windows-ix86+x86_64 1.5.0 44.00 353.00 397.00 OK
r-release-osx-x86_64 1.5.0 NOTE
r-oldrel-windows-ix86+x86_64 1.5.0 44.00 235.00 279.00 OK
r-oldrel-osx-x86_64 1.5.0 NOTE

Check Details

Version: 1.5.0
Check: data for non-ASCII characters
Result: NOTE
     Note: found 76 marked UTF-8 strings
Flavors: r-devel-linux-x86_64-fedora-clang, r-devel-linux-x86_64-fedora-gcc, r-patched-solaris-x86, r-release-osx-x86_64, r-oldrel-osx-x86_64