CRAN Package Check Results for Package fda.usc

Last updated on 2019-01-16 15:48:31 CET.

Flavor Version Tinstall Tcheck Ttotal Status Flags
r-devel-linux-x86_64-debian-clang 1.4.0 31.86 202.01 233.87 OK
r-devel-linux-x86_64-debian-gcc 1.4.0 24.86 151.22 176.08 OK
r-devel-linux-x86_64-fedora-clang 1.4.0 269.31 NOTE
r-devel-linux-x86_64-fedora-gcc 1.4.0 251.64 NOTE
r-devel-windows-ix86+x86_64 1.4.0 48.00 220.00 268.00 OK
r-patched-linux-x86_64 1.4.0 26.93 184.63 211.56 OK
r-patched-solaris-x86 1.4.0 353.20 NOTE
r-release-linux-x86_64 1.4.0 30.53 186.69 217.22 OK
r-release-windows-ix86+x86_64 1.4.0 59.00 213.00 272.00 OK
r-release-osx-x86_64 1.4.0 NOTE
r-oldrel-windows-ix86+x86_64 1.4.0 24.00 337.00 361.00 OK
r-oldrel-osx-x86_64 1.4.0 NOTE

Check Details

Version: 1.4.0
Check: data for non-ASCII characters
Result: NOTE
     Note: found 76 marked UTF-8 strings
Flavors: r-devel-linux-x86_64-fedora-clang, r-devel-linux-x86_64-fedora-gcc, r-patched-solaris-x86, r-release-osx-x86_64, r-oldrel-osx-x86_64