CRAN Package Check Results for Package fda.usc

Last updated on 2018-10-24 05:49:42 CEST.

Flavor Version Tinstall Tcheck Ttotal Status Flags
r-devel-linux-x86_64-debian-clang 1.4.0 25.98 198.49 224.47 OK
r-devel-linux-x86_64-debian-gcc 1.4.0 25.75 152.55 178.30 OK
r-devel-linux-x86_64-fedora-clang 1.4.0 269.21 NOTE
r-devel-linux-x86_64-fedora-gcc 1.4.0 264.62 NOTE
r-devel-windows-ix86+x86_64 1.4.0 65.00 306.00 371.00 OK
r-patched-linux-x86_64 1.4.0 27.48 184.61 212.09 OK
r-patched-solaris-x86 1.4.0 334.30 NOTE
r-release-linux-x86_64 1.4.0 30.56 186.45 217.01 OK
r-release-windows-ix86+x86_64 1.4.0 56.00 230.00 286.00 OK
r-release-osx-x86_64 1.4.0 NOTE
r-oldrel-windows-ix86+x86_64 1.4.0 17.00 325.00 342.00 OK
r-oldrel-osx-x86_64 1.4.0 NOTE

Check Details

Version: 1.4.0
Check: data for non-ASCII characters
Result: NOTE
     Note: found 76 marked UTF-8 strings
Flavors: r-devel-linux-x86_64-fedora-clang, r-devel-linux-x86_64-fedora-gcc, r-patched-solaris-x86, r-release-osx-x86_64, r-oldrel-osx-x86_64