CRAN Package Check Results for Package fdaPDE

Last updated on 2019-09-16 00:47:40 CEST.

Flavor Version Tinstall Tcheck Ttotal Status Flags
r-devel-linux-x86_64-debian-clang 0.1-4 74.70 62.97 137.67 WARN
r-devel-linux-x86_64-debian-gcc 0.1-4 68.68 49.12 117.80 OK
r-devel-linux-x86_64-fedora-clang 0.1-4 184.37 WARN
r-devel-linux-x86_64-fedora-gcc 0.1-4 194.09 NOTE
r-devel-windows-ix86+x86_64 0.1-4 188.00 241.00 429.00 OK
r-patched-linux-x86_64 0.1-4 75.13 65.77 140.90 OK
r-patched-solaris-x86 0.1-4 187.90 OK
r-release-linux-x86_64 0.1-4 82.99 66.42 149.41 OK
r-release-windows-ix86+x86_64 0.1-4 150.00 293.00 443.00 OK
r-release-osx-x86_64 0.1-4 WARN
r-oldrel-windows-ix86+x86_64 0.1-4 168.00 242.00 410.00 OK
r-oldrel-osx-x86_64 0.1-4 NOTE

Check Details

Version: 0.1-4
Check: whether package can be installed
Result: WARN
    Found the following significant warnings:
     clang: warning: -Z-reserved-lib-stdc++: 'linker' input unused [-Wunused-command-line-argument]
Flavor: r-devel-linux-x86_64-debian-clang

Version: 0.1-4
Check: whether package can be installed
Result: WARN
    Found the following significant warnings:
     clang-9: warning: -Z-reserved-lib-stdc++: 'linker' input unused [-Wunused-command-line-argument]
Flavor: r-devel-linux-x86_64-fedora-clang

Version: 0.1-4
Check: installed package size
Result: NOTE
     installed size is 22.7Mb
     sub-directories of 1Mb or more:
     libs 22.4Mb
Flavors: r-devel-linux-x86_64-fedora-clang, r-release-osx-x86_64, r-oldrel-osx-x86_64

Version: 0.1-4
Check: compiled code
Result: NOTE
    File ‘fdaPDE/libs/fdaPDE.so’:
     Found no calls to: ‘R_registerRoutines’, ‘R_useDynamicSymbols’
    
    It is good practice to register native routines and to disable symbol
    search.
    
    See ‘Writing portable packages’ in the ‘Writing R Extensions’ manual.
Flavors: r-devel-linux-x86_64-fedora-clang, r-devel-linux-x86_64-fedora-gcc

Version: 0.1-4
Check: whether package can be installed
Result: WARN
    Found the following significant warnings:
     Warning: 'rgl_init' failed, running with rgl.useNULL = TRUE
Flavor: r-release-osx-x86_64