CRAN Package Check Results for Package fdapace

Last updated on 2018-05-23 07:50:03 CEST.

Flavor Version Tinstall Tcheck Ttotal Status Flags
r-devel-linux-x86_64-debian-clang 0.4.0 253.15 149.11 402.26 OK
r-devel-linux-x86_64-debian-gcc 0.4.0 0.59 1.61 2.20 ERROR
r-devel-linux-x86_64-fedora-clang 0.4.0 543.11 NOTE
r-devel-linux-x86_64-fedora-gcc 0.4.0 535.49 NOTE
r-devel-windows-ix86+x86_64 0.4.0 392.00 286.00 678.00 NOTE
r-patched-linux-x86_64 0.4.0 255.55 142.31 397.86 OK
r-patched-solaris-x86 0.4.0 480.40 OK
r-release-linux-x86_64 0.4.0 250.32 142.40 392.72 OK
r-release-windows-ix86+x86_64 0.4.0 543.00 262.00 805.00 NOTE
r-release-osx-x86_64 0.4.0 NOTE
r-oldrel-windows-ix86+x86_64 0.4.0 499.00 314.00 813.00 OK
r-oldrel-osx-x86_64 0.4.0 NOTE

Check Details

Version: 0.4.0
Check: package dependencies
Result: ERROR
    Package required but not available: ‘Hmisc’
    
    Package suggested but not available for checking: ‘rgl’
    
    See section ‘The DESCRIPTION file’ in the ‘Writing R Extensions’
    manual.
Flavor: r-devel-linux-x86_64-debian-gcc

Version: 0.4.0
Check: installed package size
Result: NOTE
     installed size is 53.7Mb
     sub-directories of 1Mb or more:
     doc 2.4Mb
     libs 50.6Mb
Flavors: r-devel-linux-x86_64-fedora-clang, r-devel-linux-x86_64-fedora-gcc, r-devel-windows-ix86+x86_64, r-release-windows-ix86+x86_64, r-release-osx-x86_64, r-oldrel-osx-x86_64