CRAN Package Check Results for Package fdapace

Last updated on 2018-02-17 23:47:43 CET.

Flavor Version Tinstall Tcheck Ttotal Status Flags
r-devel-linux-x86_64-debian-clang 0.3.0 232.00 133.43 365.43 NOTE
r-devel-linux-x86_64-debian-gcc 0.3.0 191.96 107.04 299.00 NOTE
r-devel-linux-x86_64-fedora-clang 0.3.0 526.50 NOTE
r-devel-linux-x86_64-fedora-gcc 0.3.0 488.45 NOTE
r-devel-windows-ix86+x86_64 0.3.0 373.00 186.00 559.00 OK
r-patched-linux-x86_64 0.3.0 216.43 162.05 378.48 NOTE
r-patched-solaris-x86 0.3.0 483.30 OK
r-release-linux-x86_64 0.3.0 227.70 161.56 389.26 NOTE
r-release-windows-ix86+x86_64 0.3.0 500.00 307.00 807.00 OK
r-release-osx-x86_64 0.3.0 WARN
r-oldrel-windows-ix86+x86_64 0.3.0 371.00 244.00 615.00 ERROR
r-oldrel-osx-x86_64 0.3.0 NOTE

Check Details

Version: 0.3.0
Check: compiled code
Result: NOTE
    File ‘fdapace/libs/fdapace.so’:
     Found no calls to: ‘R_registerRoutines’, ‘R_useDynamicSymbols’
    
    It is good practice to register native routines and to disable symbol
    search.
    
    See ‘Writing portable packages’ in the ‘Writing R Extensions’ manual.
Flavors: r-devel-linux-x86_64-debian-clang, r-devel-linux-x86_64-debian-gcc, r-devel-linux-x86_64-fedora-clang, r-devel-linux-x86_64-fedora-gcc, r-patched-linux-x86_64, r-release-linux-x86_64

Version: 0.3.0
Check: installed package size
Result: NOTE
     installed size is 51.6Mb
     sub-directories of 1Mb or more:
     libs 50.6Mb
Flavors: r-devel-linux-x86_64-fedora-clang, r-devel-linux-x86_64-fedora-gcc, r-release-osx-x86_64, r-oldrel-osx-x86_64

Version: 0.3.0
Check: re-building of vignette outputs
Result: WARN
    Error in re-building vignettes:
     ...
    Warning: running command 'kpsewhich framed.sty' had status 1
    Warning in test_latex_pkg("framed", system.file("misc", "framed.sty", package = "knitr")) :
     unable to find LaTeX package 'framed'; will use a copy from knitr
    Warning in fitted.FPCA(FPCAsparse, derOptns = list(p = 1, kernelType = "epan")) :
     Potentially you use too many components to estimate derivatives.
     Consider using SelectK() to find a more informed estimate for 'K'.
    Error in texi2dvi(file = file, pdf = TRUE, clean = clean, quiet = quiet, :
     Running 'texi2dvi' on 'fdapaceVignetteKnitr.tex' failed.
    LaTeX errors:
    ! LaTeX Error: File `relsize.sty' not found.
    
    Type X to quit or <RETURN> to proceed,
    or enter new name. (Default extension: sty)
    
    ! Emergency stop.
    <read *>
    
    l.36 \RequirePackage
     [T1]{fontenc}^^M
    ! ==> Fatal error occurred, no output PDF file produced!
    Calls: buildVignettes -> texi2pdf -> texi2dvi
    Execution halted
Flavor: r-release-osx-x86_64

Version: 0.3.0
Check: running examples for arch ‘i386’
Result: ERROR
    Running examples in 'fdapace-Ex.R' failed
    The error most likely occurred in:
    
    > ### Name: CreateOutliersPlot
    > ### Title: Functional Principal Component or Functional Singular Value
    > ### Decomposition Scores Plot using 'bagplot' or 'KDE' methodology
    > ### Aliases: CreateOutliersPlot
    >
    > ### ** Examples
    >
    > set.seed(1)
    > n <- 420
    > pts <- seq(0, 1, by=0.05)
    > sampWiener <- Wiener(n, pts)
    > sampWiener <- Sparsify(sampWiener, pts, 10)
    > res <- FPCA(sampWiener$Ly, sampWiener$Lt,
    + list(dataType='Sparse', error=FALSE, kernel='epan', verbose=TRUE))
    Median of niis no more than 20! No binning is performed!
    
    At most 33 number of PC can be selected, thresholded by `maxK` = 20.
    
    > CreateOutliersPlot(res)
    Note: method with signature 'ANY#sparseMatrix' chosen for function 'kronecker',
     target signature 'dgeMatrix#dtTMatrix'.
     "Matrix#ANY" would also be valid
    Error in norm(Matrix(psi2r8.ns, nrow = 1) %*% (Matrix(vec(diag(d)), ncol = 1) %*% :
     argument type[1]='2' must be one of 'M','1','O','I','F' or 'E'
    Calls: CreateOutliersPlot ... matrix.sqrt -> <Anonymous> -> gdscalar -> norm -> norm
    Execution halted
Flavor: r-oldrel-windows-ix86+x86_64

Version: 0.3.0
Check: running examples for arch ‘x64’
Result: ERROR
    Running examples in 'fdapace-Ex.R' failed
    The error most likely occurred in:
    
    > ### Name: CreateOutliersPlot
    > ### Title: Functional Principal Component or Functional Singular Value
    > ### Decomposition Scores Plot using 'bagplot' or 'KDE' methodology
    > ### Aliases: CreateOutliersPlot
    >
    > ### ** Examples
    >
    > set.seed(1)
    > n <- 420
    > pts <- seq(0, 1, by=0.05)
    > sampWiener <- Wiener(n, pts)
    > sampWiener <- Sparsify(sampWiener, pts, 10)
    > res <- FPCA(sampWiener$Ly, sampWiener$Lt,
    + list(dataType='Sparse', error=FALSE, kernel='epan', verbose=TRUE))
    Median of niis no more than 20! No binning is performed!
    
    At most 33 number of PC can be selected, thresholded by `maxK` = 20.
    
    > CreateOutliersPlot(res)
    Note: method with signature 'ANY#sparseMatrix' chosen for function 'kronecker',
     target signature 'dgeMatrix#dtTMatrix'.
     "Matrix#ANY" would also be valid
    Error in norm(Matrix(psi2r8.ns, nrow = 1) %*% (Matrix(vec(diag(d)), ncol = 1) %*% :
     argument type[1]='2' must be one of 'M','1','O','I','F' or 'E'
    Calls: CreateOutliersPlot ... matrix.sqrt -> <Anonymous> -> gdscalar -> norm -> norm
    Execution halted
Flavor: r-oldrel-windows-ix86+x86_64