CRAN Package Check Results for Package fdapace

Last updated on 2018-11-14 18:47:49 CET.

Flavor Version Tinstall Tcheck Ttotal Status Flags
r-devel-linux-x86_64-debian-clang 0.4.0 280.17 158.88 439.05 OK
r-devel-linux-x86_64-debian-gcc 0.4.0 239.84 127.54 367.38 OK
r-devel-linux-x86_64-fedora-clang 0.4.0 598.54 NOTE
r-devel-linux-x86_64-fedora-gcc 0.4.0 557.13 OK
r-devel-windows-ix86+x86_64 0.4.0 387.00 218.00 605.00 NOTE
r-patched-linux-x86_64 0.4.0 299.80 146.53 446.33 OK
r-patched-solaris-x86 0.4.0 514.80 OK
r-release-linux-x86_64 0.4.0 302.02 147.07 449.09 OK
r-release-windows-ix86+x86_64 0.4.0 511.00 279.00 790.00 NOTE
r-release-osx-x86_64 0.4.0 NOTE
r-oldrel-windows-ix86+x86_64 0.4.0 521.00 254.00 775.00 OK
r-oldrel-osx-x86_64 0.4.0 NOTE

Check Details

Version: 0.4.0
Check: installed package size
Result: NOTE
     installed size is 55.2Mb
     sub-directories of 1Mb or more:
     doc 2.4Mb
     libs 52.1Mb
Flavors: r-devel-linux-x86_64-fedora-clang, r-devel-windows-ix86+x86_64, r-release-windows-ix86+x86_64, r-release-osx-x86_64, r-oldrel-osx-x86_64