CRAN Package Check Results for Package fdapace

Last updated on 2019-02-15 20:46:48 CET.

Flavor Version Tinstall Tcheck Ttotal Status Flags
r-devel-linux-x86_64-debian-clang 0.4.0 266.10 153.22 419.32 OK
r-devel-linux-x86_64-debian-gcc 0.4.0 225.06 118.51 343.57 OK
r-devel-linux-x86_64-fedora-clang 0.4.0 603.78 NOTE
r-devel-linux-x86_64-fedora-gcc 0.4.0 548.46 OK
r-devel-windows-ix86+x86_64 0.4.0 519.00 282.00 801.00 NOTE
r-patched-linux-x86_64 0.4.0 270.90 148.14 419.04 OK
r-patched-solaris-x86 0.4.0 524.40 OK
r-release-linux-x86_64 0.4.0 274.43 147.20 421.63 OK
r-release-windows-ix86+x86_64 0.4.0 399.00 199.00 598.00 NOTE
r-release-osx-x86_64 0.4.0 NOTE
r-oldrel-windows-ix86+x86_64 0.4.0 520.00 341.00 861.00 OK
r-oldrel-osx-x86_64 0.4.0 NOTE

Check Details

Version: 0.4.0
Check: installed package size
Result: NOTE
     installed size is 45.3Mb
     sub-directories of 1Mb or more:
     doc 2.4Mb
     libs 42.2Mb
Flavors: r-devel-linux-x86_64-fedora-clang, r-devel-windows-ix86+x86_64, r-release-windows-ix86+x86_64, r-release-osx-x86_64, r-oldrel-osx-x86_64