CRAN Package Check Results for Package fdcov

Last updated on 2019-02-21 07:48:34 CET.

Flavor Version Tinstall Tcheck Ttotal Status Flags
r-devel-linux-x86_64-debian-clang 1.1.0 2.47 628.05 630.52 WARN
r-devel-linux-x86_64-debian-gcc 1.1.0 1.77 571.46 573.23 OK
r-devel-linux-x86_64-fedora-clang 1.1.0 728.94 OK
r-devel-linux-x86_64-fedora-gcc 1.1.0 726.34 OK
r-devel-windows-ix86+x86_64 1.1.0 6.00 653.00 659.00 OK
r-patched-linux-x86_64 1.1.0 WARN
r-patched-solaris-x86 1.1.0 1463.20 OK
r-release-linux-x86_64 1.1.0 WARN
r-release-windows-ix86+x86_64 1.1.0 3.00 710.00 713.00 OK
r-release-osx-x86_64 1.1.0 OK
r-oldrel-windows-ix86+x86_64 1.1.0 3.00 46.00 49.00 OK
r-oldrel-osx-x86_64 1.1.0 OK

Check Details

Version: 1.1.0
Check: re-building of vignette outputs
Result: WARN
    Error(s) in re-building vignettes:
     ...
    --- re-building ‘vignette.Rmd’ using rmarkdown
    Warning in engine$weave(file, quiet = quiet, encoding = enc) :
     The vignette engine knitr::rmarkdown is not available, because the rmarkdown package is not installed. Please install it.
    Loading required package: rainbow
    Loading required package: MASS
    Loading required package: pcaPP
    Loading required package: RCurl
    Loading required package: bitops
    Killed
Flavor: r-devel-linux-x86_64-debian-clang

Version: 1.1.0
Check: re-building of vignette outputs
Result: WARN
    Error in re-building vignettes:
     ...
    Warning in engine$weave(file, quiet = quiet, encoding = enc) :
     The vignette engine knitr::rmarkdown is not available, because the rmarkdown package is not installed. Please install it.
    Loading required package: rainbow
    Loading required package: MASS
    Loading required package: pcaPP
    Loading required package: RCurl
    Loading required package: bitops
    Killed
Flavors: r-patched-linux-x86_64, r-release-linux-x86_64