CRAN Package Check Results for Package fdcov

Last updated on 2018-05-26 06:48:02 CEST.

Flavor Version Tinstall Tcheck Ttotal Status Flags
r-devel-linux-x86_64-debian-clang 1.1.0 2.54 623.32 625.86 WARN
r-devel-linux-x86_64-debian-gcc 1.1.0 1.61 532.24 533.85 OK
r-devel-linux-x86_64-fedora-clang 1.1.0 957.58 OK
r-devel-linux-x86_64-fedora-gcc 1.1.0 863.68 OK
r-devel-windows-ix86+x86_64 1.1.0 5.00 699.00 704.00 OK
r-patched-linux-x86_64 1.1.0 2.10 620.70 622.80 WARN
r-patched-solaris-x86 1.1.0 1467.60 OK
r-release-linux-x86_64 1.1.0 2.26 620.60 622.86 WARN
r-release-windows-ix86+x86_64 1.1.0 6.00 567.00 573.00 OK
r-release-osx-x86_64 1.1.0 OK
r-oldrel-windows-ix86+x86_64 1.1.0 5.00 43.00 48.00 OK
r-oldrel-osx-x86_64 1.1.0 OK

Check Details

Version: 1.1.0
Check: re-building of vignette outputs
Result: WARN
    Error in re-building vignettes:
     ...
    Warning in engine$weave(file, quiet = quiet, encoding = enc) :
     The vignette engine knitr::rmarkdown is not available, because the rmarkdown package is not installed. Please install it.
    Loading required package: rainbow
    Loading required package: MASS
    Loading required package: pcaPP
    Loading required package: RCurl
    Loading required package: bitops
    Killed
Flavors: r-devel-linux-x86_64-debian-clang, r-patched-linux-x86_64, r-release-linux-x86_64