CRAN Package Check Results for Package fdcov

Last updated on 2018-11-21 13:48:25 CET.

Flavor Version Tinstall Tcheck Ttotal Status Flags
r-devel-linux-x86_64-debian-clang 1.1.0 1.74 629.56 631.30 WARN
r-devel-linux-x86_64-debian-gcc 1.1.0 1.92 575.86 577.78 OK
r-devel-linux-x86_64-fedora-clang 1.1.0 962.55 OK
r-devel-linux-x86_64-fedora-gcc 1.1.0 874.58 OK
r-devel-windows-ix86+x86_64 1.1.0 5.00 701.00 706.00 OK
r-patched-linux-x86_64 1.1.0 1.61 626.18 627.79 WARN
r-patched-solaris-x86 1.1.0 1474.20 OK
r-release-linux-x86_64 1.1.0 1.71 626.05 627.76 WARN
r-release-windows-ix86+x86_64 1.1.0 4.00 702.00 706.00 OK
r-release-osx-x86_64 1.1.0 OK
r-oldrel-windows-ix86+x86_64 1.1.0 5.00 49.00 54.00 OK
r-oldrel-osx-x86_64 1.1.0 OK

Check Details

Version: 1.1.0
Check: re-building of vignette outputs
Result: WARN
    Error in re-building vignettes:
     ...
    Warning in engine$weave(file, quiet = quiet, encoding = enc) :
     The vignette engine knitr::rmarkdown is not available, because the rmarkdown package is not installed. Please install it.
    Loading required package: rainbow
    Loading required package: MASS
    Loading required package: pcaPP
    Loading required package: RCurl
    Loading required package: bitops
    Killed
Flavors: r-devel-linux-x86_64-debian-clang, r-patched-linux-x86_64, r-release-linux-x86_64