CRAN Package Check Results for Package fdcov

Last updated on 2018-08-20 11:48:39 CEST.

Flavor Version Tinstall Tcheck Ttotal Status Flags
r-devel-linux-x86_64-debian-clang 1.1.0 2.14 629.05 631.19 WARN
r-devel-linux-x86_64-debian-gcc 1.1.0 1.99 565.02 567.01 OK
r-devel-linux-x86_64-fedora-clang 1.1.0 958.11 OK
r-devel-linux-x86_64-fedora-gcc 1.1.0 864.32 OK
r-devel-windows-ix86+x86_64 1.1.0 6.00 711.00 717.00 OK
r-patched-linux-x86_64 1.1.0 2.53 626.17 628.70 WARN
r-patched-solaris-x86 1.1.0 1474.30 OK
r-release-linux-x86_64 1.1.0 2.25 625.99 628.24 WARN
r-release-windows-ix86+x86_64 1.1.0 5.00 696.00 701.00 OK
r-release-osx-x86_64 1.1.0 OK
r-oldrel-windows-ix86+x86_64 1.1.0 2.00 65.00 67.00 OK
r-oldrel-osx-x86_64 1.1.0 OK

Check Details

Version: 1.1.0
Check: re-building of vignette outputs
Result: WARN
    Error in re-building vignettes:
     ...
    Warning in engine$weave(file, quiet = quiet, encoding = enc) :
     The vignette engine knitr::rmarkdown is not available, because the rmarkdown package is not installed. Please install it.
    Loading required package: rainbow
    Loading required package: MASS
    Loading required package: pcaPP
    Loading required package: RCurl
    Loading required package: bitops
    Killed
Flavors: r-devel-linux-x86_64-debian-clang, r-patched-linux-x86_64, r-release-linux-x86_64