CRAN Package Check Results for Package fdcov

Last updated on 2018-02-21 18:47:57 CET.

Flavor Version Tinstall Tcheck Ttotal Status Flags
r-devel-linux-x86_64-debian-clang 1.1.0 2.34 620.70 623.04 WARN
r-devel-linux-x86_64-debian-gcc 1.1.0 1.60 546.13 547.73 OK
r-devel-linux-x86_64-fedora-clang 1.1.0 956.82 OK
r-devel-linux-x86_64-fedora-gcc 1.1.0 856.82 OK
r-devel-windows-ix86+x86_64 1.1.0 3.00 538.00 541.00 OK
r-patched-linux-x86_64 1.1.0 1.08 31.60 32.68 OK
r-patched-solaris-x86 1.1.0 989.20 OK
r-release-linux-x86_64 1.1.0 0.88 31.23 32.11 OK
r-release-windows-ix86+x86_64 1.1.0 5.00 53.00 58.00 OK
r-release-osx-x86_64 1.1.0 OK
r-oldrel-windows-ix86+x86_64 1.1.0 2.00 40.00 42.00 OK
r-oldrel-osx-x86_64 1.1.0 OK

Check Details

Version: 1.1.0
Check: re-building of vignette outputs
Result: WARN
    Error in re-building vignettes:
     ...
    Warning in engine$weave(file, quiet = quiet, encoding = enc) :
     The vignette engine knitr::rmarkdown is not available, because the rmarkdown package is not installed. Please install it.
    Loading required package: rainbow
    Loading required package: MASS
    Loading required package: pcaPP
    Loading required package: RCurl
    Loading required package: bitops
    Killed
Flavor: r-devel-linux-x86_64-debian-clang