CRAN Package Check Results for Package fdm2id

Last updated on 2022-12-05 20:53:08 CET.

Flavor Version Tinstall Tcheck Ttotal Status Flags
r-devel-linux-x86_64-debian-clang 0.9.8 24.32 215.59 239.91 OK
r-devel-linux-x86_64-debian-gcc 0.9.8 17.12 161.01 178.13 OK
r-devel-linux-x86_64-fedora-clang 0.9.8 325.28 NOTE
r-devel-linux-x86_64-fedora-gcc 0.9.8 298.01 NOTE
r-devel-windows-x86_64 0.9.8 115.00 300.00 415.00 OK
r-patched-linux-x86_64 0.9.8 23.02 196.61 219.63 OK
r-release-linux-x86_64 0.9.8 21.37 197.48 218.85 OK
r-release-macos-arm64 0.9.8 75.00 NOTE
r-release-macos-x86_64 0.9.8 103.00 NOTE
r-release-windows-x86_64 0.9.8 111.00 278.00 389.00 OK
r-oldrel-macos-arm64 0.9.8 72.00 NOTE
r-oldrel-macos-x86_64 0.9.8 101.00 NOTE
r-oldrel-windows-ix86+x86_64 0.9.8 52.00 275.00 327.00 OK

Check Details

Version: 0.9.8
Check: data for non-ASCII characters
Result: NOTE
     Note: found 3 marked Latin-1 strings
     Note: found 3 marked UTF-8 strings
Flavors: r-devel-linux-x86_64-fedora-clang, r-devel-linux-x86_64-fedora-gcc, r-release-macos-arm64, r-release-macos-x86_64, r-oldrel-macos-arm64, r-oldrel-macos-x86_64