CRAN Package Check Results for Package feamiR

Last updated on 2022-12-03 09:53:34 CET.

Flavor Version Tinstall Tcheck Ttotal Status Flags
r-devel-linux-x86_64-debian-clang 0.1.0 4.56 98.75 103.31 NOTE
r-devel-linux-x86_64-debian-gcc 0.1.0 3.58 74.43 78.01 NOTE
r-devel-linux-x86_64-fedora-clang 0.1.0 136.61 NOTE
r-devel-linux-x86_64-fedora-gcc 0.1.0 142.64 NOTE
r-devel-windows-x86_64 0.1.0 21.00 131.00 152.00 NOTE
r-patched-linux-x86_64 0.1.0 4.00 92.89 96.89 NOTE
r-release-linux-x86_64 0.1.0 4.05 96.41 100.46 NOTE
r-release-macos-arm64 0.1.0 31.00 NOTE
r-release-macos-x86_64 0.1.0 63.00 NOTE
r-release-windows-x86_64 0.1.0 23.00 127.00 150.00 NOTE
r-oldrel-macos-arm64 0.1.0 38.00 NOTE
r-oldrel-macos-x86_64 0.1.0 60.00 NOTE
r-oldrel-windows-ix86+x86_64 0.1.0 10.00 126.00 136.00 NOTE

Check Details

Version: 0.1.0
Check: LazyData
Result: NOTE
     'LazyData' is specified without a 'data' directory
Flavors: r-devel-linux-x86_64-debian-clang, r-devel-linux-x86_64-debian-gcc, r-devel-linux-x86_64-fedora-clang, r-devel-linux-x86_64-fedora-gcc, r-devel-windows-x86_64, r-patched-linux-x86_64, r-release-linux-x86_64, r-release-macos-arm64, r-release-macos-x86_64, r-release-windows-x86_64, r-oldrel-macos-arm64, r-oldrel-macos-x86_64, r-oldrel-windows-ix86+x86_64