CRAN Package Check Results for Package feature

Last updated on 2020-02-27 17:50:55 CET.

Flavor Version Tinstall Tcheck Ttotal Status Flags
r-devel-linux-x86_64-debian-clang 1.2.13 13.41 93.12 106.53 OK
r-devel-linux-x86_64-debian-gcc 1.2.13 11.16 73.50 84.66 OK
r-devel-linux-x86_64-fedora-clang 1.2.13 137.33 OK
r-devel-linux-x86_64-fedora-gcc 1.2.13 129.53 OK
r-devel-windows-ix86+x86_64 1.2.13 27.00 91.00 118.00 OK
r-devel-windows-ix86+x86_64-gcc8 1.2.13 26.00 93.00 119.00 OK
r-patched-linux-x86_64 1.2.13 13.02 84.64 97.66 OK
r-patched-solaris-x86 1.2.13 181.40 OK
r-release-linux-x86_64 1.2.13 11.50 84.04 95.54 OK
r-release-windows-ix86+x86_64 1.2.13 19.00 93.00 112.00 OK
r-release-osx-x86_64 1.2.13 WARN
r-oldrel-windows-ix86+x86_64 1.2.13 3.00 5.00 8.00 ERROR
r-oldrel-osx-x86_64 1.2.13 OK

Check Details

Version: 1.2.13
Check: whether package can be installed
Result: WARN
    Found the following significant warnings:
     Warning: 'rgl_init' failed, running with rgl.useNULL = TRUE
Flavor: r-release-osx-x86_64

Version: 1.2.13
Check: whether package can be installed
Result: ERROR
    Installation failed.
Flavor: r-oldrel-windows-ix86+x86_64