CRAN Package Check Results for Package feature

Last updated on 2019-09-20 05:46:54 CEST.

Flavor Version Tinstall Tcheck Ttotal Status Flags
r-devel-linux-x86_64-debian-clang 1.2.13 12.93 80.40 93.33 OK
r-devel-linux-x86_64-debian-gcc 1.2.13 9.62 64.01 73.63 OK
r-devel-linux-x86_64-fedora-clang 1.2.13 114.87 OK
r-devel-linux-x86_64-fedora-gcc 1.2.13 113.53 OK
r-devel-windows-ix86+x86_64 1.2.13 35.00 93.00 128.00 OK
r-patched-linux-x86_64 1.2.13 10.30 79.16 89.46 OK
r-patched-solaris-x86 1.2.13 175.40 OK
r-release-linux-x86_64 1.2.13 11.15 80.50 91.65 OK
r-release-windows-ix86+x86_64 1.2.13 20.00 137.00 157.00 OK
r-release-osx-x86_64 1.2.13 WARN
r-oldrel-windows-ix86+x86_64 1.2.13 14.00 90.00 104.00 OK
r-oldrel-osx-x86_64 1.2.13 OK

Check Details

Version: 1.2.13
Check: whether package can be installed
Result: WARN
    Found the following significant warnings:
     Warning: 'rgl_init' failed, running with rgl.useNULL = TRUE
Flavor: r-release-osx-x86_64