CRAN Package Check Results for Package fecR

Last updated on 2018-05-24 04:49:34 CEST.

Flavor Version Tinstall Tcheck Ttotal Status Flags
r-devel-linux-x86_64-debian-clang 0.0.2 1.59 25.25 26.84 OK
r-devel-linux-x86_64-debian-gcc 0.0.2 1.14 22.38 23.52 OK
r-devel-linux-x86_64-fedora-clang 0.0.2 35.14 OK
r-devel-linux-x86_64-fedora-gcc 0.0.2 36.73 OK
r-devel-windows-ix86+x86_64 0.0.2 3.00 44.00 47.00 OK
r-patched-linux-x86_64 0.0.2 1.38 26.88 28.26 NOTE
r-patched-solaris-x86 0.0.2 49.40 OK
r-release-linux-x86_64 0.0.2 1.48 26.49 27.97 NOTE
r-release-windows-ix86+x86_64 0.0.2 4.00 38.00 42.00 OK
r-release-osx-x86_64 0.0.2 OK
r-oldrel-windows-ix86+x86_64 0.0.2 5.00 78.00 83.00 OK
r-oldrel-osx-x86_64 0.0.2 OK

Check Details

Version: 0.0.2
Check: DESCRIPTION meta-information
Result: NOTE
    Dependence on R version ‘3.3.2’ not with patchlevel 0
Flavors: r-patched-linux-x86_64, r-release-linux-x86_64