CRAN Package Check Results for Package fecR

Last updated on 2018-08-20 15:51:37 CEST.

Flavor Version Tinstall Tcheck Ttotal Status Flags
r-devel-linux-x86_64-debian-clang 0.0.2 1.60 29.53 31.13 OK
r-devel-linux-x86_64-debian-gcc 0.0.2 1.26 23.36 24.62 OK
r-devel-linux-x86_64-fedora-clang 0.0.2 36.53 OK
r-devel-linux-x86_64-fedora-gcc 0.0.2 35.13 OK
r-devel-windows-ix86+x86_64 0.0.2 4.00 51.00 55.00 OK
r-patched-linux-x86_64 0.0.2 1.39 26.24 27.63 NOTE
r-patched-solaris-x86 0.0.2 49.00 OK
r-release-linux-x86_64 0.0.2 1.37 26.82 28.19 NOTE
r-release-windows-ix86+x86_64 0.0.2 5.00 46.00 51.00 OK
r-release-osx-x86_64 0.0.2 OK
r-oldrel-windows-ix86+x86_64 0.0.2 3.00 85.00 88.00 OK
r-oldrel-osx-x86_64 0.0.2 OK

Check Details

Version: 0.0.2
Check: DESCRIPTION meta-information
Result: NOTE
    Dependence on R version ‘3.3.2’ not with patchlevel 0
Flavors: r-patched-linux-x86_64, r-release-linux-x86_64