CRAN Package Check Results for Package fecR

Last updated on 2019-02-16 19:47:26 CET.

Flavor Version Tinstall Tcheck Ttotal Status Flags
r-devel-windows-ix86+x86_64 0.0.2 WARN
r-release-osx-x86_64 0.0.2 OK
r-oldrel-osx-x86_64 0.0.2 OK

Check Details

Version: 0.0.2
Check: re-building of vignette outputs
Result: WARN
    Error(s) in re-building vignettes:
     ...
    duplicated vignette title:
     'Vignette Title'
    
    --- re-building 'calculating_fishing_effort.Rmd' using rmarkdown
    Warning in engine$weave(file, quiet = quiet, encoding = enc) :
     The vignette engine knitr::rmarkdown is not available, because the rmarkdown package is not installed. Please install it.
    --- finished re-building 'calculating_fishing_effort.Rmd'
    
    --- re-building 'checking_data.Rmd' using rmarkdown
    Warning in engine$weave(file, quiet = quiet, encoding = enc) :
     The vignette engine knitr::rmarkdown is not available, because the rmarkdown package is not installed. Please install it.
    --- finished re-building 'checking_data.Rmd'
    
    Error: Duplicate vignette titles
    Execution halted
Flavor: r-devel-windows-ix86+x86_64