CRAN Package Check Results for Package fecR

Last updated on 2018-11-18 11:50:48 CET.

Flavor Version Tinstall Tcheck Ttotal Status Flags
r-devel-linux-x86_64-debian-clang 0.0.2 1.49 28.19 29.68 OK
r-devel-linux-x86_64-debian-gcc 0.0.2 1.18 23.34 24.52 OK
r-devel-linux-x86_64-fedora-clang 0.0.2 34.84 OK
r-devel-linux-x86_64-fedora-gcc 0.0.2 34.05 OK
r-devel-windows-ix86+x86_64 0.0.2 4.00 35.00 39.00 OK
r-patched-linux-x86_64 0.0.2 1.22 27.16 28.38 NOTE
r-patched-solaris-x86 0.0.2 48.80 OK
r-release-linux-x86_64 0.0.2 1.12 26.91 28.03 NOTE
r-release-windows-ix86+x86_64 0.0.2 5.00 54.00 59.00 OK
r-release-osx-x86_64 0.0.2 OK
r-oldrel-windows-ix86+x86_64 0.0.2 4.00 68.00 72.00 OK
r-oldrel-osx-x86_64 0.0.2 OK

Check Details

Version: 0.0.2
Check: DESCRIPTION meta-information
Result: NOTE
    Dependence on R version ‘3.3.2’ not with patchlevel 0
Flavors: r-patched-linux-x86_64, r-release-linux-x86_64