CRAN Package Check Results for Package fecR

Last updated on 2018-02-21 20:47:16 CET.

Flavor Version Tinstall Tcheck Ttotal Status Flags
r-devel-linux-x86_64-debian-clang 0.0.2 1.09 26.90 27.99 NOTE
r-devel-linux-x86_64-debian-gcc 0.0.2 1.12 21.17 22.29 NOTE
r-devel-linux-x86_64-fedora-clang 0.0.2 34.59 NOTE
r-devel-linux-x86_64-fedora-gcc 0.0.2 32.35 NOTE
r-devel-windows-ix86+x86_64 0.0.2 2.00 35.00 37.00 OK
r-patched-linux-x86_64 0.0.2 0.73 38.09 38.82 OK
r-patched-solaris-x86 0.0.2 45.90 OK
r-release-linux-x86_64 0.0.2 0.71 38.07 38.78 OK
r-release-windows-ix86+x86_64 0.0.2 3.00 80.00 83.00 OK
r-release-osx-x86_64 0.0.2 OK
r-oldrel-windows-ix86+x86_64 0.0.2 2.00 55.00 57.00 OK
r-oldrel-osx-x86_64 0.0.2 OK

Check Details

Version: 0.0.2
Check: DESCRIPTION meta-information
Result: NOTE
    Dependence on R version ‘3.3.2’ not with patchlevel 0
Flavors: r-devel-linux-x86_64-debian-clang, r-devel-linux-x86_64-debian-gcc, r-devel-linux-x86_64-fedora-clang, r-devel-linux-x86_64-fedora-gcc