CRAN Package Check Results for Package fedstatAPIr

Last updated on 2022-05-26 20:49:02 CEST.

Flavor Version Tinstall Tcheck Ttotal Status Flags
r-devel-linux-x86_64-debian-clang 0.2.0 4.74 43.74 48.48 OK
r-devel-linux-x86_64-debian-gcc 0.2.0 3.95 37.97 41.92 OK
r-devel-linux-x86_64-fedora-clang 0.2.0 57.20 NOTE
r-devel-linux-x86_64-fedora-gcc 0.2.0 55.75 NOTE
r-devel-windows-x86_64 0.2.0 36.00 63.00 99.00 OK
r-patched-linux-x86_64 0.2.0 3.83 41.33 45.16 OK
r-release-linux-x86_64 0.2.0 4.65 41.27 45.92 OK
r-release-macos-arm64 0.2.0 20.00 NOTE
r-release-macos-x86_64 0.2.0 34.00 NOTE
r-release-windows-x86_64 0.2.0 39.00 59.00 98.00 OK
r-oldrel-macos-arm64 0.2.0 19.00 NOTE
r-oldrel-macos-x86_64 0.2.0 28.00 NOTE
r-oldrel-windows-ix86+x86_64 0.2.0 10.00 52.00 62.00 OK

Check Details

Version: 0.2.0
Check: dependencies in R code
Result: NOTE
    Namespace in Imports field not imported from: ‘methods’
     All declared Imports should be used.
Flavors: r-devel-linux-x86_64-fedora-clang, r-devel-linux-x86_64-fedora-gcc, r-release-macos-arm64, r-release-macos-x86_64, r-oldrel-macos-arm64, r-oldrel-macos-x86_64

Version: 0.2.0
Check: data for non-ASCII characters
Result: NOTE
     Note: found 43825 marked UTF-8 strings
Flavors: r-devel-linux-x86_64-fedora-clang, r-devel-linux-x86_64-fedora-gcc, r-release-macos-arm64, r-release-macos-x86_64, r-oldrel-macos-arm64, r-oldrel-macos-x86_64