CRAN Package Check Results for Package feisr

Last updated on 2020-02-20 21:47:27 CET.

Flavor Version Tinstall Tcheck Ttotal Status Flags
r-devel-linux-x86_64-debian-clang 1.0.1 3.32 54.99 58.31 OK
r-devel-linux-x86_64-debian-gcc 1.0.1 2.80 39.94 42.74 OK
r-devel-linux-x86_64-fedora-clang 1.0.1 73.64 WARN
r-devel-linux-x86_64-fedora-gcc 1.0.1 66.29 OK
r-devel-windows-ix86+x86_64 1.0.1 6.00 62.00 68.00 OK
r-devel-windows-ix86+x86_64-gcc8 1.0.1 12.00 88.00 100.00 OK
r-patched-linux-x86_64 1.0.1 2.89 47.91 50.80 OK
r-patched-solaris-x86 1.0.1 92.90 OK
r-release-linux-x86_64 1.0.1 2.35 47.75 50.10 OK
r-release-windows-ix86+x86_64 1.0.1 6.00 64.00 70.00 OK
r-release-osx-x86_64 1.0.1 OK
r-oldrel-windows-ix86+x86_64 1.0.1 3.00 62.00 65.00 OK
r-oldrel-osx-x86_64 1.0.1 OK

Check Details

Version: 1.0.1
Check: package dependencies
Result: WARN
    Requires orphaned package: ‘plm’
Flavor: r-devel-linux-x86_64-fedora-clang