CRAN Package Check Results for Package fergm

Last updated on 2018-05-24 04:49:34 CEST.

Flavor Version Tinstall Tcheck Ttotal Status Flags
r-devel-linux-x86_64-debian-clang 0.2.1 9.84 168.52 178.36 OK
r-devel-linux-x86_64-debian-gcc 0.2.1 7.86 150.36 158.22 OK
r-devel-linux-x86_64-fedora-clang 0.2.1 266.91 OK
r-devel-linux-x86_64-fedora-gcc 0.2.1 281.17 OK
r-devel-windows-ix86+x86_64 0.2.1 66.00 355.00 421.00 OK
r-patched-linux-x86_64 0.2.1 7.96 172.94 180.90 NOTE
r-patched-solaris-x86 0.2.1 351.20 OK
r-release-linux-x86_64 0.2.1 6.34 171.68 178.02 NOTE
r-release-windows-ix86+x86_64 0.2.1 110.00 516.00 626.00 OK
r-release-osx-x86_64 0.2.1 OK
r-oldrel-windows-ix86+x86_64 0.2.1 536.00 420.00 956.00 OK
r-oldrel-osx-x86_64 0.2.1 OK

Check Details

Version: 0.2.1
Check: DESCRIPTION meta-information
Result: NOTE
    Dependence on R version ‘3.3.3’ not with patchlevel 0
Flavors: r-patched-linux-x86_64, r-release-linux-x86_64