CRAN Package Check Results for Package fergm

Last updated on 2018-02-21 22:47:58 CET.

Flavor Version Tinstall Tcheck Ttotal Status Flags
r-devel-linux-x86_64-debian-clang 0.2.1 36.24 176.05 212.29 NOTE
r-devel-linux-x86_64-debian-gcc 0.2.1 34.46 140.18 174.64 NOTE
r-devel-linux-x86_64-fedora-clang 0.2.1 239.12 NOTE
r-devel-linux-x86_64-fedora-gcc 0.2.1 245.05 NOTE
r-devel-windows-ix86+x86_64 0.2.1 82.00 304.00 386.00 OK
r-patched-linux-x86_64 0.2.1 48.43 185.25 233.68 OK
r-patched-solaris-x86 0.2.1 344.70 OK
r-release-linux-x86_64 0.2.1 52.18 188.47 240.65 OK
r-release-windows-ix86+x86_64 0.2.1 156.00 574.00 730.00 OK
r-release-osx-x86_64 0.2.1 OK
r-oldrel-windows-ix86+x86_64 0.2.1 169.00 375.00 544.00 OK
r-oldrel-osx-x86_64 0.2.1 ERROR

Check Details

Version: 0.2.1
Check: DESCRIPTION meta-information
Result: NOTE
    Dependence on R version ‘3.3.3’ not with patchlevel 0
Flavors: r-devel-linux-x86_64-debian-clang, r-devel-linux-x86_64-debian-gcc, r-devel-linux-x86_64-fedora-clang, r-devel-linux-x86_64-fedora-gcc

Version: 0.2.1
Check: package dependencies
Result: ERROR
    Package required and available but unsuitable version: ‘parallel’
    
    See section ‘The DESCRIPTION file’ in the ‘Writing R Extensions’
    manual.
Flavor: r-oldrel-osx-x86_64