CRAN Package Check Results for Package fergm

Last updated on 2018-08-19 11:47:50 CEST.

Flavor Version Tinstall Tcheck Ttotal Status Flags
r-devel-linux-x86_64-debian-clang 1.1.1 9.38 203.58 212.96 WARN
r-devel-linux-x86_64-debian-gcc 1.1.1 7.07 165.80 172.87 WARN
r-devel-linux-x86_64-fedora-clang 1.1.1 156.42 WARN
r-devel-linux-x86_64-fedora-gcc 1.1.1 274.78 WARN
r-devel-windows-ix86+x86_64 1.1.1 138.00 579.00 717.00 WARN
r-patched-linux-x86_64 1.1.1 7.70 185.82 193.52 WARN
r-patched-solaris-x86 1.1.1 324.60 WARN
r-release-linux-x86_64 1.1.1 7.49 186.62 194.11 WARN
r-release-windows-ix86+x86_64 1.1.1 151.00 735.00 886.00 OK
r-release-osx-x86_64 1.1.1 NOTE
r-oldrel-windows-ix86+x86_64 1.1.1 151.00 424.00 575.00 OK
r-oldrel-osx-x86_64 1.1.1 NOTE

Check Details

Version: 1.1.1
Check: whether package can be installed
Result: WARN
    Found the following significant warnings:
     Warning: 'ergm.MHP.table' is deprecated.
     Warning: Function ergm.ConstraintImplications() has been deprecated in favor of specifying the implications in the InitErgmConstraint.*() functions, and has no effect.
     Warning: Function ergm.init.methods() has been deprecated in favor of specifying init_methods in InitErgmReference.*() functions, and has no effect.
Flavors: r-devel-linux-x86_64-debian-clang, r-devel-windows-ix86+x86_64, r-patched-linux-x86_64, r-patched-solaris-x86, r-release-linux-x86_64

Version: 1.1.1
Check: examples
Result: WARN
    Found the following significant warnings:
    
     Warning: 'ergm.MHP.table' is deprecated.
    Deprecated functions may be defunct as soon as of the next release of
    R.
    See ?Deprecated.
    Examples with CPU or elapsed time > 5s
     user system elapsed
    compare_predictions 6.635 0.227 7.312
    compare_predictions_test 6.102 0.131 6.767
    coef_posterior_density 5.788 0.128 6.309
    clean_summary 4.796 0.727 6.005
Flavor: r-devel-linux-x86_64-debian-clang

Version: 1.1.1
Check: whether package can be installed
Result: WARN
    Found the following significant warnings:
     Warning: 'ergm.MHP.table' is deprecated.
     Warning: Function ergm.init.methods() has been deprecated in favor of specifying init_methods in InitErgmReference.*() functions, and has no effect.
Flavors: r-devel-linux-x86_64-debian-gcc, r-devel-linux-x86_64-fedora-clang, r-devel-linux-x86_64-fedora-gcc

Version: 1.1.1
Check: examples
Result: WARN
    Found the following significant warnings:
    
     Warning: 'ergm.MHP.table' is deprecated.
    Deprecated functions may be defunct as soon as of the next release of
    R.
    See ?Deprecated.
    Examples with CPU or elapsed time > 5s
     user system elapsed
    compare_predictions 5.458 0.231 8.040
    compare_predictions_test 5.010 0.119 5.909
    coef_posterior_density 4.722 0.157 6.202
    coef_plot 3.903 0.731 6.095
    clean_summary 3.931 0.335 5.392
Flavor: r-devel-linux-x86_64-debian-gcc

Version: 1.1.1
Check: dependencies in R code
Result: NOTE
    Namespace in Imports field not imported from: ‘stringr’
     All declared Imports should be used.
Flavors: r-devel-linux-x86_64-fedora-clang, r-devel-linux-x86_64-fedora-gcc, r-patched-solaris-x86, r-release-osx-x86_64, r-oldrel-osx-x86_64

Version: 1.1.1
Check: examples
Result: WARN
    Found the following significant warnings:
    
     Warning: 'ergm.MHP.table' is deprecated.
    Deprecated functions may be defunct as soon as of the next release of
    R.
    See ?Deprecated.
Flavors: r-devel-linux-x86_64-fedora-clang, r-devel-linux-x86_64-fedora-gcc, r-devel-windows-ix86+x86_64, r-patched-solaris-x86

Version: 1.1.1
Check: examples
Result: WARN
    Found the following significant warnings:
    
     Warning: 'ergm.MHP.table' is deprecated.
    Deprecated functions may be defunct as soon as of the next release of
    R.
    See ?Deprecated.
    Examples with CPU or elapsed time > 5s
     user system elapsed
    compare_predictions 6.646 0.176 6.986
    compare_predictions_test 5.996 0.151 6.504
    coef_posterior_density 5.537 0.129 5.805
    clean_summary 4.653 0.557 5.909
Flavor: r-patched-linux-x86_64

Version: 1.1.1
Check: examples
Result: WARN
    Found the following significant warnings:
    
     Warning: 'ergm.MHP.table' is deprecated.
    Deprecated functions may be defunct as soon as of the next release of
    R.
    See ?Deprecated.
    Examples with CPU or elapsed time > 5s
     user system elapsed
    compare_predictions_test 6.627 0.193 7.718
    compare_predictions 6.598 0.175 6.948
    coef_posterior_density 5.802 0.156 6.226
    clean_summary 4.829 0.417 5.901
Flavor: r-release-linux-x86_64