CRAN Package Check Results for Package fergm

Last updated on 2018-11-17 13:47:27 CET.

Flavor Version Tinstall Tcheck Ttotal Status Flags
r-devel-linux-x86_64-debian-clang 1.1.4 6.36 111.07 117.43 OK
r-devel-linux-x86_64-debian-gcc 1.1.4 5.93 88.99 94.92 OK
r-devel-linux-x86_64-fedora-clang 1.1.4 155.96 OK
r-devel-linux-x86_64-fedora-gcc 1.1.4 134.58 OK
r-devel-windows-ix86+x86_64 1.1.4 19.00 163.00 182.00 OK
r-patched-linux-x86_64 1.1.4 4.79 109.00 113.79 OK
r-patched-solaris-x86 1.1.4 235.50 OK
r-release-linux-x86_64 1.1.4 6.72 107.02 113.74 OK
r-release-windows-ix86+x86_64 1.1.4 19.00 132.00 151.00 OK
r-release-osx-x86_64 1.1.4 OK
r-oldrel-windows-ix86+x86_64 1.1.4 23.00 183.00 206.00 OK
r-oldrel-osx-x86_64 1.1.4 ERROR

Check Details

Version: 1.1.4
Check: package dependencies
Result: ERROR
    Package required and available but unsuitable version: ‘ergm’
    
    See section ‘The DESCRIPTION file’ in the ‘Writing R Extensions’
    manual.
Flavor: r-oldrel-osx-x86_64