CRAN Package Check Results for Package ffstream

Last updated on 2019-01-22 05:49:10 CET.

Flavor Version Tinstall Tcheck Ttotal Status Flags
r-devel-linux-x86_64-debian-clang 0.1.6 95.76 61.67 157.43 OK
r-devel-linux-x86_64-debian-gcc 0.1.6 95.15 46.87 142.02 OK
r-devel-linux-x86_64-fedora-clang 0.1.6 250.74 NOTE
r-devel-linux-x86_64-fedora-gcc 0.1.6 211.68 OK
r-devel-windows-ix86+x86_64 0.1.6 235.00 134.00 369.00 OK
r-patched-linux-x86_64 0.1.6 116.43 58.20 174.63 OK
r-patched-solaris-x86 0.1.6 207.20 OK
r-release-linux-x86_64 0.1.6 114.04 58.02 172.06 OK
r-release-windows-ix86+x86_64 0.1.6 234.00 132.00 366.00 OK
r-release-osx-x86_64 0.1.6 NOTE
r-oldrel-windows-ix86+x86_64 0.1.5 237.00 92.00 329.00 OK
r-oldrel-osx-x86_64 0.1.6 ERROR

Check Details

Version: 0.1.6
Check: installed package size
Result: NOTE
     installed size is 10.7Mb
     sub-directories of 1Mb or more:
     libs 10.2Mb
Flavors: r-devel-linux-x86_64-fedora-clang, r-release-osx-x86_64

Version: 0.1.6
Check: whether package can be installed
Result: ERROR
    Installation failed.
Flavor: r-oldrel-osx-x86_64