CRAN Package Check Results for Package ffstream

Last updated on 2018-05-25 20:46:42 CEST.

Flavor Version Tinstall Tcheck Ttotal Status Flags
r-devel-linux-x86_64-debian-clang 0.1.6 98.35 65.81 164.16 OK
r-devel-linux-x86_64-debian-gcc 0.1.6 80.83 51.91 132.74 OK
r-devel-linux-x86_64-fedora-clang 0.1.6 227.00 NOTE
r-devel-linux-x86_64-fedora-gcc 0.1.6 208.10 NOTE
r-devel-windows-ix86+x86_64 0.1.6 184.00 143.00 327.00 OK
r-patched-linux-x86_64 0.1.6 103.85 56.95 160.80 OK
r-patched-solaris-x86 0.1.6 204.20 OK
r-release-linux-x86_64 0.1.6 97.30 57.26 154.56 OK
r-release-windows-ix86+x86_64 0.1.6 244.00 132.00 376.00 OK
r-release-osx-x86_64 0.1.6 NOTE
r-oldrel-windows-ix86+x86_64 0.1.5 237.00 92.00 329.00 OK
r-oldrel-osx-x86_64 0.1.5 NOTE

Check Details

Version: 0.1.6
Check: installed package size
Result: NOTE
     installed size is 10.1Mb
     sub-directories of 1Mb or more:
     libs 9.7Mb
Flavors: r-devel-linux-x86_64-fedora-clang, r-devel-linux-x86_64-fedora-gcc, r-release-osx-x86_64

Version: 0.1.5
Check: installed package size
Result: NOTE
     installed size is 6.5Mb
     sub-directories of 1Mb or more:
     libs 6.1Mb
Flavor: r-oldrel-osx-x86_64