CRAN Package Check Results for Package ffstream

Last updated on 2018-02-19 21:49:30 CET.

Flavor Version Tinstall Tcheck Ttotal Status Flags
r-devel-linux-x86_64-debian-clang 0.1.5 90.39 50.16 140.55 NOTE
r-devel-linux-x86_64-debian-gcc 0.1.5 72.37 45.61 117.98 NOTE
r-devel-linux-x86_64-fedora-clang 0.1.5 213.11 NOTE
r-devel-linux-x86_64-fedora-gcc 0.1.5 185.81 NOTE
r-devel-windows-ix86+x86_64 0.1.5 167.00 96.00 263.00 OK
r-patched-linux-x86_64 0.1.5 86.42 67.50 153.92 NOTE
r-patched-solaris-x86 0.1.5 214.10 OK
r-release-linux-x86_64 0.1.5 83.78 68.51 152.29 NOTE
r-release-windows-ix86+x86_64 0.1.5 227.00 131.00 358.00 OK
r-release-osx-x86_64 0.1.5 NOTE
r-oldrel-windows-ix86+x86_64 0.1.5 237.00 120.00 357.00 OK
r-oldrel-osx-x86_64 0.1.5 NOTE

Check Details

Version: 0.1.5
Check: compiled code
Result: NOTE
    File ‘ffstream/libs/ffstream.so’:
     Found no calls to: ‘R_registerRoutines’, ‘R_useDynamicSymbols’
    
    It is good practice to register native routines and to disable symbol
    search.
    
    See ‘Writing portable packages’ in the ‘Writing R Extensions’ manual.
Flavors: r-devel-linux-x86_64-debian-clang, r-devel-linux-x86_64-debian-gcc, r-devel-linux-x86_64-fedora-clang, r-devel-linux-x86_64-fedora-gcc, r-patched-linux-x86_64, r-release-linux-x86_64

Version: 0.1.5
Check: installed package size
Result: NOTE
     installed size is 10.1Mb
     sub-directories of 1Mb or more:
     libs 9.7Mb
Flavors: r-devel-linux-x86_64-fedora-clang, r-devel-linux-x86_64-fedora-gcc, r-release-osx-x86_64, r-oldrel-osx-x86_64