CRAN Package Check Results for Package ffstream

Last updated on 2018-08-16 22:50:29 CEST.

Flavor Version Tinstall Tcheck Ttotal Status Flags
r-devel-linux-x86_64-debian-clang 0.1.6 98.09 67.00 165.09 OK
r-devel-linux-x86_64-debian-gcc 0.1.6 92.53 53.99 146.52 OK
r-devel-linux-x86_64-fedora-clang 0.1.6 234.21 NOTE
r-devel-linux-x86_64-fedora-gcc 0.1.6 220.27 OK
r-devel-windows-ix86+x86_64 0.1.6 182.00 137.00 319.00 OK
r-patched-linux-x86_64 0.1.6 114.00 56.93 170.93 OK
r-patched-solaris-x86 0.1.6 208.70 OK
r-release-linux-x86_64 0.1.6 114.27 57.31 171.58 OK
r-release-windows-ix86+x86_64 0.1.6 232.00 128.00 360.00 OK
r-release-osx-x86_64 0.1.6 NOTE
r-oldrel-windows-ix86+x86_64 0.1.5 237.00 92.00 329.00 OK
r-oldrel-osx-x86_64 0.1.6 ERROR

Check Details

Version: 0.1.6
Check: installed package size
Result: NOTE
     installed size is 10.4Mb
     sub-directories of 1Mb or more:
     libs 10.0Mb
Flavors: r-devel-linux-x86_64-fedora-clang, r-release-osx-x86_64

Version: 0.1.6
Check: whether package can be installed
Result: ERROR
    Installation failed.
Flavor: r-oldrel-osx-x86_64