CRAN Package Check Results for Package ffstream

Last updated on 2018-10-16 11:48:02 CEST.

Flavor Version Tinstall Tcheck Ttotal Status Flags
r-devel-linux-x86_64-debian-clang 0.1.6 104.92 66.74 171.66 OK
r-devel-linux-x86_64-debian-gcc 0.1.6 90.16 53.68 143.84 OK
r-devel-linux-x86_64-fedora-clang 0.1.6 236.52 NOTE
r-devel-linux-x86_64-fedora-gcc 0.1.6 216.35 OK
r-devel-windows-ix86+x86_64 0.1.6 249.00 146.00 395.00 OK
r-patched-linux-x86_64 0.1.6 112.35 57.46 169.81 OK
r-patched-solaris-x86 0.1.6 202.40 OK
r-release-linux-x86_64 0.1.6 115.60 56.38 171.98 OK
r-release-windows-ix86+x86_64 0.1.6 204.00 139.00 343.00 OK
r-release-osx-x86_64 0.1.6 NOTE
r-oldrel-windows-ix86+x86_64 0.1.5 237.00 92.00 329.00 OK
r-oldrel-osx-x86_64 0.1.6 ERROR

Check Details

Version: 0.1.6
Check: installed package size
Result: NOTE
     installed size is 10.7Mb
     sub-directories of 1Mb or more:
     libs 10.2Mb
Flavors: r-devel-linux-x86_64-fedora-clang, r-release-osx-x86_64

Version: 0.1.6
Check: whether package can be installed
Result: ERROR
    Installation failed.
Flavor: r-oldrel-osx-x86_64