CRAN Package Check Results for Package fgeo.plot

Last updated on 2022-06-25 18:51:03 CEST.

Flavor Version Tinstall Tcheck Ttotal Status Flags
r-devel-linux-x86_64-debian-clang 1.1.10 7.71 99.86 107.57 NOTE
r-devel-linux-x86_64-debian-gcc 1.1.10 5.94 74.36 80.30 NOTE
r-devel-linux-x86_64-fedora-clang 1.1.10 134.71 NOTE
r-devel-linux-x86_64-fedora-gcc 1.1.10 133.94 NOTE
r-devel-windows-x86_64 1.1.10 49.00 121.00 170.00 NOTE
r-patched-linux-x86_64 1.1.10 5.29 95.29 100.58 NOTE
r-release-linux-x86_64 1.1.10 4.52 94.68 99.20 NOTE
r-release-macos-arm64 1.1.10 37.00 NOTE
r-release-macos-x86_64 1.1.10 70.00 NOTE
r-release-windows-x86_64 1.1.10 38.00 116.00 154.00 NOTE
r-oldrel-macos-arm64 1.1.10 44.00 NOTE
r-oldrel-macos-x86_64 1.1.10 55.00 NOTE
r-oldrel-windows-ix86+x86_64 1.1.10 19.00 118.00 137.00 NOTE

Check Details

Version: 1.1.10
Check: LazyData
Result: NOTE
     'LazyData' is specified without a 'data' directory
Flavors: r-devel-linux-x86_64-debian-clang, r-devel-linux-x86_64-debian-gcc, r-devel-linux-x86_64-fedora-clang, r-devel-linux-x86_64-fedora-gcc, r-devel-windows-x86_64, r-patched-linux-x86_64, r-release-linux-x86_64, r-release-macos-arm64, r-release-macos-x86_64, r-release-windows-x86_64, r-oldrel-macos-arm64, r-oldrel-macos-x86_64, r-oldrel-windows-ix86+x86_64