CRAN Package Check Results for Package fgpt

Last updated on 2018-11-19 07:47:24 CET.

Flavor Version Tinstall Tcheck Ttotal Status Flags
r-devel-linux-x86_64-debian-clang NOTE
r-devel-linux-x86_64-debian-gcc 2.3 1.45 99.12 100.57 NOTE
r-devel-linux-x86_64-fedora-clang 2.3 159.32 NOTE
r-devel-linux-x86_64-fedora-gcc 2.3 153.68 NOTE
r-devel-windows-ix86+x86_64 2.3 4.00 129.00 133.00 NOTE
r-patched-linux-x86_64 2.3 1.29 129.92 131.21 NOTE
r-patched-solaris-x86 2.3 218.70 NOTE
r-release-linux-x86_64 2.3 2.05 125.79 127.84 NOTE
r-release-windows-ix86+x86_64 2.3 6.00 168.00 174.00 NOTE
r-release-osx-x86_64 2.3 NOTE
r-oldrel-windows-ix86+x86_64 2.3 4.00 188.00 192.00 NOTE
r-oldrel-osx-x86_64 2.3 WARN

Check Details

Version: 2.3
Check: R code for possible problems
Result: NOTE
    fgeasy: no visible global function definition for ‘dist’
    fgeasy : cor.est: no visible global function definition for ‘cor.test’
    fgeasy: no visible binding for global variable ‘var’
    fgperm : runrand: no visible global function definition for ‘runif’
    fgperm : runrand: no visible global function definition for ‘ave’
    fgploc : runrand: no visible global function definition for ‘runif’
    fgploc : runrand: no visible global function definition for ‘ave’
    fyshuffle: no visible global function definition for ‘runif’
    plot.fg: no visible global function definition for ‘par’
    plot.fg: no visible global function definition for ‘plot’
    plot.fg: no visible global function definition for ‘segments’
    plot.fg: no visible binding for global variable ‘quantile’
    plot.fg: no visible global function definition for ‘abline’
    plot.fg: no visible global function definition for ‘axis’
    summary.fg: no visible binding for global variable ‘quantile’
    Undefined global functions or variables:
     abline ave axis cor.test dist par plot quantile runif segments var
    Consider adding
     importFrom("graphics", "abline", "axis", "par", "plot", "segments")
     importFrom("stats", "ave", "cor.test", "dist", "quantile", "runif",
     "var")
    to your NAMESPACE file.
Flavors: r-devel-linux-x86_64-debian-clang, r-devel-linux-x86_64-debian-gcc, r-devel-linux-x86_64-fedora-clang, r-devel-linux-x86_64-fedora-gcc, r-devel-windows-ix86+x86_64, r-patched-linux-x86_64, r-patched-solaris-x86, r-release-linux-x86_64, r-release-windows-ix86+x86_64, r-release-osx-x86_64, r-oldrel-windows-ix86+x86_64, r-oldrel-osx-x86_64

Version: 2.3
Check: re-building of vignette outputs
Result: WARN
    Error in re-building vignettes:
     ...
    Warning: running command 'kpsewhich framed.sty' had status 1
    Warning in test_latex_pkg("framed", system.file("misc", "framed.sty", package = "knitr")) :
     unable to find LaTeX package 'framed'; will use a copy from knitr
    Error in texi2dvi(file = file, pdf = TRUE, clean = clean, quiet = quiet, :
     Running 'texi2dvi' on 'intro-fgpt.tex' failed.
    LaTeX errors:
    ! LaTeX Error: File `breakurl.sty' not found.
    
    Type X to quit or <RETURN> to proceed,
    or enter new name. (Default extension: sty)
    
    ! Emergency stop.
    <read *>
    
    l.71 \makeatletter
     ^^M
    ! ==> Fatal error occurred, no output PDF file produced!
    Calls: buildVignettes -> texi2pdf -> texi2dvi
    Execution halted
Flavor: r-oldrel-osx-x86_64