CRAN Package Check Results for Package fifer

Last updated on 2018-12-18 14:47:18 CET.

Flavor Version Tinstall Tcheck Ttotal Status Flags
r-release-osx-x86_64 1.1 WARN
r-oldrel-osx-x86_64 1.1 NOTE

Check Details

Version: 1.1
Check: whether package can be installed
Result: WARN
    Found the following significant warnings:
     Note: break used in wrong context: no loop is visible
    See ‘/Volumes/SSD-Data/Builds/R-dev-web/QA/Simon/packages/el-capitan-x86_64/results/3.5/fifer.Rcheck/00install.out’ for details.
    Information on the location(s) of code generating the ‘Note’s can be
    obtained by re-running with environment variable R_KEEP_PKG_SOURCE set
    to ‘yes’.
Flavor: r-release-osx-x86_64

Version: 1.1
Check: re-building of vignette outputs
Result: NOTE
    Error in re-building vignettes:
     ...
    Loading required package: fifer
    Loading required package: MASS
    Loading required package: xtable
    Error in texi2dvi(file = file, pdf = TRUE, clean = clean, quiet = quiet, :
     Running 'texi2dvi' on 'fifer_package.tex' failed.
    LaTeX errors:
    ! LaTeX Error: File `apa.cls' not found.
    
    Type X to quit or <RETURN> to proceed,
    or enter new name. (Default extension: cls)
    
    ! Emergency stop.
    <read *>
    
    l.13 \usepackage
     {hyperref} %this allows us to cite URLs in the text^^M
    ! ==> Fatal error occurred, no output PDF file produced!
    Calls: buildVignettes -> texi2pdf -> texi2dvi
    Execution halted
Flavor: r-oldrel-osx-x86_64