CRAN Package Check Results for Package fifer

Last updated on 2018-01-16 21:50:55 CET.

Flavor Version Tinstall Tcheck Ttotal Status Flags
r-devel-linux-x86_64-debian-clang 1.1 6.34 101.78 108.12 OK
r-devel-linux-x86_64-debian-gcc 1.1 5.52 78.81 84.33 OK
r-devel-linux-x86_64-fedora-clang 1.1 123.04 OK
r-devel-linux-x86_64-fedora-gcc 1.1 129.64 OK
r-devel-windows-ix86+x86_64 1.1 18.00 105.00 123.00 OK
r-patched-linux-x86_64 1.1 7.53 108.59 116.12 OK
r-patched-solaris-x86 1.1 218.00 OK
r-release-linux-x86_64 1.1 8.06 109.04 117.10 OK
r-release-windows-ix86+x86_64 1.1 26.00 158.00 184.00 OK
r-release-osx-x86_64 1.1 NOTE
r-oldrel-windows-ix86+x86_64 1.1 20.00 153.00 173.00 OK
r-oldrel-osx-x86_64 1.1 OK

Check Details

Version: 1.1
Check: re-building of vignette outputs
Result: NOTE
    Error in re-building vignettes:
     ...
    Loading required package: fifer
    Loading required package: MASS
    Loading required package: xtable
    Error in texi2dvi(file = file, pdf = TRUE, clean = clean, quiet = quiet, :
     Running 'texi2dvi' on 'fifer_package.tex' failed.
    LaTeX errors:
    ! LaTeX Error: File `apa.cls' not found.
    
    Type X to quit or <RETURN> to proceed,
    or enter new name. (Default extension: cls)
    
    ! Emergency stop.
    <read *>
    
    l.13 \usepackage
     {hyperref} %this allows us to cite URLs in the text^^M
    ! ==> Fatal error occurred, no output PDF file produced!
    Calls: buildVignettes -> texi2pdf -> texi2dvi
    Execution halted
Flavor: r-release-osx-x86_64