CRAN Package Check Results for Package fiftystater

Last updated on 2018-02-22 20:46:30 CET.

Flavor Version Tinstall Tcheck Ttotal Status Flags
r-devel-linux-x86_64-debian-clang 1.0.1 0.74 23.27 24.01 OK
r-devel-linux-x86_64-debian-gcc 1.0.1 0.83 19.84 20.67 OK
r-devel-linux-x86_64-fedora-clang 1.0.1 30.79 OK
r-devel-linux-x86_64-fedora-gcc 1.0.1 29.58 OK
r-devel-windows-ix86+x86_64 1.0.1 3.00 38.00 41.00 OK
r-patched-linux-x86_64 1.0.1 0.97 33.00 33.97 OK
r-patched-solaris-x86 1.0.1 52.80 OK
r-release-linux-x86_64 1.0.1 0.79 34.12 34.91 OK
r-release-windows-ix86+x86_64 1.0.1 3.00 61.00 64.00 OK
r-release-osx-x86_64 1.0.1 OK
r-oldrel-windows-ix86+x86_64 1.0.1 2.00 37.00 39.00 OK
r-oldrel-osx-x86_64 1.0.1 WARN

Check Details

Version: 1.0.1
Check: re-building of vignette outputs
Result: WARN
    Error in re-building vignettes:
     ...
    Warning in engine$weave(file, quiet = quiet, encoding = enc) :
     Pandoc (>= 1.12.3) and/or pandoc-citeproc not available. Falling back to R Markdown v1.
    Quitting from lines 83-87 (fiftystater.Rmd)
    Error: processing vignette 'fiftystater.Rmd' failed with diagnostics:
    ScaleColorPlane was built with an incompatible version of ggproto.
    Please reinstall the package that provides this extension.
    Execution halted
Flavor: r-oldrel-osx-x86_64