CRAN Package Check Results for Package fiftystater

Last updated on 2018-05-26 12:48:11 CEST.

Flavor Version Tinstall Tcheck Ttotal Status Flags
r-devel-linux-x86_64-debian-clang 1.0.1 1.05 25.77 26.82 WARN
r-devel-linux-x86_64-debian-gcc 1.0.1 0.80 20.37 21.17 WARN
r-devel-linux-x86_64-fedora-clang 1.0.1 33.27 OK
r-devel-linux-x86_64-fedora-gcc 1.0.1 34.03 OK
r-devel-windows-ix86+x86_64 1.0.1 3.00 58.00 61.00 OK
r-patched-linux-x86_64 1.0.1 0.78 23.67 24.45 WARN
r-patched-solaris-x86 1.0.1 48.90 OK
r-release-linux-x86_64 1.0.1 0.98 24.08 25.06 WARN
r-release-windows-ix86+x86_64 1.0.1 3.00 49.00 52.00 OK
r-release-osx-x86_64 1.0.1 OK
r-oldrel-windows-ix86+x86_64 1.0.1 4.00 88.00 92.00 OK
r-oldrel-osx-x86_64 1.0.1 OK

Check Details

Version: 1.0.1
Check: re-building of vignette outputs
Result: WARN
    Error in re-building vignettes:
     ...
    Quitting from lines 83-87 (fiftystater.Rmd)
    Error: processing vignette ‘fiftystater.Rmd’ failed with diagnostics:
    no applicable method for ‘guide_train’ applied to an object of class "c('guide', 'colorplane')"
    Execution halted
Flavors: r-devel-linux-x86_64-debian-clang, r-devel-linux-x86_64-debian-gcc, r-patched-linux-x86_64, r-release-linux-x86_64