CRAN Package Check Results for Package fiftystater

Last updated on 2018-08-19 20:50:09 CEST.

Flavor Version Tinstall Tcheck Ttotal Status Flags
r-devel-linux-x86_64-debian-clang 1.0.1 0.90 28.29 29.19 WARN
r-devel-linux-x86_64-debian-gcc 1.0.1 0.95 22.73 23.68 WARN
r-devel-linux-x86_64-fedora-clang 1.0.1 35.89 WARN
r-devel-linux-x86_64-fedora-gcc 1.0.1 35.74 WARN
r-devel-windows-ix86+x86_64 1.0.1 3.00 56.00 59.00 WARN
r-patched-linux-x86_64 1.0.1 1.05 25.33 26.38 WARN
r-patched-solaris-x86 1.0.1 52.90 WARN
r-release-linux-x86_64 1.0.1 0.89 25.49 26.38 WARN
r-release-windows-ix86+x86_64 1.0.1 4.00 51.00 55.00 WARN
r-release-osx-x86_64 1.0.1 OK
r-oldrel-windows-ix86+x86_64 1.0.1 2.00 45.00 47.00 WARN
r-oldrel-osx-x86_64 1.0.1 OK

Check Details

Version: 1.0.1
Check: re-building of vignette outputs
Result: WARN
    Error in re-building vignettes:
     ...
    Quitting from lines 83-87 (fiftystater.Rmd)
    Error: processing vignette ‘fiftystater.Rmd’ failed with diagnostics:
    no applicable method for ‘guide_train’ applied to an object of class "c('guide', 'colorplane')"
    Execution halted
Flavors: r-devel-linux-x86_64-debian-clang, r-devel-linux-x86_64-debian-gcc, r-patched-linux-x86_64, r-release-linux-x86_64

Version: 1.0.1
Check: re-building of vignette outputs
Result: WARN
    Error in re-building vignettes:
     ...
    Quitting from lines 83-87 (fiftystater.Rmd)
    Error: processing vignette 'fiftystater.Rmd' failed with diagnostics:
    unused argument (output)
    Execution halted
Flavors: r-devel-linux-x86_64-fedora-clang, r-devel-linux-x86_64-fedora-gcc, r-devel-windows-ix86+x86_64, r-release-windows-ix86+x86_64, r-oldrel-windows-ix86+x86_64

Version: 1.0.1
Check: re-building of vignette outputs
Result: WARN
    Error in re-building vignettes:
     ...
    Warning in engine$weave(file, quiet = quiet, encoding = enc) :
     Pandoc (>= 1.12.3) and/or pandoc-citeproc not available. Falling back to R Markdown v1.
    Quitting from lines 83-87 (fiftystater.Rmd)
    Error: processing vignette 'fiftystater.Rmd' failed with diagnostics:
    unused argument (output)
    Execution halted
Flavor: r-patched-solaris-x86