CRAN Package Check Results for Package filehash

Last updated on 2019-12-07 08:49:26 CET.

Flavor Version Tinstall Tcheck Ttotal Status Flags
r-devel-linux-x86_64-debian-clang 2.4-2 5.96 31.89 37.85 NOTE
r-devel-linux-x86_64-debian-gcc 2.4-2 4.39 25.76 30.15 NOTE
r-devel-linux-x86_64-fedora-clang 2.4-2 45.35 NOTE
r-devel-linux-x86_64-fedora-gcc 2.4-2 47.83 NOTE
r-devel-windows-ix86+x86_64 2.4-2 15.00 73.00 88.00 OK
r-devel-windows-ix86+x86_64-gcc8 2.4-2 16.00 60.00 76.00 OK
r-patched-linux-x86_64 2.4-2 4.65 29.55 34.20 OK
r-patched-solaris-x86 2.4-2 69.00 OK
r-release-linux-x86_64 2.4-2 4.62 29.60 34.22 OK
r-release-windows-ix86+x86_64 2.4-2 16.00 75.00 91.00 OK
r-release-osx-x86_64 2.4-2 OK
r-oldrel-windows-ix86+x86_64 2.4-2 12.00 54.00 66.00 OK
r-oldrel-osx-x86_64 2.4-2 OK

Check Details

Version: 2.4-2
Check: for non-standard things in the check directory
Result: NOTE
    Found the following files/directories:
     'dataframe.dump' 'list.dump' 'myDB'
Flavors: r-devel-linux-x86_64-debian-clang, r-devel-linux-x86_64-debian-gcc, r-devel-linux-x86_64-fedora-clang, r-devel-linux-x86_64-fedora-gcc