CRAN Package Check Results for Package filehash

Last updated on 2020-07-07 07:47:55 CEST.

Flavor Version Tinstall Tcheck Ttotal Status Flags
r-devel-linux-x86_64-debian-clang 2.4-2 5.95 32.86 38.81 NOTE
r-devel-linux-x86_64-debian-gcc 2.4-2 4.37 26.53 30.90 NOTE
r-devel-linux-x86_64-fedora-clang 2.4-2 56.50 NOTE
r-devel-linux-x86_64-fedora-gcc 2.4-2 47.70 NOTE
r-devel-windows-ix86+x86_64 2.4-2 17.00 63.00 80.00 OK
r-patched-linux-x86_64 2.4-2 5.23 32.75 37.98 NOTE
r-patched-solaris-x86 2.4-2 70.80 NOTE
r-release-linux-x86_64 2.4-2 5.15 32.97 38.12 NOTE
r-release-osx-x86_64 2.4-2 OK
r-release-windows-ix86+x86_64 2.4-2 15.00 63.00 78.00 OK
r-oldrel-osx-x86_64 2.4-2 OK
r-oldrel-windows-ix86+x86_64 2.4-2 16.00 75.00 91.00 OK

Check Details

Version: 2.4-2
Check: for non-standard things in the check directory
Result: NOTE
    Found the following files/directories:
     'dataframe.dump' 'list.dump' 'myDB'
Flavors: r-devel-linux-x86_64-debian-clang, r-devel-linux-x86_64-debian-gcc, r-devel-linux-x86_64-fedora-clang, r-devel-linux-x86_64-fedora-gcc, r-patched-linux-x86_64, r-patched-solaris-x86, r-release-linux-x86_64