CRAN Package Check Results for Package filehash

Last updated on 2021-03-05 13:48:23 CET.

Flavor Version Tinstall Tcheck Ttotal Status Flags
r-devel-linux-x86_64-debian-clang 2.4-2 5.99 37.84 43.83 NOTE
r-devel-linux-x86_64-debian-gcc 2.4-2 4.22 29.04 33.26 NOTE
r-devel-linux-x86_64-fedora-clang 2.4-2 62.45 NOTE
r-devel-linux-x86_64-fedora-gcc 2.4-2 51.92 NOTE
r-devel-windows-ix86+x86_64 2.4-2 16.00 70.00 86.00 OK
r-patched-linux-x86_64 2.4-2 NOTE
r-patched-solaris-x86 2.4-2 82.30 NOTE
r-release-linux-x86_64 2.4-2 6.42 35.96 42.38 NOTE
r-release-macos-x86_64 2.4-2 OK
r-release-windows-ix86+x86_64 2.4-2 26.00 53.00 79.00 OK
r-oldrel-macos-x86_64 2.4-2 OK
r-oldrel-windows-ix86+x86_64 2.4-2 16.00 75.00 91.00 OK

Check Details

Version: 2.4-2
Check: for non-standard things in the check directory
Result: NOTE
    Found the following files/directories:
     'dataframe.dump' 'list.dump' 'myDB'
Flavors: r-devel-linux-x86_64-debian-clang, r-devel-linux-x86_64-debian-gcc, r-devel-linux-x86_64-fedora-clang, r-devel-linux-x86_64-fedora-gcc, r-patched-linux-x86_64, r-patched-solaris-x86, r-release-linux-x86_64