Last updated on 2019-12-06 05:46:35 CET.
Flavor | Version | Tinstall | Tcheck | Ttotal | Status | Flags |
---|---|---|---|---|---|---|
r-devel-linux-x86_64-debian-clang | 0.9.7 | 16.45 | 291.05 | 307.50 | OK | |
r-devel-linux-x86_64-debian-gcc | 0.9.7 | 13.10 | 214.70 | 227.80 | OK | |
r-devel-linux-x86_64-fedora-clang | 0.9.7 | 331.14 | OK | |||
r-devel-linux-x86_64-fedora-gcc | 0.9.7 | 360.67 | OK | |||
r-devel-windows-ix86+x86_64 | 0.9.7 | 43.00 | 411.00 | 454.00 | OK | |
r-devel-windows-ix86+x86_64-gcc8 | 0.9.7 | 38.00 | 326.00 | 364.00 | OK | |
r-patched-linux-x86_64 | 0.9.7 | 13.96 | 260.90 | 274.86 | OK | |
r-patched-solaris-x86 | 0.9.7 | 495.00 | NOTE | |||
r-release-linux-x86_64 | 0.9.7 | 15.13 | 261.50 | 276.63 | OK | |
r-release-windows-ix86+x86_64 | 0.9.7 | 31.00 | 304.00 | 335.00 | OK | |
r-release-osx-x86_64 | 0.9.7 | OK | ||||
r-oldrel-windows-ix86+x86_64 | 0.9.7 | 21.00 | 365.00 | 386.00 | OK | |
r-oldrel-osx-x86_64 | 0.9.7 | OK |
Version: 0.9.7
Check: installed package size
Result: NOTE
installed size is 5.1Mb
sub-directories of 1Mb or more:
doc 4.3Mb
Flavor: r-patched-solaris-x86