CRAN Package Check Results for Package finch

Last updated on 2024-04-17 03:51:11 CEST.

Flavor Version Tinstall Tcheck Ttotal Status Flags
r-devel-linux-x86_64-debian-clang 0.4.0 5.52 64.93 70.45 NOTE
r-devel-linux-x86_64-debian-gcc 0.4.0 6.34 49.46 55.80 NOTE
r-devel-linux-x86_64-fedora-clang 0.4.0 91.40 NOTE
r-devel-linux-x86_64-fedora-gcc 0.4.0 90.20 NOTE
r-prerel-macos-arm64 0.4.0 28.00 NOTE
r-prerel-windows-x86_64 0.4.0 8.00 66.00 74.00 NOTE
r-patched-linux-x86_64 0.4.0 6.47 61.94 68.41 NOTE
r-release-linux-x86_64 0.4.0 4.71 62.04 66.75 NOTE
r-release-macos-arm64 0.4.0 30.00 NOTE
r-release-macos-x86_64 0.4.0 42.00 NOTE
r-release-windows-x86_64 0.4.0 10.00 74.00 84.00 NOTE
r-oldrel-macos-arm64 0.4.0 26.00 NOTE
r-oldrel-windows-x86_64 0.4.0 10.00 76.00 86.00 NOTE

Check Details

Version: 0.4.0
Check: LazyData
Result: NOTE 'LazyData' is specified without a 'data' directory Flavors: r-devel-linux-x86_64-debian-clang, r-devel-linux-x86_64-debian-gcc, r-devel-linux-x86_64-fedora-clang, r-devel-linux-x86_64-fedora-gcc, r-prerel-macos-arm64, r-prerel-windows-x86_64, r-patched-linux-x86_64, r-release-linux-x86_64, r-release-macos-arm64, r-release-macos-x86_64, r-release-windows-x86_64, r-oldrel-macos-arm64, r-oldrel-windows-x86_64