CRAN Package Check Results for Package findR

Last updated on 2022-12-10 07:56:52 CET.

Flavor Version Tinstall Tcheck Ttotal Status Flags
r-devel-linux-x86_64-debian-clang 0.2.1 2.04 25.94 27.98 NOTE
r-devel-linux-x86_64-debian-gcc 0.2.1 2.09 20.21 22.30 NOTE
r-devel-linux-x86_64-fedora-clang 0.2.1 42.94 NOTE
r-devel-linux-x86_64-fedora-gcc 0.2.1 42.22 NOTE
r-devel-windows-x86_64 0.2.1 11.00 54.00 65.00 NOTE
r-patched-linux-x86_64 0.2.1 2.78 23.58 26.36 NOTE
r-release-linux-x86_64 0.2.1 2.62 23.33 25.95 NOTE
r-release-macos-arm64 0.2.1 15.00 NOTE
r-release-macos-x86_64 0.2.1 21.00 NOTE
r-release-windows-x86_64 0.2.1 10.00 51.00 61.00 NOTE
r-oldrel-macos-arm64 0.2.1 19.00 NOTE
r-oldrel-macos-x86_64 0.2.1 26.00 NOTE
r-oldrel-windows-ix86+x86_64 0.2.1 7.00 46.00 53.00 NOTE

Check Details

Version: 0.2.1
Check: LazyData
Result: NOTE
     'LazyData' is specified without a 'data' directory
Flavors: r-devel-linux-x86_64-debian-clang, r-devel-linux-x86_64-debian-gcc, r-devel-linux-x86_64-fedora-clang, r-devel-linux-x86_64-fedora-gcc, r-devel-windows-x86_64, r-patched-linux-x86_64, r-release-linux-x86_64, r-release-macos-arm64, r-release-macos-x86_64, r-release-windows-x86_64, r-oldrel-macos-arm64, r-oldrel-macos-x86_64, r-oldrel-windows-ix86+x86_64