Last updated on 2022-06-30 05:57:52 CEST.
Flavor | Version | Tinstall | Tcheck | Ttotal | Status | Flags |
---|---|---|---|---|---|---|
r-devel-linux-x86_64-debian-clang | 0.1.3 | 6.29 | 55.01 | 61.30 | NOTE | |
r-devel-linux-x86_64-debian-gcc | 0.1.3 | 5.47 | 41.66 | 47.13 | NOTE | |
r-devel-linux-x86_64-fedora-clang | 0.1.3 | 82.62 | NOTE | |||
r-devel-linux-x86_64-fedora-gcc | 0.1.3 | 83.26 | NOTE | |||
r-devel-windows-x86_64 | 0.1.3 | 29.00 | 77.00 | 106.00 | NOTE | |
r-patched-linux-x86_64 | 0.1.3 | 6.33 | 54.40 | 60.73 | NOTE | |
r-release-linux-x86_64 | 0.1.3 | 5.40 | 52.38 | 57.78 | NOTE | |
r-release-macos-arm64 | 0.1.3 | 24.00 | NOTE | |||
r-release-macos-x86_64 | 0.1.3 | 43.00 | NOTE | |||
r-release-windows-x86_64 | 0.1.3 | 65.00 | 79.00 | 144.00 | NOTE | |
r-oldrel-macos-arm64 | 0.1.3 | 27.00 | NOTE | |||
r-oldrel-macos-x86_64 | 0.1.3 | 45.00 | NOTE | |||
r-oldrel-windows-ix86+x86_64 | 0.1.3 | 15.00 | 72.00 | 87.00 | NOTE |
Version: 0.1.3
Check: LazyData
Result: NOTE
'LazyData' is specified without a 'data' directory
Flavors: r-devel-linux-x86_64-debian-clang, r-devel-linux-x86_64-debian-gcc, r-devel-linux-x86_64-fedora-clang, r-devel-linux-x86_64-fedora-gcc, r-devel-windows-x86_64, r-patched-linux-x86_64, r-release-linux-x86_64, r-release-macos-arm64, r-release-macos-x86_64, r-release-windows-x86_64, r-oldrel-macos-arm64, r-oldrel-macos-x86_64, r-oldrel-windows-ix86+x86_64