Last updated on 2022-07-03 06:54:20 CEST.
Flavor | Version | Tinstall | Tcheck | Ttotal | Status | Flags |
---|---|---|---|---|---|---|
r-devel-linux-x86_64-debian-clang | 1.1 | 39.56 | 161.98 | 201.54 | OK | |
r-devel-linux-x86_64-debian-gcc | 1.1 | 29.56 | 118.49 | 148.05 | OK | |
r-devel-linux-x86_64-fedora-clang | 1.1 | 266.49 | NOTE | |||
r-devel-linux-x86_64-fedora-gcc | 1.1 | 267.36 | NOTE | |||
r-devel-windows-x86_64 | 1.1 | 70.00 | 225.00 | 295.00 | OK | |
r-patched-linux-x86_64 | 1.1 | 41.67 | 171.35 | 213.02 | OK | |
r-release-linux-x86_64 | 1.1 | 41.40 | 170.75 | 212.15 | OK | |
r-release-macos-arm64 | 1.1 | 110.00 | NOTE | |||
r-release-macos-x86_64 | 1.1 | 193.00 | NOTE | |||
r-release-windows-x86_64 | 1.1 | 45.00 | 227.00 | 272.00 | OK | |
r-oldrel-macos-arm64 | 1.1 | 192.00 | NOTE | |||
r-oldrel-macos-x86_64 | 1.1 | 128.00 | NOTE | |||
r-oldrel-windows-ix86+x86_64 | 1.1 | 99.00 | 238.00 | 337.00 | OK |
Version: 1.1
Check: dependencies in R code
Result: NOTE
Namespace in Imports field not imported from: ‘RcppProgress’
All declared Imports should be used.
Flavors: r-devel-linux-x86_64-fedora-clang, r-devel-linux-x86_64-fedora-gcc, r-release-macos-arm64, r-release-macos-x86_64, r-oldrel-macos-arm64, r-oldrel-macos-x86_64