CRAN Package Check Results for Package fingerprint

Last updated on 2019-03-24 08:48:18 CET.

Flavor Version Tinstall Tcheck Ttotal Status Flags
r-devel-linux-x86_64-debian-clang 3.5.7 3.61 26.87 30.48 OK
r-devel-linux-x86_64-debian-gcc 3.5.7 3.20 22.01 25.21 OK
r-devel-linux-x86_64-fedora-clang 3.5.7 37.67 OK
r-devel-linux-x86_64-fedora-gcc 3.5.7 35.57 OK
r-devel-windows-ix86+x86_64 3.5.7 15.00 64.00 79.00 OK
r-patched-linux-x86_64 3.5.7 3.21 25.78 28.99 OK
r-patched-solaris-x86 3.5.7 54.30 OK
r-release-linux-x86_64 3.5.7 0.26 2.13 2.39 ERROR
r-release-windows-ix86+x86_64 3.5.7 9.00 45.00 54.00 OK
r-release-osx-x86_64 3.5.7 OK
r-oldrel-windows-ix86+x86_64 3.5.7 13.00 45.00 58.00 OK
r-oldrel-osx-x86_64 3.5.7 OK

Check Details

Version: 3.5.7
Check: whether package can be installed
Result: ERROR
    Installation failed.
Flavor: r-release-linux-x86_64