CRAN Package Check Results for Package fingertipsR

Last updated on 2018-05-27 13:47:14 CEST.

Flavor Version Tinstall Tcheck Ttotal Status Flags
r-devel-linux-x86_64-debian-clang 0.1.6 3.16 114.77 117.93 ERROR
r-devel-linux-x86_64-debian-gcc 0.1.7 2.64 87.27 89.91 OK
r-devel-linux-x86_64-fedora-clang 0.1.7 139.17 NOTE
r-devel-linux-x86_64-fedora-gcc 0.1.7 135.28 NOTE
r-devel-windows-ix86+x86_64 0.1.7 11.00 333.00 344.00 OK
r-patched-linux-x86_64 0.1.6 2.52 105.19 107.71 OK
r-patched-solaris-x86 0.1.7 156.60 WARN
r-release-linux-x86_64 0.1.7 2.37 111.05 113.42 OK
r-release-windows-ix86+x86_64 0.1.7 6.00 382.00 388.00 OK
r-release-osx-x86_64 0.1.7 WARN
r-oldrel-windows-ix86+x86_64 0.1.6 11.00 278.00 289.00 OK
r-oldrel-osx-x86_64 0.1.5 WARN

Check Details

Version: 0.1.6
Check: tests
Result: ERROR
     Running ‘testthat.R’ [56s/203s]
    Running the tests in ‘tests/testthat.R’ failed.
    Complete output:
     > library(testthat)
     > library(fingertipsR)
     >
     > test_check("fingertipsR")
     ── 1. Error: the area_types function works correctly (@test-area_types.R#7) ───
     Timeout was reached: Operation timed out after 10000 milliseconds with 0 out of 0 bytes received
     1: expect_is(area_types(), "data.frame") at testthat/test-area_types.R:7
     2: quasi_label(enquo(object), label)
     3: eval_bare(get_expr(quo), get_env(quo))
     4: area_types()
     5: paste0(path, "area_types/parent_area_types") %>% GET %>% content("text") %>% fromJSON
     6: withVisible(eval(quote(`_fseq`(`_lhs`)), env, env))
     7: eval(quote(`_fseq`(`_lhs`)), env, env)
     8: eval(quote(`_fseq`(`_lhs`)), env, env)
     9: `_fseq`(`_lhs`)
     10: freduce(value, `_function_list`)
     11: function_list[[i]](value)
     12: GET(.)
     13: request_perform(req, hu$handle$handle)
     14: request_fetch(req$output, req$url, handle)
     15: request_fetch.write_memory(req$output, req$url, handle)
     16: curl::curl_fetch_memory(url, handle = handle)
    
     This may take a few moments... On 25/05/2018 Fingertips consisted of 67 profiles, made up of 4720 indicators and 1700 distinct indicators.══ testthat results ═══════════════════════════════════════════════════════════
     OK: 65 SKIPPED: 0 FAILED: 1
     1. Error: the area_types function works correctly (@test-area_types.R#7)
    
     Error: testthat unit tests failed
     Execution halted
Flavor: r-devel-linux-x86_64-debian-clang

Version: 0.1.7
Check: dependencies in R code
Result: NOTE
    Namespace in Imports field not imported from: ‘purrr’
     All declared Imports should be used.
Flavors: r-devel-linux-x86_64-fedora-clang, r-devel-linux-x86_64-fedora-gcc, r-patched-solaris-x86, r-release-osx-x86_64

Version: 0.1.7
Check: re-building of vignette outputs
Result: WARN
    Error in re-building vignettes:
     ...
    Warning in engine$weave(file, quiet = quiet, encoding = enc) :
     Pandoc (>= 1.12.3) and/or pandoc-citeproc not available. Falling back to R Markdown v1.
    Quitting from lines 70-72 (lifeExpectancy.Rmd)
    Error: processing vignette 'lifeExpectancy.Rmd' failed with diagnostics:
    there is no package called 'webshot'
    Execution halted
Flavor: r-patched-solaris-x86

Version: 0.1.7
Check: re-building of vignette outputs
Result: WARN
    Error in re-building vignettes:
     ...
    Warning in engine$weave(file, quiet = quiet, encoding = enc) :
     Pandoc (>= 1.12.3) and/or pandoc-citeproc not available. Falling back to R Markdown v1.
    Quitting from lines 70-72 (lifeExpectancy.Rmd)
    Error: processing vignette 'lifeExpectancy.Rmd' failed with diagnostics:
    cannot open the connection
    Execution halted
Flavor: r-release-osx-x86_64

Version: 0.1.5
Check: dependencies in R code
Result: NOTE
    Namespace in Imports field not imported from: ‘purrr’
     All declared Imports should be used.
Flavor: r-oldrel-osx-x86_64

Version: 0.1.5
Check: re-building of vignette outputs
Result: WARN
    Error in re-building vignettes:
     ...
    Warning in engine$weave(file, quiet = quiet, encoding = enc) :
     Pandoc (>= 1.12.3) and/or pandoc-citeproc not available. Falling back to R Markdown v1.
    Quitting from lines 70-72 (lifeExpectancy.Rmd)
    Error: processing vignette 'lifeExpectancy.Rmd' failed with diagnostics:
    cannot open the connection
    Execution halted
Flavor: r-oldrel-osx-x86_64