CRAN Package Check Results for Package fingertipsR

Last updated on 2019-01-23 08:49:03 CET.

Flavor Version Tinstall Tcheck Ttotal Status Flags
r-devel-linux-x86_64-debian-clang 0.2.0 3.62 80.03 83.65 OK
r-devel-linux-x86_64-debian-gcc 0.2.0 2.74 60.72 63.46 OK
r-devel-linux-x86_64-fedora-clang 0.2.0 99.92 NOTE
r-devel-linux-x86_64-fedora-gcc 0.2.0 88.85 NOTE
r-devel-windows-ix86+x86_64 0.2.0 10.00 206.00 216.00 OK
r-patched-linux-x86_64 0.2.0 2.87 71.25 74.12 OK
r-patched-solaris-x86 0.2.0 114.10 WARN
r-release-linux-x86_64 0.2.0 3.73 70.77 74.50 OK
r-release-windows-ix86+x86_64 0.2.0 7.00 169.00 176.00 OK
r-release-osx-x86_64 0.2.0 WARN
r-oldrel-windows-ix86+x86_64 0.2.0 17.00 213.00 230.00 OK
r-oldrel-osx-x86_64 0.2.0 WARN

Check Details

Version: 0.2.0
Check: dependencies in R code
Result: NOTE
    Namespace in Imports field not imported from: ‘purrr’
     All declared Imports should be used.
Flavors: r-devel-linux-x86_64-fedora-clang, r-devel-linux-x86_64-fedora-gcc, r-patched-solaris-x86, r-release-osx-x86_64, r-oldrel-osx-x86_64

Version: 0.2.0
Check: re-building of vignette outputs
Result: WARN
    Error in re-building vignettes:
     ...
    Warning in engine$weave(file, quiet = quiet, encoding = enc) :
     Pandoc (>= 1.12.3) and/or pandoc-citeproc not available. Falling back to R Markdown v1.
    Quitting from lines 70-72 (lifeExpectancy.Rmd)
    Error: processing vignette 'lifeExpectancy.Rmd' failed with diagnostics:
    there is no package called 'webshot'
    Execution halted
Flavor: r-patched-solaris-x86

Version: 0.2.0
Check: re-building of vignette outputs
Result: WARN
    Error in re-building vignettes:
     ...
    Warning in engine$weave(file, quiet = quiet, encoding = enc) :
     Pandoc (>= 1.12.3) and/or pandoc-citeproc not available. Falling back to R Markdown v1.
    Quitting from lines 70-72 (lifeExpectancy.Rmd)
    Error: processing vignette 'lifeExpectancy.Rmd' failed with diagnostics:
    cannot open the connection
    Execution halted
Flavors: r-release-osx-x86_64, r-oldrel-osx-x86_64