CRAN Package Check Results for Package fingertipsR

Last updated on 2018-02-22 02:51:39 CET.

Flavor Version Tinstall Tcheck Ttotal Status Flags
r-devel-linux-x86_64-debian-clang 0.1.5 2.30 91.98 94.28 OK
r-devel-linux-x86_64-debian-gcc 0.1.5 2.01 79.49 81.50 OK
r-devel-linux-x86_64-fedora-clang 0.1.5 125.21 NOTE
r-devel-linux-x86_64-fedora-gcc 0.1.5 130.62 NOTE
r-devel-windows-ix86+x86_64 0.1.5 9.00 243.00 252.00 OK
r-patched-linux-x86_64 0.1.5 2.24 112.00 114.24 OK
r-patched-solaris-x86 0.1.5 142.60 WARN
r-release-linux-x86_64 0.1.5 2.08 110.02 112.10 OK
r-release-windows-ix86+x86_64 0.1.5 9.00 282.00 291.00 OK
r-release-osx-x86_64 0.1.5 WARN
r-oldrel-windows-ix86+x86_64 0.1.5 6.00 238.00 244.00 OK
r-oldrel-osx-x86_64 0.1.3 WARN

Check Details

Version: 0.1.5
Check: dependencies in R code
Result: NOTE
    Namespace in Imports field not imported from: ‘purrr’
     All declared Imports should be used.
Flavors: r-devel-linux-x86_64-fedora-clang, r-devel-linux-x86_64-fedora-gcc, r-patched-solaris-x86, r-release-osx-x86_64

Version: 0.1.5
Check: re-building of vignette outputs
Result: WARN
    Error in re-building vignettes:
     ...
    Warning in engine$weave(file, quiet = quiet, encoding = enc) :
     Pandoc (>= 1.12.3) and/or pandoc-citeproc not available. Falling back to R Markdown v1.
    Quitting from lines 70-72 (lifeExpectancy.Rmd)
    Error: processing vignette 'lifeExpectancy.Rmd' failed with diagnostics:
    cannot open the connection
    Execution halted
Flavors: r-patched-solaris-x86, r-release-osx-x86_64

Version: 0.1.3
Check: re-building of vignette outputs
Result: WARN
    Error in re-building vignettes:
     ...
    Warning in engine$weave(file, quiet = quiet, encoding = enc) :
     Pandoc (>= 1.12.3) and/or pandoc-citeproc not available. Falling back to R Markdown v1.
    Quitting from lines 72-74 (lifeExpectancy.Rmd)
    Error: processing vignette 'lifeExpectancy.Rmd' failed with diagnostics:
    cannot open the connection
    Execution halted
Flavor: r-oldrel-osx-x86_64