CRAN Package Check Results for Package fingertipsR

Last updated on 2018-08-16 16:52:29 CEST.

Flavor Version Tinstall Tcheck Ttotal Status Flags
r-devel-linux-x86_64-debian-clang 0.1.8 3.39 121.58 124.97 ERROR
r-devel-linux-x86_64-debian-gcc 0.1.8 2.60 90.12 92.72 ERROR
r-devel-linux-x86_64-fedora-clang 0.1.8 140.36 ERROR
r-devel-linux-x86_64-fedora-gcc 0.1.8 131.95 ERROR
r-devel-windows-ix86+x86_64 0.1.8 11.00 321.00 332.00 ERROR
r-patched-linux-x86_64 0.1.8 3.14 109.91 113.05 ERROR
r-patched-solaris-x86 0.1.8 159.10 ERROR
r-release-linux-x86_64 0.1.8 2.61 110.21 112.82 ERROR
r-release-windows-ix86+x86_64 0.1.8 9.00 321.00 330.00 ERROR
r-release-osx-x86_64 0.1.8 WARN
r-oldrel-windows-ix86+x86_64 0.1.8 9.00 307.00 316.00 ERROR
r-oldrel-osx-x86_64 0.1.8 WARN

Check Details

Version: 0.1.8
Check: tests
Result: ERROR
     Running ‘testthat.R’ [60s/209s]
    Running the tests in ‘tests/testthat.R’ failed.
    Complete output:
     > library(testthat)
     > library(fingertipsR)
     >
     > test_check("fingertipsR")
     ── 1. Failure: the dimensions of deprivation decile function are as expected (@t
     dim(dep_2010) not equal to c(152, 3).
     1/2 mismatches
     [1] 0 - 152 == -152
    
     ── 2. Failure: the dimensions of deprivation decile function are as expected (@t
     dim(dep_101_2010) not equal to c(326, 3).
     1/2 mismatches
     [1] 0 - 326 == -326
    
     ── 3. Failure: fingertips_redred should return a 25 field data.frame (@test-enha
     ncol(fingertips_redred(10101, Comparator = "England")) not equal to 25.
     1/1 mismatches
     [1] 26 - 25 == 1
    
     ── 4. Failure: fingertips_redred should return a 25 field data.frame (@test-enha
     ncol(fingertips_redred(10101, Comparator = "Parent")) not equal to 25.
     1/1 mismatches
     [1] 26 - 25 == 1
    
     This may take a few moments... On 15/08/2018 Fingertips consisted of 67 profiles, made up of 4730 indicators and 1746 distinct indicators.── 5. Failure: number of fields returned by fingertips_data function are 25 (@te
     ncol(df1) not equal to `ncols`.
     1/1 mismatches
     [1] 26 - 25 == 1
    
     ── 6. Failure: number of fields returned by fingertips_data function are 25 (@te
     ncol(df4) not equal to `ncols`.
     1/1 mismatches
     [1] 26 - 25 == 1
    
     ── 7. Failure: number of fields returned by fingertips_data function are 25 (@te
     ncol(df5) not equal to `ncols`.
     1/1 mismatches
     [1] 26 - 25 == 1
    
     ── 8. Failure: number of fields returned by fingertips_data function are 25 (@te
     ncol(df6) not equal to `ncols`.
     1/1 mismatches
     [1] 26 - 25 == 1
    
     ── 9. Failure: number of fields returned by fingertips_data function are 25 (@te
     ncol(df7) not equal to `ncols`.
     1/1 mismatches
     [1] 26 - 25 == 1
    
     ── 10. Failure: number of fields returned by fingertips_data function are 25 (@t
     ncol(df8) not equal to ncols + 3.
     1/1 mismatches
     [1] 29 - 28 == 1
    
     ══ testthat results ═══════════════════════════════════════════════════════════
     OK: 64 SKIPPED: 0 FAILED: 10
     1. Failure: the dimensions of deprivation decile function are as expected (@test-deprivation.R#15)
     2. Failure: the dimensions of deprivation decile function are as expected (@test-deprivation.R#17)
     3. Failure: fingertips_redred should return a 25 field data.frame (@test-enhancements.R#12)
     4. Failure: fingertips_redred should return a 25 field data.frame (@test-enhancements.R#13)
     5. Failure: number of fields returned by fingertips_data function are 25 (@test-extract.R#49)
     6. Failure: number of fields returned by fingertips_data function are 25 (@test-extract.R#50)
     7. Failure: number of fields returned by fingertips_data function are 25 (@test-extract.R#51)
     8. Failure: number of fields returned by fingertips_data function are 25 (@test-extract.R#52)
     9. Failure: number of fields returned by fingertips_data function are 25 (@test-extract.R#53)
     10. Failure: number of fields returned by fingertips_data function are 25 (@test-extract.R#54)
    
     Error: testthat unit tests failed
     Execution halted
Flavor: r-devel-linux-x86_64-debian-clang

Version: 0.1.8
Check: tests
Result: ERROR
     Running ‘testthat.R’ [42s/184s]
    Running the tests in ‘tests/testthat.R’ failed.
    Complete output:
     > library(testthat)
     > library(fingertipsR)
     >
     > test_check("fingertipsR")
     ── 1. Failure: the dimensions of deprivation decile function are as expected (@t
     dim(dep_2010) not equal to c(152, 3).
     1/2 mismatches
     [1] 0 - 152 == -152
    
     ── 2. Failure: the dimensions of deprivation decile function are as expected (@t
     dim(dep_101_2010) not equal to c(326, 3).
     1/2 mismatches
     [1] 0 - 326 == -326
    
     ── 3. Failure: fingertips_redred should return a 25 field data.frame (@test-enha
     ncol(fingertips_redred(10101, Comparator = "England")) not equal to 25.
     1/1 mismatches
     [1] 26 - 25 == 1
    
     ── 4. Failure: fingertips_redred should return a 25 field data.frame (@test-enha
     ncol(fingertips_redred(10101, Comparator = "Parent")) not equal to 25.
     1/1 mismatches
     [1] 26 - 25 == 1
    
     This may take a few moments... On 16/08/2018 Fingertips consisted of 67 profiles, made up of 4730 indicators and 1746 distinct indicators.── 5. Failure: number of fields returned by fingertips_data function are 25 (@te
     ncol(df1) not equal to `ncols`.
     1/1 mismatches
     [1] 26 - 25 == 1
    
     ── 6. Failure: number of fields returned by fingertips_data function are 25 (@te
     ncol(df4) not equal to `ncols`.
     1/1 mismatches
     [1] 26 - 25 == 1
    
     ── 7. Failure: number of fields returned by fingertips_data function are 25 (@te
     ncol(df5) not equal to `ncols`.
     1/1 mismatches
     [1] 26 - 25 == 1
    
     ── 8. Failure: number of fields returned by fingertips_data function are 25 (@te
     ncol(df6) not equal to `ncols`.
     1/1 mismatches
     [1] 26 - 25 == 1
    
     ── 9. Failure: number of fields returned by fingertips_data function are 25 (@te
     ncol(df7) not equal to `ncols`.
     1/1 mismatches
     [1] 26 - 25 == 1
    
     ── 10. Failure: number of fields returned by fingertips_data function are 25 (@t
     ncol(df8) not equal to ncols + 3.
     1/1 mismatches
     [1] 29 - 28 == 1
    
     ══ testthat results ═══════════════════════════════════════════════════════════
     OK: 64 SKIPPED: 0 FAILED: 10
     1. Failure: the dimensions of deprivation decile function are as expected (@test-deprivation.R#15)
     2. Failure: the dimensions of deprivation decile function are as expected (@test-deprivation.R#17)
     3. Failure: fingertips_redred should return a 25 field data.frame (@test-enhancements.R#12)
     4. Failure: fingertips_redred should return a 25 field data.frame (@test-enhancements.R#13)
     5. Failure: number of fields returned by fingertips_data function are 25 (@test-extract.R#49)
     6. Failure: number of fields returned by fingertips_data function are 25 (@test-extract.R#50)
     7. Failure: number of fields returned by fingertips_data function are 25 (@test-extract.R#51)
     8. Failure: number of fields returned by fingertips_data function are 25 (@test-extract.R#52)
     9. Failure: number of fields returned by fingertips_data function are 25 (@test-extract.R#53)
     10. Failure: number of fields returned by fingertips_data function are 25 (@test-extract.R#54)
    
     Error: testthat unit tests failed
     Execution halted
Flavor: r-devel-linux-x86_64-debian-gcc

Version: 0.1.8
Check: dependencies in R code
Result: NOTE
    Namespace in Imports field not imported from: ‘purrr’
     All declared Imports should be used.
Flavors: r-devel-linux-x86_64-fedora-clang, r-devel-linux-x86_64-fedora-gcc, r-patched-solaris-x86, r-release-osx-x86_64, r-oldrel-osx-x86_64

Version: 0.1.8
Check: tests
Result: ERROR
     Running ‘testthat.R’ [63s/141s]
    Running the tests in ‘tests/testthat.R’ failed.
    Complete output:
     > library(testthat)
     > library(fingertipsR)
     >
     > test_check("fingertipsR")
     ── 1. Failure: the dimensions of deprivation decile function are as expected (@t
     dim(dep_2010) not equal to c(152, 3).
     1/2 mismatches
     [1] 0 - 152 == -152
    
     ── 2. Failure: the dimensions of deprivation decile function are as expected (@t
     dim(dep_101_2010) not equal to c(326, 3).
     1/2 mismatches
     [1] 0 - 326 == -326
    
     ── 3. Failure: fingertips_redred should return a 25 field data.frame (@test-enha
     ncol(fingertips_redred(10101, Comparator = "England")) not equal to 25.
     1/1 mismatches
     [1] 26 - 25 == 1
    
     ── 4. Failure: fingertips_redred should return a 25 field data.frame (@test-enha
     ncol(fingertips_redred(10101, Comparator = "Parent")) not equal to 25.
     1/1 mismatches
     [1] 26 - 25 == 1
    
     This may take a few moments... On 16/08/2018 Fingertips consisted of 67 profiles, made up of 4730 indicators and 1746 distinct indicators.── 5. Failure: number of fields returned by fingertips_data function are 25 (@te
     ncol(df1) not equal to `ncols`.
     1/1 mismatches
     [1] 26 - 25 == 1
    
     ── 6. Failure: number of fields returned by fingertips_data function are 25 (@te
     ncol(df4) not equal to `ncols`.
     1/1 mismatches
     [1] 26 - 25 == 1
    
     ── 7. Failure: number of fields returned by fingertips_data function are 25 (@te
     ncol(df5) not equal to `ncols`.
     1/1 mismatches
     [1] 26 - 25 == 1
    
     ── 8. Failure: number of fields returned by fingertips_data function are 25 (@te
     ncol(df6) not equal to `ncols`.
     1/1 mismatches
     [1] 26 - 25 == 1
    
     ── 9. Failure: number of fields returned by fingertips_data function are 25 (@te
     ncol(df7) not equal to `ncols`.
     1/1 mismatches
     [1] 26 - 25 == 1
    
     ── 10. Failure: number of fields returned by fingertips_data function are 25 (@t
     ncol(df8) not equal to ncols + 3.
     1/1 mismatches
     [1] 29 - 28 == 1
    
     ══ testthat results ═══════════════════════════════════════════════════════════
     OK: 64 SKIPPED: 0 FAILED: 10
     1. Failure: the dimensions of deprivation decile function are as expected (@test-deprivation.R#15)
     2. Failure: the dimensions of deprivation decile function are as expected (@test-deprivation.R#17)
     3. Failure: fingertips_redred should return a 25 field data.frame (@test-enhancements.R#12)
     4. Failure: fingertips_redred should return a 25 field data.frame (@test-enhancements.R#13)
     5. Failure: number of fields returned by fingertips_data function are 25 (@test-extract.R#49)
     6. Failure: number of fields returned by fingertips_data function are 25 (@test-extract.R#50)
     7. Failure: number of fields returned by fingertips_data function are 25 (@test-extract.R#51)
     8. Failure: number of fields returned by fingertips_data function are 25 (@test-extract.R#52)
     9. Failure: number of fields returned by fingertips_data function are 25 (@test-extract.R#53)
     10. Failure: number of fields returned by fingertips_data function are 25 (@test-extract.R#54)
    
     Error: testthat unit tests failed
     Execution halted
Flavor: r-devel-linux-x86_64-fedora-clang

Version: 0.1.8
Check: tests
Result: ERROR
     Running ‘testthat.R’ [60s/135s]
    Running the tests in ‘tests/testthat.R’ failed.
    Complete output:
     > library(testthat)
     > library(fingertipsR)
     >
     > test_check("fingertipsR")
     ── 1. Failure: the dimensions of deprivation decile function are as expected (@t
     dim(dep_2010) not equal to c(152, 3).
     1/2 mismatches
     [1] 0 - 152 == -152
    
     ── 2. Failure: the dimensions of deprivation decile function are as expected (@t
     dim(dep_101_2010) not equal to c(326, 3).
     1/2 mismatches
     [1] 0 - 326 == -326
    
     ── 3. Failure: fingertips_redred should return a 25 field data.frame (@test-enha
     ncol(fingertips_redred(10101, Comparator = "England")) not equal to 25.
     1/1 mismatches
     [1] 26 - 25 == 1
    
     ── 4. Failure: fingertips_redred should return a 25 field data.frame (@test-enha
     ncol(fingertips_redred(10101, Comparator = "Parent")) not equal to 25.
     1/1 mismatches
     [1] 26 - 25 == 1
    
     This may take a few moments... On 09/08/2018 Fingertips consisted of 67 profiles, made up of 4730 indicators and 1746 distinct indicators.── 5. Failure: number of fields returned by fingertips_data function are 25 (@te
     ncol(df1) not equal to `ncols`.
     1/1 mismatches
     [1] 26 - 25 == 1
    
     ── 6. Failure: number of fields returned by fingertips_data function are 25 (@te
     ncol(df4) not equal to `ncols`.
     1/1 mismatches
     [1] 26 - 25 == 1
    
     ── 7. Failure: number of fields returned by fingertips_data function are 25 (@te
     ncol(df5) not equal to `ncols`.
     1/1 mismatches
     [1] 26 - 25 == 1
    
     ── 8. Failure: number of fields returned by fingertips_data function are 25 (@te
     ncol(df6) not equal to `ncols`.
     1/1 mismatches
     [1] 26 - 25 == 1
    
     ── 9. Failure: number of fields returned by fingertips_data function are 25 (@te
     ncol(df7) not equal to `ncols`.
     1/1 mismatches
     [1] 26 - 25 == 1
    
     ── 10. Failure: number of fields returned by fingertips_data function are 25 (@t
     ncol(df8) not equal to ncols + 3.
     1/1 mismatches
     [1] 29 - 28 == 1
    
     ══ testthat results ═══════════════════════════════════════════════════════════
     OK: 64 SKIPPED: 0 FAILED: 10
     1. Failure: the dimensions of deprivation decile function are as expected (@test-deprivation.R#15)
     2. Failure: the dimensions of deprivation decile function are as expected (@test-deprivation.R#17)
     3. Failure: fingertips_redred should return a 25 field data.frame (@test-enhancements.R#12)
     4. Failure: fingertips_redred should return a 25 field data.frame (@test-enhancements.R#13)
     5. Failure: number of fields returned by fingertips_data function are 25 (@test-extract.R#49)
     6. Failure: number of fields returned by fingertips_data function are 25 (@test-extract.R#50)
     7. Failure: number of fields returned by fingertips_data function are 25 (@test-extract.R#51)
     8. Failure: number of fields returned by fingertips_data function are 25 (@test-extract.R#52)
     9. Failure: number of fields returned by fingertips_data function are 25 (@test-extract.R#53)
     10. Failure: number of fields returned by fingertips_data function are 25 (@test-extract.R#54)
    
     Error: testthat unit tests failed
     Execution halted
Flavor: r-devel-linux-x86_64-fedora-gcc

Version: 0.1.8
Check: tests
Result: ERROR
     Running 'testthat.R' [187s]
    Running the tests in 'tests/testthat.R' failed.
    Complete output:
     > library(testthat)
     > library(fingertipsR)
     >
     > test_check("fingertipsR")
     -- 1. Failure: the dimensions of deprivation decile function are as expected (@t
     dim(dep_2010) not equal to c(152, 3).
     1/2 mismatches
     [1] 0 - 152 == -152
    
     -- 2. Failure: the dimensions of deprivation decile function are as expected (@t
     dim(dep_101_2010) not equal to c(326, 3).
     1/2 mismatches
     [1] 0 - 326 == -326
    
     -- 3. Failure: fingertips_redred should return a 25 field data.frame (@test-enha
     ncol(fingertips_redred(10101, Comparator = "England")) not equal to 25.
     1/1 mismatches
     [1] 26 - 25 == 1
    
     -- 4. Failure: fingertips_redred should return a 25 field data.frame (@test-enha
     ncol(fingertips_redred(10101, Comparator = "Parent")) not equal to 25.
     1/1 mismatches
     [1] 26 - 25 == 1
    
     This may take a few moments... On 14/08/2018 Fingertips consisted of 67 profiles, made up of 4730 indicators and 1746 distinct indicators.-- 5. Failure: number of fields returned by fingertips_data function are 25 (@te
     ncol(df1) not equal to `ncols`.
     1/1 mismatches
     [1] 26 - 25 == 1
    
     -- 6. Failure: number of fields returned by fingertips_data function are 25 (@te
     ncol(df4) not equal to `ncols`.
     1/1 mismatches
     [1] 26 - 25 == 1
    
     -- 7. Failure: number of fields returned by fingertips_data function are 25 (@te
     ncol(df5) not equal to `ncols`.
     1/1 mismatches
     [1] 26 - 25 == 1
    
     -- 8. Failure: number of fields returned by fingertips_data function are 25 (@te
     ncol(df6) not equal to `ncols`.
     1/1 mismatches
     [1] 26 - 25 == 1
    
     -- 9. Failure: number of fields returned by fingertips_data function are 25 (@te
     ncol(df7) not equal to `ncols`.
     1/1 mismatches
     [1] 26 - 25 == 1
    
     -- 10. Failure: number of fields returned by fingertips_data function are 25 (@t
     ncol(df8) not equal to ncols + 3.
     1/1 mismatches
     [1] 29 - 28 == 1
    
     == testthat results ===========================================================
     OK: 64 SKIPPED: 0 FAILED: 10
     1. Failure: the dimensions of deprivation decile function are as expected (@test-deprivation.R#15)
     2. Failure: the dimensions of deprivation decile function are as expected (@test-deprivation.R#17)
     3. Failure: fingertips_redred should return a 25 field data.frame (@test-enhancements.R#12)
     4. Failure: fingertips_redred should return a 25 field data.frame (@test-enhancements.R#13)
     5. Failure: number of fields returned by fingertips_data function are 25 (@test-extract.R#49)
     6. Failure: number of fields returned by fingertips_data function are 25 (@test-extract.R#50)
     7. Failure: number of fields returned by fingertips_data function are 25 (@test-extract.R#51)
     8. Failure: number of fields returned by fingertips_data function are 25 (@test-extract.R#52)
     9. Failure: number of fields returned by fingertips_data function are 25 (@test-extract.R#53)
     10. Failure: number of fields returned by fingertips_data function are 25 (@test-extract.R#54)
    
     Error: testthat unit tests failed
     Execution halted
Flavor: r-devel-windows-ix86+x86_64

Version: 0.1.8
Check: tests
Result: ERROR
     Running ‘testthat.R’ [55s/208s]
    Running the tests in ‘tests/testthat.R’ failed.
    Complete output:
     > library(testthat)
     > library(fingertipsR)
     >
     > test_check("fingertipsR")
     ── 1. Failure: the dimensions of deprivation decile function are as expected (@t
     dim(dep_2010) not equal to c(152, 3).
     1/2 mismatches
     [1] 0 - 152 == -152
    
     ── 2. Failure: the dimensions of deprivation decile function are as expected (@t
     dim(dep_101_2010) not equal to c(326, 3).
     1/2 mismatches
     [1] 0 - 326 == -326
    
     ── 3. Failure: fingertips_redred should return a 25 field data.frame (@test-enha
     ncol(fingertips_redred(10101, Comparator = "England")) not equal to 25.
     1/1 mismatches
     [1] 26 - 25 == 1
    
     ── 4. Failure: fingertips_redred should return a 25 field data.frame (@test-enha
     ncol(fingertips_redred(10101, Comparator = "Parent")) not equal to 25.
     1/1 mismatches
     [1] 26 - 25 == 1
    
     This may take a few moments... On 16/08/2018 Fingertips consisted of 67 profiles, made up of 4730 indicators and 1746 distinct indicators.── 5. Failure: number of fields returned by fingertips_data function are 25 (@te
     ncol(df1) not equal to `ncols`.
     1/1 mismatches
     [1] 26 - 25 == 1
    
     ── 6. Failure: number of fields returned by fingertips_data function are 25 (@te
     ncol(df4) not equal to `ncols`.
     1/1 mismatches
     [1] 26 - 25 == 1
    
     ── 7. Failure: number of fields returned by fingertips_data function are 25 (@te
     ncol(df5) not equal to `ncols`.
     1/1 mismatches
     [1] 26 - 25 == 1
    
     ── 8. Failure: number of fields returned by fingertips_data function are 25 (@te
     ncol(df6) not equal to `ncols`.
     1/1 mismatches
     [1] 26 - 25 == 1
    
     ── 9. Failure: number of fields returned by fingertips_data function are 25 (@te
     ncol(df7) not equal to `ncols`.
     1/1 mismatches
     [1] 26 - 25 == 1
    
     ── 10. Failure: number of fields returned by fingertips_data function are 25 (@t
     ncol(df8) not equal to ncols + 3.
     1/1 mismatches
     [1] 29 - 28 == 1
    
     ══ testthat results ═══════════════════════════════════════════════════════════
     OK: 64 SKIPPED: 0 FAILED: 10
     1. Failure: the dimensions of deprivation decile function are as expected (@test-deprivation.R#15)
     2. Failure: the dimensions of deprivation decile function are as expected (@test-deprivation.R#17)
     3. Failure: fingertips_redred should return a 25 field data.frame (@test-enhancements.R#12)
     4. Failure: fingertips_redred should return a 25 field data.frame (@test-enhancements.R#13)
     5. Failure: number of fields returned by fingertips_data function are 25 (@test-extract.R#49)
     6. Failure: number of fields returned by fingertips_data function are 25 (@test-extract.R#50)
     7. Failure: number of fields returned by fingertips_data function are 25 (@test-extract.R#51)
     8. Failure: number of fields returned by fingertips_data function are 25 (@test-extract.R#52)
     9. Failure: number of fields returned by fingertips_data function are 25 (@test-extract.R#53)
     10. Failure: number of fields returned by fingertips_data function are 25 (@test-extract.R#54)
    
     Error: testthat unit tests failed
     Execution halted
Flavor: r-patched-linux-x86_64

Version: 0.1.8
Check: tests
Result: ERROR
     Running ‘testthat.R’ [69s/138s]
    Running the tests in ‘tests/testthat.R’ failed.
    Complete output:
     > library(testthat)
     > library(fingertipsR)
     >
     > test_check("fingertipsR")
     ── 1. Error: the area_types function works correctly (@test-area_types.R#7) ───
     Timeout was reached: Resolving timed out after 10000 milliseconds
     1: expect_is(area_types(), "data.frame") at testthat/test-area_types.R:7
     2: quasi_label(enquo(object), label)
     3: eval_bare(get_expr(quo), get_env(quo))
     4: area_types()
     5: paste0(path, "area_types/parent_area_types") %>% GET(use_proxy(ie_get_proxy_for_url(.),
     username = "", password = "", auth = "ntlm")) %>% content("text") %>% fromJSON
     6: withVisible(eval(quote(`_fseq`(`_lhs`)), env, env))
     7: eval(quote(`_fseq`(`_lhs`)), env, env)
     8: eval(quote(`_fseq`(`_lhs`)), env, env)
     9: `_fseq`(`_lhs`)
     10: freduce(value, `_function_list`)
     11: function_list[[i]](value)
     12: GET(., use_proxy(ie_get_proxy_for_url(.), username = "", password = "", auth = "ntlm"))
     13: request_perform(req, hu$handle$handle)
     14: request_fetch(req$output, req$url, handle)
     15: request_fetch.write_memory(req$output, req$url, handle)
     16: curl::curl_fetch_memory(url, handle = handle)
    
     ── 2. Failure: the dimensions of deprivation decile function are as expected (@t
     dim(dep_2010) not equal to c(152, 3).
     1/2 mismatches
     [1] 0 - 152 == -152
    
     ── 3. Failure: the dimensions of deprivation decile function are as expected (@t
     dim(dep_101_2010) not equal to c(326, 3).
     1/2 mismatches
     [1] 0 - 326 == -326
    
     ── 4. Failure: fingertips_redred should return a 25 field data.frame (@test-enha
     ncol(fingertips_redred(10101, Comparator = "England")) not equal to 25.
     1/1 mismatches
     [1] 26 - 25 == 1
    
     ── 5. Failure: fingertips_redred should return a 25 field data.frame (@test-enha
     ncol(fingertips_redred(10101, Comparator = "Parent")) not equal to 25.
     1/1 mismatches
     [1] 26 - 25 == 1
    
     This may take a few moments... On 12/08/2018 Fingertips consisted of 67 profiles, made up of 4730 indicators and 1746 distinct indicators.── 6. Failure: number of fields returned by fingertips_data function are 25 (@te
     ncol(df1) not equal to `ncols`.
     1/1 mismatches
     [1] 26 - 25 == 1
    
     ── 7. Failure: number of fields returned by fingertips_data function are 25 (@te
     ncol(df4) not equal to `ncols`.
     1/1 mismatches
     [1] 26 - 25 == 1
    
     ── 8. Failure: number of fields returned by fingertips_data function are 25 (@te
     ncol(df5) not equal to `ncols`.
     1/1 mismatches
     [1] 26 - 25 == 1
    
     ── 9. Failure: number of fields returned by fingertips_data function are 25 (@te
     ncol(df6) not equal to `ncols`.
     1/1 mismatches
     [1] 26 - 25 == 1
    
     ── 10. Failure: number of fields returned by fingertips_data function are 25 (@t
     ncol(df7) not equal to `ncols`.
     1/1 mismatches
     [1] 26 - 25 == 1
    
     ── 11. Failure: number of fields returned by fingertips_data function are 25 (@t
     ncol(df8) not equal to ncols + 3.
     1/1 mismatches
     [1] 29 - 28 == 1
    
     ══ testthat results ═══════════════════════════════════════════════════════════
     OK: 60 SKIPPED: 0 FAILED: 11
     1. Error: the area_types function works correctly (@test-area_types.R#7)
     2. Failure: the dimensions of deprivation decile function are as expected (@test-deprivation.R#15)
     3. Failure: the dimensions of deprivation decile function are as expected (@test-deprivation.R#17)
     4. Failure: fingertips_redred should return a 25 field data.frame (@test-enhancements.R#12)
     5. Failure: fingertips_redred should return a 25 field data.frame (@test-enhancements.R#13)
     6. Failure: number of fields returned by fingertips_data function are 25 (@test-extract.R#49)
     7. Failure: number of fields returned by fingertips_data function are 25 (@test-extract.R#50)
     8. Failure: number of fields returned by fingertips_data function are 25 (@test-extract.R#51)
     9. Failure: number of fields returned by fingertips_data function are 25 (@test-extract.R#52)
     1. ...
    
     Error: testthat unit tests failed
     Execution halted
Flavor: r-patched-solaris-x86

Version: 0.1.8
Check: re-building of vignette outputs
Result: WARN
    Error in re-building vignettes:
     ...
    Warning in engine$weave(file, quiet = quiet, encoding = enc) :
     Pandoc (>= 1.12.3) and/or pandoc-citeproc not available. Falling back to R Markdown v1.
    Quitting from lines 70-72 (lifeExpectancy.Rmd)
    Error: processing vignette 'lifeExpectancy.Rmd' failed with diagnostics:
    there is no package called 'webshot'
    Execution halted
Flavor: r-patched-solaris-x86

Version: 0.1.8
Check: tests
Result: ERROR
     Running ‘testthat.R’ [54s/202s]
    Running the tests in ‘tests/testthat.R’ failed.
    Complete output:
     > library(testthat)
     > library(fingertipsR)
     >
     > test_check("fingertipsR")
     ── 1. Failure: the dimensions of deprivation decile function are as expected (@t
     dim(dep_2010) not equal to c(152, 3).
     1/2 mismatches
     [1] 0 - 152 == -152
    
     ── 2. Failure: the dimensions of deprivation decile function are as expected (@t
     dim(dep_101_2010) not equal to c(326, 3).
     1/2 mismatches
     [1] 0 - 326 == -326
    
     ── 3. Failure: fingertips_redred should return a 25 field data.frame (@test-enha
     ncol(fingertips_redred(10101, Comparator = "England")) not equal to 25.
     1/1 mismatches
     [1] 26 - 25 == 1
    
     ── 4. Failure: fingertips_redred should return a 25 field data.frame (@test-enha
     ncol(fingertips_redred(10101, Comparator = "Parent")) not equal to 25.
     1/1 mismatches
     [1] 26 - 25 == 1
    
     This may take a few moments... On 15/08/2018 Fingertips consisted of 67 profiles, made up of 4730 indicators and 1746 distinct indicators.── 5. Failure: number of fields returned by fingertips_data function are 25 (@te
     ncol(df1) not equal to `ncols`.
     1/1 mismatches
     [1] 26 - 25 == 1
    
     ── 6. Failure: number of fields returned by fingertips_data function are 25 (@te
     ncol(df4) not equal to `ncols`.
     1/1 mismatches
     [1] 26 - 25 == 1
    
     ── 7. Failure: number of fields returned by fingertips_data function are 25 (@te
     ncol(df5) not equal to `ncols`.
     1/1 mismatches
     [1] 26 - 25 == 1
    
     ── 8. Failure: number of fields returned by fingertips_data function are 25 (@te
     ncol(df6) not equal to `ncols`.
     1/1 mismatches
     [1] 26 - 25 == 1
    
     ── 9. Failure: number of fields returned by fingertips_data function are 25 (@te
     ncol(df7) not equal to `ncols`.
     1/1 mismatches
     [1] 26 - 25 == 1
    
     ── 10. Failure: number of fields returned by fingertips_data function are 25 (@t
     ncol(df8) not equal to ncols + 3.
     1/1 mismatches
     [1] 29 - 28 == 1
    
     ══ testthat results ═══════════════════════════════════════════════════════════
     OK: 64 SKIPPED: 0 FAILED: 10
     1. Failure: the dimensions of deprivation decile function are as expected (@test-deprivation.R#15)
     2. Failure: the dimensions of deprivation decile function are as expected (@test-deprivation.R#17)
     3. Failure: fingertips_redred should return a 25 field data.frame (@test-enhancements.R#12)
     4. Failure: fingertips_redred should return a 25 field data.frame (@test-enhancements.R#13)
     5. Failure: number of fields returned by fingertips_data function are 25 (@test-extract.R#49)
     6. Failure: number of fields returned by fingertips_data function are 25 (@test-extract.R#50)
     7. Failure: number of fields returned by fingertips_data function are 25 (@test-extract.R#51)
     8. Failure: number of fields returned by fingertips_data function are 25 (@test-extract.R#52)
     9. Failure: number of fields returned by fingertips_data function are 25 (@test-extract.R#53)
     10. Failure: number of fields returned by fingertips_data function are 25 (@test-extract.R#54)
    
     Error: testthat unit tests failed
     Execution halted
Flavor: r-release-linux-x86_64

Version: 0.1.8
Check: tests
Result: ERROR
     Running 'testthat.R' [183s]
    Running the tests in 'tests/testthat.R' failed.
    Complete output:
     > library(testthat)
     > library(fingertipsR)
     >
     > test_check("fingertipsR")
     -- 1. Failure: the dimensions of deprivation decile function are as expected (@t
     dim(dep_2010) not equal to c(152, 3).
     1/2 mismatches
     [1] 0 - 152 == -152
    
     -- 2. Failure: the dimensions of deprivation decile function are as expected (@t
     dim(dep_101_2010) not equal to c(326, 3).
     1/2 mismatches
     [1] 0 - 326 == -326
    
     -- 3. Failure: fingertips_redred should return a 25 field data.frame (@test-enha
     ncol(fingertips_redred(10101, Comparator = "England")) not equal to 25.
     1/1 mismatches
     [1] 26 - 25 == 1
    
     -- 4. Failure: fingertips_redred should return a 25 field data.frame (@test-enha
     ncol(fingertips_redred(10101, Comparator = "Parent")) not equal to 25.
     1/1 mismatches
     [1] 26 - 25 == 1
    
     This may take a few moments... On 15/08/2018 Fingertips consisted of 67 profiles, made up of 4730 indicators and 1746 distinct indicators.-- 5. Failure: number of fields returned by fingertips_data function are 25 (@te
     ncol(df1) not equal to `ncols`.
     1/1 mismatches
     [1] 26 - 25 == 1
    
     -- 6. Failure: number of fields returned by fingertips_data function are 25 (@te
     ncol(df4) not equal to `ncols`.
     1/1 mismatches
     [1] 26 - 25 == 1
    
     -- 7. Failure: number of fields returned by fingertips_data function are 25 (@te
     ncol(df5) not equal to `ncols`.
     1/1 mismatches
     [1] 26 - 25 == 1
    
     -- 8. Failure: number of fields returned by fingertips_data function are 25 (@te
     ncol(df6) not equal to `ncols`.
     1/1 mismatches
     [1] 26 - 25 == 1
    
     -- 9. Failure: number of fields returned by fingertips_data function are 25 (@te
     ncol(df7) not equal to `ncols`.
     1/1 mismatches
     [1] 26 - 25 == 1
    
     -- 10. Failure: number of fields returned by fingertips_data function are 25 (@t
     ncol(df8) not equal to ncols + 3.
     1/1 mismatches
     [1] 29 - 28 == 1
    
     == testthat results ===========================================================
     OK: 64 SKIPPED: 0 FAILED: 10
     1. Failure: the dimensions of deprivation decile function are as expected (@test-deprivation.R#15)
     2. Failure: the dimensions of deprivation decile function are as expected (@test-deprivation.R#17)
     3. Failure: fingertips_redred should return a 25 field data.frame (@test-enhancements.R#12)
     4. Failure: fingertips_redred should return a 25 field data.frame (@test-enhancements.R#13)
     5. Failure: number of fields returned by fingertips_data function are 25 (@test-extract.R#49)
     6. Failure: number of fields returned by fingertips_data function are 25 (@test-extract.R#50)
     7. Failure: number of fields returned by fingertips_data function are 25 (@test-extract.R#51)
     8. Failure: number of fields returned by fingertips_data function are 25 (@test-extract.R#52)
     9. Failure: number of fields returned by fingertips_data function are 25 (@test-extract.R#53)
     10. Failure: number of fields returned by fingertips_data function are 25 (@test-extract.R#54)
    
     Error: testthat unit tests failed
     Execution halted
Flavor: r-release-windows-ix86+x86_64

Version: 0.1.8
Check: re-building of vignette outputs
Result: WARN
    Error in re-building vignettes:
     ...
    Warning in engine$weave(file, quiet = quiet, encoding = enc) :
     Pandoc (>= 1.12.3) and/or pandoc-citeproc not available. Falling back to R Markdown v1.
    Quitting from lines 70-72 (lifeExpectancy.Rmd)
    Error: processing vignette 'lifeExpectancy.Rmd' failed with diagnostics:
    cannot open the connection
    Execution halted
Flavors: r-release-osx-x86_64, r-oldrel-osx-x86_64

Version: 0.1.8
Check: tests
Result: ERROR
     Running 'testthat.R' [177s]
    Running the tests in 'tests/testthat.R' failed.
    Complete output:
     > library(testthat)
     > library(fingertipsR)
     >
     > test_check("fingertipsR")
     -- 1. Failure: the dimensions of deprivation decile function are as expected (@t
     dim(dep_2010) not equal to c(152, 3).
     1/2 mismatches
     [1] 0 - 152 == -152
    
     -- 2. Failure: the dimensions of deprivation decile function are as expected (@t
     dim(dep_101_2010) not equal to c(326, 3).
     1/2 mismatches
     [1] 0 - 326 == -326
    
     -- 3. Failure: fingertips_redred should return a 25 field data.frame (@test-enha
     ncol(fingertips_redred(10101, Comparator = "England")) not equal to 25.
     1/1 mismatches
     [1] 26 - 25 == 1
    
     -- 4. Failure: fingertips_redred should return a 25 field data.frame (@test-enha
     ncol(fingertips_redred(10101, Comparator = "Parent")) not equal to 25.
     1/1 mismatches
     [1] 26 - 25 == 1
    
     This may take a few moments... On 13/08/2018 Fingertips consisted of 67 profiles, made up of 4730 indicators and 1746 distinct indicators.-- 5. Failure: number of fields returned by fingertips_data function are 25 (@te
     ncol(df1) not equal to `ncols`.
     1/1 mismatches
     [1] 26 - 25 == 1
    
     -- 6. Failure: number of fields returned by fingertips_data function are 25 (@te
     ncol(df4) not equal to `ncols`.
     1/1 mismatches
     [1] 26 - 25 == 1
    
     -- 7. Failure: number of fields returned by fingertips_data function are 25 (@te
     ncol(df5) not equal to `ncols`.
     1/1 mismatches
     [1] 26 - 25 == 1
    
     -- 8. Failure: number of fields returned by fingertips_data function are 25 (@te
     ncol(df6) not equal to `ncols`.
     1/1 mismatches
     [1] 26 - 25 == 1
    
     -- 9. Failure: number of fields returned by fingertips_data function are 25 (@te
     ncol(df7) not equal to `ncols`.
     1/1 mismatches
     [1] 26 - 25 == 1
    
     -- 10. Failure: number of fields returned by fingertips_data function are 25 (@t
     ncol(df8) not equal to ncols + 3.
     1/1 mismatches
     [1] 29 - 28 == 1
    
     == testthat results ===========================================================
     OK: 64 SKIPPED: 0 FAILED: 10
     1. Failure: the dimensions of deprivation decile function are as expected (@test-deprivation.R#15)
     2. Failure: the dimensions of deprivation decile function are as expected (@test-deprivation.R#17)
     3. Failure: fingertips_redred should return a 25 field data.frame (@test-enhancements.R#12)
     4. Failure: fingertips_redred should return a 25 field data.frame (@test-enhancements.R#13)
     5. Failure: number of fields returned by fingertips_data function are 25 (@test-extract.R#49)
     6. Failure: number of fields returned by fingertips_data function are 25 (@test-extract.R#50)
     7. Failure: number of fields returned by fingertips_data function are 25 (@test-extract.R#51)
     8. Failure: number of fields returned by fingertips_data function are 25 (@test-extract.R#52)
     9. Failure: number of fields returned by fingertips_data function are 25 (@test-extract.R#53)
     10. Failure: number of fields returned by fingertips_data function are 25 (@test-extract.R#54)
    
     Error: testthat unit tests failed
     Execution halted
Flavor: r-oldrel-windows-ix86+x86_64