CRAN Package Check Results for Package finreportr

Last updated on 2018-05-23 15:47:41 CEST.

Flavor Version Tinstall Tcheck Ttotal Status Flags
r-devel-linux-x86_64-debian-clang 1.0.1 2.35 34.34 36.69 OK
r-devel-linux-x86_64-debian-gcc 1.0.1 0.30 1.47 1.77 ERROR
r-devel-linux-x86_64-fedora-clang 1.0.1 43.08 OK
r-devel-linux-x86_64-fedora-gcc 1.0.1 44.17 OK
r-devel-windows-ix86+x86_64 1.0.1 5.00 76.00 81.00 OK
r-patched-linux-x86_64 1.0.1 2.01 31.34 33.35 OK
r-patched-solaris-x86 1.0.1 63.70 OK
r-release-linux-x86_64 1.0.1 2.27 31.51 33.78 OK
r-release-windows-ix86+x86_64 1.0.1 6.00 63.00 69.00 OK
r-release-osx-x86_64 1.0.1 OK
r-oldrel-windows-ix86+x86_64 1.0.1 7.00 68.00 75.00 OK
r-oldrel-osx-x86_64 1.0.1 OK

Check Details

Version: 1.0.1
Check: package dependencies
Result: ERROR
    Package required but not available: ‘dplyr’
    
    See section ‘The DESCRIPTION file’ in the ‘Writing R Extensions’
    manual.
Flavor: r-devel-linux-x86_64-debian-gcc