CRAN Package Check Results for Package fishMod

Last updated on 2024-04-18 21:56:51 CEST.

Flavor Version Tinstall Tcheck Ttotal Status Flags
r-devel-linux-x86_64-debian-clang 0.29 5.45 27.83 33.28 NOTE
r-devel-linux-x86_64-debian-gcc 0.29 3.94 21.75 25.69 NOTE
r-devel-linux-x86_64-fedora-clang 0.29 46.99 NOTE
r-devel-linux-x86_64-fedora-gcc 0.29 41.05 NOTE
r-prerel-macos-arm64 0.29 19.00 NOTE
r-prerel-windows-x86_64 0.29 6.00 52.00 58.00 NOTE
r-patched-linux-x86_64 0.29 5.37 26.99 32.36 NOTE
r-release-linux-x86_64 0.29 5.66 27.86 33.52 NOTE
r-release-macos-arm64 0.29 21.00 NOTE
r-release-macos-x86_64 0.29 28.00 NOTE
r-release-windows-x86_64 0.29 8.00 51.00 59.00 NOTE
r-oldrel-macos-arm64 0.29 43.00 OK
r-oldrel-windows-x86_64 0.29 14.00 58.00 72.00 OK

Check Details

Version: 0.29
Check: C++ specification
Result: NOTE Specified C++11: please drop specification unless essential Flavors: r-devel-linux-x86_64-debian-clang, r-devel-linux-x86_64-debian-gcc, r-devel-linux-x86_64-fedora-clang, r-devel-linux-x86_64-fedora-gcc, r-prerel-macos-arm64, r-prerel-windows-x86_64, r-patched-linux-x86_64, r-release-linux-x86_64, r-release-macos-arm64, r-release-macos-x86_64, r-release-windows-x86_64

Version: 0.29
Check: compiled code
Result: NOTE File ‘fishMod/libs/fishMod.so’: Found no calls to: ‘R_registerRoutines’, ‘R_useDynamicSymbols’ It is good practice to register native routines and to disable symbol search. See ‘Writing portable packages’ in the ‘Writing R Extensions’ manual. Flavors: r-devel-linux-x86_64-fedora-clang, r-devel-linux-x86_64-fedora-gcc