CRAN Package Check Results for Package fishmethods

Last updated on 2023-12-03 07:51:55 CET.

Flavor Version Tinstall Tcheck Ttotal Status Flags
r-devel-linux-x86_64-debian-clang 1.12-1 124.69 235.39 360.08 OK
r-devel-linux-x86_64-debian-gcc 1.12-1 102.73 170.04 272.77 OK
r-devel-linux-x86_64-fedora-clang 1.12-1 469.89 OK
r-devel-linux-x86_64-fedora-gcc 1.12-1 504.16 OK
r-devel-windows-x86_64 1.12-1 93.00 199.00 292.00 NOTE
r-patched-linux-x86_64 1.12-1 93.45 223.98 317.43 OK
r-release-linux-x86_64 1.12-1 87.25 220.43 307.68 OK
r-release-macos-arm64 1.12-1 102.00 NOTE
r-release-macos-x86_64 1.12-1 257.00 NOTE
r-release-windows-x86_64 1.12-1 122.00 256.00 378.00 NOTE
r-oldrel-macos-arm64 1.12-1 90.00 NOTE
r-oldrel-macos-x86_64 1.12-1 136.00 NOTE
r-oldrel-windows-x86_64 1.12-1 116.00 237.00 353.00 NOTE

Check Details

Version: 1.12-1
Check: installed package size
Result: NOTE installed size is 14.0Mb sub-directories of 1Mb or more: libs 12.8Mb Flavors: r-devel-windows-x86_64, r-release-macos-arm64, r-release-macos-x86_64, r-release-windows-x86_64, r-oldrel-macos-arm64, r-oldrel-macos-x86_64, r-oldrel-windows-x86_64