Last updated on 2021-02-27 09:50:15 CET.
Flavor | Version | Tinstall | Tcheck | Ttotal | Status | Flags |
---|---|---|---|---|---|---|
r-devel-linux-x86_64-debian-clang | 0.3.4 | 2.51 | 33.63 | 36.14 | OK | |
r-devel-linux-x86_64-debian-gcc | 0.3.4 | 1.66 | 26.64 | 28.30 | OK | |
r-devel-linux-x86_64-fedora-clang | 0.3.4 | 56.30 | OK | |||
r-devel-linux-x86_64-fedora-gcc | 0.3.4 | 43.25 | OK | |||
r-devel-windows-ix86+x86_64 | 0.3.4 | 5.00 | 38.00 | 43.00 | OK | |
r-patched-linux-x86_64 | 0.3.4 | 2.63 | 33.15 | 35.78 | OK | |
r-patched-solaris-x86 | 0.3.4 | 60.40 | OK | |||
r-release-linux-x86_64 | 0.3.4 | 2.42 | 32.80 | 35.22 | OK | |
r-release-macos-x86_64 | 0.3.4 | OK | ||||
r-release-windows-ix86+x86_64 | 0.3.4 | 13.00 | 53.00 | 66.00 | OK | |
r-oldrel-macos-x86_64 | 0.3.4 | ERROR | ||||
r-oldrel-windows-ix86+x86_64 | 0.3.3 | 3.00 | 48.00 | 51.00 | OK |
Version: 0.3.4
Check: whether package can be installed
Result: ERROR
Installation failed.
Flavor: r-oldrel-macos-x86_64