CRAN Package Check Results for Package fishtree

Last updated on 2022-06-26 11:17:16 CEST.

Flavor Version Tinstall Tcheck Ttotal Status Flags
r-devel-linux-x86_64-debian-clang 0.3.4 1.95 46.78 48.73 NOTE
r-devel-linux-x86_64-debian-gcc 0.3.4 1.90 36.87 38.77 NOTE
r-devel-linux-x86_64-fedora-clang 0.3.4 70.66 NOTE
r-devel-linux-x86_64-fedora-gcc 0.3.4 69.09 NOTE
r-devel-windows-x86_64 0.3.4 49.00 92.00 141.00 NOTE
r-patched-linux-x86_64 0.3.4 1.84 44.73 46.57 NOTE
r-release-linux-x86_64 0.3.4 2.91 45.48 48.39 NOTE
r-release-macos-arm64 0.3.4 22.00 NOTE
r-release-macos-x86_64 0.3.4 35.00 NOTE
r-release-windows-x86_64 0.3.4 30.00 91.00 121.00 NOTE
r-oldrel-macos-arm64 0.3.4 26.00 NOTE
r-oldrel-macos-x86_64 0.3.4 34.00 NOTE
r-oldrel-windows-ix86+x86_64 0.3.4 8.00 58.00 66.00 NOTE

Check Details

Version: 0.3.4
Check: LazyData
Result: NOTE
     'LazyData' is specified without a 'data' directory
Flavors: r-devel-linux-x86_64-debian-clang, r-devel-linux-x86_64-debian-gcc, r-devel-linux-x86_64-fedora-clang, r-devel-linux-x86_64-fedora-gcc, r-devel-windows-x86_64, r-patched-linux-x86_64, r-release-linux-x86_64, r-release-macos-arm64, r-release-macos-x86_64, r-release-windows-x86_64, r-oldrel-macos-arm64, r-oldrel-macos-x86_64, r-oldrel-windows-ix86+x86_64