CRAN Package Check Results for Package fitHeavyTail

Last updated on 2021-05-16 23:46:57 CEST.

Flavor Version Tinstall Tcheck Ttotal Status Flags
r-devel-linux-x86_64-debian-clang 0.1.2 11.23 77.70 88.93 NOTE
r-devel-linux-x86_64-debian-gcc 0.1.2 7.80 61.44 69.24 NOTE
r-devel-linux-x86_64-fedora-clang 0.1.2 111.88 NOTE
r-devel-linux-x86_64-fedora-gcc 0.1.2 103.30 NOTE
r-devel-windows-ix86+x86_64 0.1.2 21.00 94.00 115.00 NOTE
r-devel-windows-x86_64-gcc10-UCRT 0.1.2 NOTE
r-patched-linux-x86_64 0.1.2 7.56 75.78 83.34 NOTE
r-patched-solaris-x86 0.1.2 153.70 NOTE
r-release-linux-x86_64 0.1.2 9.56 73.07 82.63 OK
r-release-macos-x86_64 0.1.2 OK
r-release-windows-ix86+x86_64 0.1.2 16.00 77.00 93.00 OK
r-oldrel-macos-x86_64 0.1.2 OK
r-oldrel-windows-ix86+x86_64 0.1.2 11.00 99.00 110.00 OK

Check Details

Version: 0.1.2
Check: LazyData
Result: NOTE
     'LazyData' is specified without a 'data' directory
Flavors: r-devel-linux-x86_64-debian-clang, r-devel-linux-x86_64-debian-gcc, r-devel-linux-x86_64-fedora-clang, r-devel-linux-x86_64-fedora-gcc, r-devel-windows-ix86+x86_64, r-devel-windows-x86_64-gcc10-UCRT, r-patched-linux-x86_64, r-patched-solaris-x86