CRAN Package Check Results for Package fitbitScraper

Last updated on 2018-10-19 11:48:08 CEST.

Flavor Version Tinstall Tcheck Ttotal Status Flags
r-devel-linux-x86_64-debian-clang 0.1.8 1.25 19.72 20.97 OK --no-vignettes
r-devel-linux-x86_64-debian-gcc 0.1.8 1.00 15.80 16.80 OK --no-vignettes
r-devel-linux-x86_64-fedora-clang 0.1.8 25.05 OK --no-vignettes
r-devel-linux-x86_64-fedora-gcc 0.1.8 23.66 OK --no-vignettes
r-devel-windows-ix86+x86_64 0.1.8 4.00 28.00 32.00 OK --no-vignettes
r-patched-linux-x86_64 0.1.8 1.18 17.56 18.74 OK --no-vignettes
r-patched-solaris-x86 0.1.8 35.20 OK --no-vignettes
r-release-linux-x86_64 0.1.8 1.21 17.97 19.18 OK --no-vignettes
r-release-windows-ix86+x86_64 0.1.8 3.00 46.00 49.00 OK --no-vignettes
r-release-osx-x86_64 0.1.8 WARN
r-oldrel-windows-ix86+x86_64 0.1.8 2.00 39.00 41.00 OK --no-vignettes
r-oldrel-osx-x86_64 0.1.8 WARN

Check Details

Version: 0.1.8
Check: re-building of vignette outputs
Result: WARN
    Error in re-building vignettes:
     ...
    Warning in engine$weave(file, quiet = quiet, encoding = enc) :
     Pandoc (>= 1.12.3) and/or pandoc-citeproc not available. Falling back to R Markdown v1.
    Quitting from lines 22-24 (fitbitScraper-examples.Rmd)
    Error: processing vignette 'fitbitScraper-examples.Rmd' failed with diagnostics:
    login failed
    Execution halted
Flavors: r-release-osx-x86_64, r-oldrel-osx-x86_64