CRAN Package Check Results for Package fitbitScraper

Last updated on 2019-09-19 08:50:54 CEST.

Flavor Version Tinstall Tcheck Ttotal Status Flags
r-devel-linux-x86_64-debian-clang 0.1.8 2.14 18.41 20.55 OK --no-vignettes
r-devel-linux-x86_64-debian-gcc 0.1.8 1.65 14.75 16.40 OK --no-vignettes
r-devel-linux-x86_64-fedora-clang 0.1.8 26.23 OK --no-vignettes
r-devel-linux-x86_64-fedora-gcc 0.1.8 25.55 OK --no-vignettes
r-devel-windows-ix86+x86_64 0.1.8 9.00 29.00 38.00 OK --no-vignettes
r-patched-linux-x86_64 0.1.8 1.76 18.42 20.18 OK --no-vignettes
r-patched-solaris-x86 0.1.8 39.90 OK --no-vignettes
r-release-linux-x86_64 0.1.8 1.86 18.43 20.29 OK --no-vignettes
r-release-windows-ix86+x86_64 0.1.8 4.00 55.00 59.00 OK --no-vignettes
r-release-osx-x86_64 0.1.8 WARN
r-oldrel-windows-ix86+x86_64 0.1.8 3.00 47.00 50.00 OK --no-vignettes
r-oldrel-osx-x86_64 0.1.8 WARN

Check Details

Version: 0.1.8
Check: re-building of vignette outputs
Result: WARN
    Error(s) in re-building vignettes:
     ...
    --- re-building ‘fitbitScraper-examples.Rmd’ using rmarkdown
    Warning in engine$weave(file, quiet = quiet, encoding = enc) :
     Pandoc (>= 1.12.3) and/or pandoc-citeproc not available. Falling back to R Markdown v1.
    Quitting from lines 22-24 (fitbitScraper-examples.Rmd)
    Error: processing vignette 'fitbitScraper-examples.Rmd' failed with diagnostics:
    login failed
    --- failed re-building ‘fitbitScraper-examples.Rmd’
    
    SUMMARY: processing the following file failed:
     ‘fitbitScraper-examples.Rmd’
    
    Error: Vignette re-building failed.
    Execution halted
Flavor: r-release-osx-x86_64

Version: 0.1.8
Check: re-building of vignette outputs
Result: WARN
    Error in re-building vignettes:
     ...
    Warning in engine$weave(file, quiet = quiet, encoding = enc) :
     Pandoc (>= 1.12.3) and/or pandoc-citeproc not available. Falling back to R Markdown v1.
    Quitting from lines 22-24 (fitbitScraper-examples.Rmd)
    Error: processing vignette 'fitbitScraper-examples.Rmd' failed with diagnostics:
    login failed
    Execution halted
Flavor: r-oldrel-osx-x86_64