CRAN Package Check Results for Package fitbitScraper

Last updated on 2018-08-15 18:47:55 CEST.

Flavor Version Tinstall Tcheck Ttotal Status Flags
r-devel-linux-x86_64-debian-clang 0.1.8 1.27 19.65 20.92 OK --no-vignettes
r-devel-linux-x86_64-debian-gcc 0.1.8 1.04 15.76 16.80 OK --no-vignettes
r-devel-linux-x86_64-fedora-clang 0.1.8 24.26 OK --no-vignettes
r-devel-linux-x86_64-fedora-gcc 0.1.8 23.27 OK --no-vignettes
r-devel-windows-ix86+x86_64 0.1.8 2.00 32.00 34.00 OK --no-vignettes
r-patched-linux-x86_64 0.1.8 0.98 17.83 18.81 OK --no-vignettes
r-patched-solaris-x86 0.1.8 37.60 OK --no-vignettes
r-release-linux-x86_64 0.1.8 1.20 18.10 19.30 OK --no-vignettes
r-release-windows-ix86+x86_64 0.1.8 3.00 40.00 43.00 OK --no-vignettes
r-release-osx-x86_64 0.1.8 WARN
r-oldrel-windows-ix86+x86_64 0.1.8 3.00 30.00 33.00 OK --no-vignettes
r-oldrel-osx-x86_64 0.1.8 WARN

Check Details

Version: 0.1.8
Check: re-building of vignette outputs
Result: WARN
    Error in re-building vignettes:
     ...
    Warning in engine$weave(file, quiet = quiet, encoding = enc) :
     Pandoc (>= 1.12.3) and/or pandoc-citeproc not available. Falling back to R Markdown v1.
    Quitting from lines 22-24 (fitbitScraper-examples.Rmd)
    Error: processing vignette 'fitbitScraper-examples.Rmd' failed with diagnostics:
    login failed
    Execution halted
Flavors: r-release-osx-x86_64, r-oldrel-osx-x86_64