CRAN Package Check Results for Package fitbitScraper

Last updated on 2019-01-24 06:47:08 CET.

Flavor Version Tinstall Tcheck Ttotal Status Flags
r-devel-linux-x86_64-debian-clang 0.1.8 1.33 19.49 20.82 OK --no-vignettes
r-devel-linux-x86_64-debian-gcc 0.1.8 1.10 15.65 16.75 OK --no-vignettes
r-devel-linux-x86_64-fedora-clang 0.1.8 25.84 OK --no-vignettes
r-devel-linux-x86_64-fedora-gcc 0.1.8 23.17 OK --no-vignettes
r-devel-windows-ix86+x86_64 0.1.8 5.00 41.00 46.00 OK --no-vignettes
r-patched-linux-x86_64 0.1.8 1.20 17.89 19.09 OK --no-vignettes
r-patched-solaris-x86 0.1.8 37.70 OK --no-vignettes
r-release-linux-x86_64 0.1.8 1.01 18.19 19.20 OK --no-vignettes
r-release-windows-ix86+x86_64 0.1.8 3.00 43.00 46.00 OK --no-vignettes
r-release-osx-x86_64 0.1.8 WARN
r-oldrel-windows-ix86+x86_64 0.1.8 5.00 38.00 43.00 OK --no-vignettes
r-oldrel-osx-x86_64 0.1.8 WARN

Check Details

Version: 0.1.8
Check: re-building of vignette outputs
Result: WARN
    Error in re-building vignettes:
     ...
    Warning in engine$weave(file, quiet = quiet, encoding = enc) :
     Pandoc (>= 1.12.3) and/or pandoc-citeproc not available. Falling back to R Markdown v1.
    Quitting from lines 22-24 (fitbitScraper-examples.Rmd)
    Error: processing vignette 'fitbitScraper-examples.Rmd' failed with diagnostics:
    login failed
    Execution halted
Flavors: r-release-osx-x86_64, r-oldrel-osx-x86_64