CRAN Package Check Results for Package fitbitScraper

Last updated on 2020-02-20 21:47:27 CET.

Flavor Version Tinstall Tcheck Ttotal Status Flags
r-devel-linux-x86_64-debian-clang 0.1.8 2.21 20.00 22.21 OK --no-vignettes
r-devel-linux-x86_64-debian-gcc 0.1.8 1.79 16.20 17.99 OK --no-vignettes
r-devel-linux-x86_64-fedora-clang 0.1.8 28.16 OK --no-vignettes
r-devel-linux-x86_64-fedora-gcc 0.1.8 27.16 OK --no-vignettes
r-devel-windows-ix86+x86_64 0.1.8 4.00 48.00 52.00 OK --no-vignettes
r-devel-windows-ix86+x86_64-gcc8 0.1.8 10.00 33.00 43.00 OK --no-vignettes
r-patched-linux-x86_64 0.1.8 1.80 18.71 20.51 OK --no-vignettes
r-patched-solaris-x86 0.1.8 41.10 OK --no-vignettes
r-release-linux-x86_64 0.1.8 1.60 18.55 20.15 OK --no-vignettes
r-release-windows-ix86+x86_64 0.1.8 5.00 35.00 40.00 OK --no-vignettes
r-release-osx-x86_64 0.1.8 WARN
r-oldrel-windows-ix86+x86_64 0.1.8 2.00 35.00 37.00 OK --no-vignettes
r-oldrel-osx-x86_64 0.1.8 WARN

Check Details

Version: 0.1.8
Check: re-building of vignette outputs
Result: WARN
    Error(s) in re-building vignettes:
     ...
    --- re-building ‘fitbitScraper-examples.Rmd’ using rmarkdown
    Warning in engine$weave(file, quiet = quiet, encoding = enc) :
     Pandoc (>= 1.12.3) and/or pandoc-citeproc not available. Falling back to R Markdown v1.
    Quitting from lines 22-24 (fitbitScraper-examples.Rmd)
    Error: processing vignette 'fitbitScraper-examples.Rmd' failed with diagnostics:
    login failed
    --- failed re-building ‘fitbitScraper-examples.Rmd’
    
    SUMMARY: processing the following file failed:
     ‘fitbitScraper-examples.Rmd’
    
    Error: Vignette re-building failed.
    Execution halted
Flavor: r-release-osx-x86_64

Version: 0.1.8
Check: re-building of vignette outputs
Result: WARN
    Error in re-building vignettes:
     ...
    Warning in engine$weave(file, quiet = quiet, encoding = enc) :
     Pandoc (>= 1.12.3) and/or pandoc-citeproc not available. Falling back to R Markdown v1.
    Quitting from lines 22-24 (fitbitScraper-examples.Rmd)
    Error: processing vignette 'fitbitScraper-examples.Rmd' failed with diagnostics:
    login failed
    Execution halted
Flavor: r-oldrel-osx-x86_64