CRAN Package Check Results for Package fitbitScraper

Last updated on 2018-05-26 11:50:01 CEST.

Flavor Version Tinstall Tcheck Ttotal Status Flags
r-devel-linux-x86_64-debian-clang 0.1.8 0.91 18.89 19.80 OK --no-vignettes
r-devel-linux-x86_64-debian-gcc 0.1.8 0.89 14.94 15.83 OK --no-vignettes
r-devel-linux-x86_64-fedora-clang 0.1.8 23.96 OK --no-vignettes
r-devel-linux-x86_64-fedora-gcc 0.1.8 23.29 OK --no-vignettes
r-devel-windows-ix86+x86_64 0.1.8 2.00 39.00 41.00 OK --no-vignettes
r-patched-linux-x86_64 0.1.8 1.02 17.75 18.77 OK --no-vignettes
r-patched-solaris-x86 0.1.8 34.90 OK --no-vignettes
r-release-linux-x86_64 0.1.8 1.20 17.68 18.88 OK --no-vignettes
r-release-windows-ix86+x86_64 0.1.8 3.00 29.00 32.00 OK --no-vignettes
r-release-osx-x86_64 0.1.8 WARN
r-oldrel-windows-ix86+x86_64 0.1.8 3.00 35.00 38.00 OK --no-vignettes
r-oldrel-osx-x86_64 0.1.8 WARN

Check Details

Version: 0.1.8
Check: re-building of vignette outputs
Result: WARN
    Error in re-building vignettes:
     ...
    Warning in engine$weave(file, quiet = quiet, encoding = enc) :
     Pandoc (>= 1.12.3) and/or pandoc-citeproc not available. Falling back to R Markdown v1.
    Quitting from lines 22-24 (fitbitScraper-examples.Rmd)
    Error: processing vignette 'fitbitScraper-examples.Rmd' failed with diagnostics:
    login failed
    Execution halted
Flavors: r-release-osx-x86_64, r-oldrel-osx-x86_64