CRAN Package Check Results for Package fitbitScraper

Last updated on 2018-02-22 04:48:27 CET.

Flavor Version Tinstall Tcheck Ttotal Status Flags
r-devel-linux-x86_64-debian-clang 0.1.8 1.09 16.73 17.82 OK --no-vignettes
r-devel-linux-x86_64-debian-gcc 0.1.8 0.95 14.22 15.17 OK --no-vignettes
r-devel-linux-x86_64-fedora-clang 0.1.8 23.19 OK --no-vignettes
r-devel-linux-x86_64-fedora-gcc 0.1.8 22.06 OK --no-vignettes
r-devel-windows-ix86+x86_64 0.1.8 4.00 29.00 33.00 OK --no-vignettes
r-patched-linux-x86_64 0.1.8 0.87 17.10 17.97 OK --no-vignettes
r-patched-solaris-x86 0.1.8 29.40 OK --no-vignettes
r-release-linux-x86_64 0.1.8 0.87 16.81 17.68 OK --no-vignettes
r-release-windows-ix86+x86_64 0.1.8 4.00 26.00 30.00 OK --no-vignettes
r-release-osx-x86_64 0.1.8 WARN
r-oldrel-windows-ix86+x86_64 0.1.8 2.00 43.00 45.00 OK --no-vignettes
r-oldrel-osx-x86_64 0.1.8 WARN

Check Details

Version: 0.1.8
Check: re-building of vignette outputs
Result: WARN
    Error in re-building vignettes:
     ...
    Warning in engine$weave(file, quiet = quiet, encoding = enc) :
     Pandoc (>= 1.12.3) and/or pandoc-citeproc not available. Falling back to R Markdown v1.
    Quitting from lines 22-24 (fitbitScraper-examples.Rmd)
    Error: processing vignette 'fitbitScraper-examples.Rmd' failed with diagnostics:
    login failed
    Execution halted
Flavors: r-release-osx-x86_64, r-oldrel-osx-x86_64