Last updated on 2019-02-16 12:02:24 CET.
Flavor | Version | Tinstall | Tcheck | Ttotal | Status | Flags |
---|---|---|---|---|---|---|
r-devel-linux-x86_64-debian-clang | 0.6.1 | 6.78 | 92.24 | 99.02 | OK | |
r-devel-linux-x86_64-debian-gcc | 0.6.1 | 5.33 | 68.28 | 73.61 | OK | |
r-devel-linux-x86_64-fedora-clang | 0.6.1 | 116.25 | NOTE | |||
r-devel-linux-x86_64-fedora-gcc | 0.6.1 | 107.84 | NOTE | |||
r-devel-windows-ix86+x86_64 | 0.6.1 | 17.00 | 131.00 | 148.00 | OK | |
r-patched-linux-x86_64 | 0.6.1 | 5.14 | 79.73 | 84.87 | OK | |
r-patched-solaris-x86 | 0.6.1 | 160.30 | NOTE | |||
r-release-linux-x86_64 | 0.6.1 | 6.07 | 78.71 | 84.78 | OK | |
r-release-windows-ix86+x86_64 | 0.6.1 | 11.00 | 88.00 | 99.00 | OK | |
r-release-osx-x86_64 | 0.6.1 | NOTE | ||||
r-oldrel-windows-ix86+x86_64 | 0.6.1 | 21.00 | 150.00 | 171.00 | OK | |
r-oldrel-osx-x86_64 | 0.6.1 | NOTE |
Version: 0.6.1
Check: dependencies in R code
Result: NOTE
Namespace in Imports field not imported from: ‘rstudioapi’
All declared Imports should be used.
Flavors: r-devel-linux-x86_64-fedora-clang, r-devel-linux-x86_64-fedora-gcc, r-patched-solaris-x86, r-release-osx-x86_64, r-oldrel-osx-x86_64