CRAN Package Check Results for Package fivethirtyeight

Last updated on 2018-11-17 12:51:22 CET.

Flavor Version Tinstall Tcheck Ttotal Status Flags
r-devel-linux-x86_64-debian-clang 0.4.0 8.47 53.32 61.79 OK
r-devel-linux-x86_64-debian-gcc 0.4.0 8.91 43.26 52.17 OK
r-devel-linux-x86_64-fedora-clang 0.4.0 77.98 NOTE
r-devel-linux-x86_64-fedora-gcc 0.4.0 73.01 NOTE
r-devel-windows-ix86+x86_64 0.4.0 20.00 98.00 118.00 NOTE
r-patched-linux-x86_64 0.4.0 9.89 51.77 61.66 OK
r-patched-solaris-x86 0.4.0 110.30 NOTE
r-release-linux-x86_64 0.4.0 8.47 53.22 61.69 OK
r-release-windows-ix86+x86_64 0.4.0 21.00 73.00 94.00 NOTE
r-release-osx-x86_64 0.4.0 NOTE
r-oldrel-windows-ix86+x86_64 0.4.0 22.00 79.00 101.00 WARN
r-oldrel-osx-x86_64 0.4.0 NOTE

Check Details

Version: 0.4.0
Check: installed package size
Result: NOTE
     installed size is 6.3Mb
     sub-directories of 1Mb or more:
     data 5.3Mb
Flavors: r-devel-linux-x86_64-fedora-clang, r-devel-windows-ix86+x86_64, r-patched-solaris-x86, r-release-windows-ix86+x86_64, r-release-osx-x86_64, r-oldrel-windows-ix86+x86_64, r-oldrel-osx-x86_64

Version: 0.4.0
Check: data for non-ASCII characters
Result: NOTE
     Note: found 1616 marked UTF-8 strings
Flavors: r-devel-linux-x86_64-fedora-clang, r-devel-linux-x86_64-fedora-gcc, r-patched-solaris-x86, r-release-osx-x86_64, r-oldrel-osx-x86_64

Version: 0.4.0
Check: for unstated dependencies in examples
Result: WARN
    Warning in parse(file = files, n = -1L) :
     invalid input found on input connection 'fivethirtyeight-Ex.R'
Flavor: r-oldrel-windows-ix86+x86_64