CRAN Package Check Results for Package fivethirtyeight

Last updated on 2018-05-22 11:47:27 CEST.

Flavor Version Tinstall Tcheck Ttotal Status Flags
r-devel-linux-x86_64-debian-clang 0.4.0 8.40 48.59 56.99 OK
r-devel-linux-x86_64-debian-gcc 0.4.0 9.12 41.93 51.05 OK
r-devel-linux-x86_64-fedora-clang 0.4.0 76.92 NOTE
r-devel-linux-x86_64-fedora-gcc 0.4.0 81.80 NOTE
r-devel-windows-ix86+x86_64 0.4.0 20.00 75.00 95.00 NOTE
r-patched-linux-x86_64 0.4.0 8.71 50.62 59.33 OK
r-patched-solaris-x86 0.4.0 109.20 NOTE
r-release-linux-x86_64 0.4.0 8.77 50.45 59.22 OK
r-release-windows-ix86+x86_64 0.4.0 23.00 100.00 123.00 NOTE
r-release-osx-x86_64 0.4.0 NOTE
r-oldrel-windows-ix86+x86_64 0.4.0 23.00 92.00 115.00 WARN
r-oldrel-osx-x86_64 0.4.0 NOTE

Check Details

Version: 0.4.0
Check: installed package size
Result: NOTE
     installed size is 6.3Mb
     sub-directories of 1Mb or more:
     data 5.3Mb
Flavors: r-devel-linux-x86_64-fedora-clang, r-devel-linux-x86_64-fedora-gcc, r-devel-windows-ix86+x86_64, r-patched-solaris-x86, r-release-windows-ix86+x86_64, r-release-osx-x86_64, r-oldrel-windows-ix86+x86_64, r-oldrel-osx-x86_64

Version: 0.4.0
Check: data for non-ASCII characters
Result: NOTE
     Note: found 1616 marked UTF-8 strings
Flavors: r-devel-linux-x86_64-fedora-clang, r-devel-linux-x86_64-fedora-gcc, r-patched-solaris-x86, r-release-osx-x86_64, r-oldrel-osx-x86_64

Version: 0.4.0
Check: for unstated dependencies in examples
Result: WARN
    Warning in parse(file = files, n = -1L) :
     invalid input found on input connection 'fivethirtyeight-Ex.R'
Flavor: r-oldrel-windows-ix86+x86_64