CRAN Package Check Results for Package fivethirtyeight

Last updated on 2018-02-24 16:48:52 CET.

Flavor Version Tinstall Tcheck Ttotal Status Flags
r-devel-linux-x86_64-debian-clang 0.4.0 8.29 53.61 61.90 OK
r-devel-linux-x86_64-debian-gcc 0.4.0 8.56 41.76 50.32 OK
r-devel-linux-x86_64-fedora-clang 0.4.0 77.88 NOTE
r-devel-linux-x86_64-fedora-gcc 0.4.0 74.90 NOTE
r-devel-windows-ix86+x86_64 0.4.0 20.00 89.00 109.00 NOTE
r-patched-linux-x86_64 0.4.0 9.36 60.05 69.41 OK
r-patched-solaris-x86 0.4.0 117.10 NOTE
r-release-linux-x86_64 0.4.0 8.41 60.86 69.27 OK
r-release-windows-ix86+x86_64 0.4.0 13.00 105.00 118.00 WARN
r-release-osx-x86_64 0.4.0 NOTE
r-oldrel-windows-ix86+x86_64 0.4.0 17.00 79.00 96.00 WARN
r-oldrel-osx-x86_64 0.3.0 NOTE

Check Details

Version: 0.4.0
Check: installed package size
Result: NOTE
     installed size is 6.3Mb
     sub-directories of 1Mb or more:
     data 5.3Mb
Flavors: r-devel-linux-x86_64-fedora-clang, r-devel-linux-x86_64-fedora-gcc, r-devel-windows-ix86+x86_64, r-patched-solaris-x86, r-release-windows-ix86+x86_64, r-release-osx-x86_64, r-oldrel-windows-ix86+x86_64

Version: 0.4.0
Check: data for non-ASCII characters
Result: NOTE
     Note: found 1616 marked UTF-8 strings
Flavors: r-devel-linux-x86_64-fedora-clang, r-devel-linux-x86_64-fedora-gcc, r-patched-solaris-x86, r-release-osx-x86_64

Version: 0.4.0
Check: for unstated dependencies in examples
Result: WARN
    Warning in parse(file = files, n = -1L) :
     invalid input found on input connection 'fivethirtyeight-Ex.R'
Flavor: r-release-windows-ix86+x86_64

Version: 0.4.0
Check: for unstated dependencies in examples
Result: WARN
    Warning: invalid input found on input connection 'fivethirtyeight-Ex.R'
Flavor: r-oldrel-windows-ix86+x86_64

Version: 0.3.0
Check: data for non-ASCII characters
Result: NOTE
     Note: found 371 marked UTF-8 strings
Flavor: r-oldrel-osx-x86_64