CRAN Package Check Results for Package fivethirtyeight

Last updated on 2018-08-21 06:50:06 CEST.

Flavor Version Tinstall Tcheck Ttotal Status Flags
r-devel-linux-x86_64-debian-clang 0.4.0 9.51 55.50 65.01 OK
r-devel-linux-x86_64-debian-gcc 0.4.0 7.72 44.32 52.04 OK
r-devel-linux-x86_64-fedora-clang 0.4.0 79.78 NOTE
r-devel-linux-x86_64-fedora-gcc 0.4.0 78.20 NOTE
r-devel-windows-ix86+x86_64 0.4.0 20.00 108.00 128.00 NOTE
r-patched-linux-x86_64 0.4.0 9.13 51.83 60.96 OK
r-patched-solaris-x86 0.4.0 110.80 NOTE
r-release-linux-x86_64 0.4.0 9.44 52.48 61.92 OK
r-release-windows-ix86+x86_64 0.4.0 20.00 119.00 139.00 NOTE
r-release-osx-x86_64 0.4.0 NOTE
r-oldrel-windows-ix86+x86_64 0.4.0 17.00 122.00 139.00 WARN
r-oldrel-osx-x86_64 0.4.0 NOTE

Check Details

Version: 0.4.0
Check: installed package size
Result: NOTE
     installed size is 6.3Mb
     sub-directories of 1Mb or more:
     data 5.3Mb
Flavors: r-devel-linux-x86_64-fedora-clang, r-devel-windows-ix86+x86_64, r-patched-solaris-x86, r-release-windows-ix86+x86_64, r-release-osx-x86_64, r-oldrel-windows-ix86+x86_64, r-oldrel-osx-x86_64

Version: 0.4.0
Check: data for non-ASCII characters
Result: NOTE
     Note: found 1616 marked UTF-8 strings
Flavors: r-devel-linux-x86_64-fedora-clang, r-devel-linux-x86_64-fedora-gcc, r-patched-solaris-x86, r-release-osx-x86_64, r-oldrel-osx-x86_64

Version: 0.4.0
Check: for unstated dependencies in examples
Result: WARN
    Warning in parse(file = files, n = -1L) :
     invalid input found on input connection 'fivethirtyeight-Ex.R'
Flavor: r-oldrel-windows-ix86+x86_64