CRAN Package Check Results for Package fivethirtyeight

Last updated on 2022-10-07 10:53:06 CEST.

Flavor Version Tinstall Tcheck Ttotal Status Flags
r-devel-linux-x86_64-debian-clang 0.6.2 7.51 68.97 76.48 NOTE
r-devel-linux-x86_64-debian-gcc 0.6.2 6.39 52.89 59.28 NOTE
r-devel-linux-x86_64-fedora-clang 0.6.2 109.24 NOTE
r-devel-linux-x86_64-fedora-gcc 0.6.2 103.05 NOTE
r-devel-windows-x86_64 0.6.2 105.00 160.00 265.00 NOTE
r-patched-linux-x86_64 0.6.2 12.31 61.15 73.46 NOTE
r-release-linux-x86_64 0.6.2 9.06 61.30 70.36 NOTE
r-release-macos-arm64 0.6.2 35.00 NOTE
r-release-macos-x86_64 0.6.2 51.00 NOTE
r-release-windows-x86_64 0.6.2 326.00 118.00 444.00 NOTE
r-oldrel-macos-arm64 0.6.2 56.00 NOTE
r-oldrel-macos-x86_64 0.6.2 53.00 NOTE
r-oldrel-windows-ix86+x86_64 0.6.2 18.00 103.00 121.00 NOTE

Check Details

Version: 0.6.2
Check: package dependencies
Result: NOTE
    Package suggested but not available for checking: 'fivethirtyeightdata'
Flavors: r-devel-linux-x86_64-debian-clang, r-devel-linux-x86_64-debian-gcc, r-devel-linux-x86_64-fedora-clang, r-devel-linux-x86_64-fedora-gcc, r-devel-windows-x86_64, r-patched-linux-x86_64, r-release-linux-x86_64, r-release-macos-arm64, r-release-macos-x86_64, r-release-windows-x86_64, r-oldrel-macos-arm64, r-oldrel-macos-x86_64, r-oldrel-windows-ix86+x86_64

Version: 0.6.2
Check: Rd cross-references
Result: NOTE
    Package unavailable to check Rd xrefs: 'fivethirtyeightdata'
Flavors: r-devel-linux-x86_64-debian-clang, r-devel-linux-x86_64-debian-gcc, r-devel-linux-x86_64-fedora-clang, r-devel-linux-x86_64-fedora-gcc, r-devel-windows-x86_64, r-patched-linux-x86_64, r-release-linux-x86_64, r-release-macos-arm64, r-release-macos-x86_64, r-release-windows-x86_64, r-oldrel-macos-arm64, r-oldrel-macos-x86_64, r-oldrel-windows-ix86+x86_64

Version: 0.6.2
Check: installed package size
Result: NOTE
     installed size is 5.0Mb
     sub-directories of 1Mb or more:
     data 3.8Mb
Flavors: r-devel-linux-x86_64-fedora-clang, r-devel-windows-x86_64, r-release-windows-x86_64

Version: 0.6.2
Check: data for non-ASCII characters
Result: NOTE
     Note: found 584 marked UTF-8 strings
Flavors: r-devel-linux-x86_64-fedora-clang, r-devel-linux-x86_64-fedora-gcc, r-release-macos-arm64, r-release-macos-x86_64, r-oldrel-macos-arm64, r-oldrel-macos-x86_64