CRAN Package Check Results for Package fixest

Last updated on 2022-11-26 10:57:58 CET.

Flavor Version Tinstall Tcheck Ttotal Status Flags
r-devel-linux-x86_64-debian-clang 0.11.0 138.34 345.46 483.80 OK
r-devel-linux-x86_64-debian-gcc 0.11.0 112.82 306.87 419.69 OK
r-devel-linux-x86_64-fedora-clang 0.11.0 673.26 NOTE
r-devel-windows-x86_64 0.11.0 192.00 380.00 572.00 NOTE
r-patched-linux-x86_64 0.11.0 OK
r-release-linux-x86_64 0.11.0 118.28 342.93 461.21 OK
r-release-macos-arm64 0.11.0 142.00 NOTE
r-release-macos-x86_64 0.11.0 176.00 NOTE
r-release-windows-x86_64 0.11.0 205.00 358.00 563.00 NOTE
r-oldrel-macos-arm64 0.11.0 144.00 NOTE
r-oldrel-macos-x86_64 0.11.0 179.00 NOTE
r-oldrel-windows-ix86+x86_64 0.11.0 293.00 440.00 733.00 NOTE

Check Details

Version: 0.11.0
Check: installed package size
Result: NOTE
     installed size is 6.8Mb
     sub-directories of 1Mb or more:
     R 1.4Mb
     doc 3.6Mb
Flavors: r-devel-linux-x86_64-fedora-clang, r-devel-windows-x86_64, r-release-macos-arm64, r-release-macos-x86_64, r-release-windows-x86_64, r-oldrel-macos-arm64, r-oldrel-macos-x86_64, r-oldrel-windows-ix86+x86_64