CRAN Package Check Results for Package fixest

Last updated on 2021-05-14 01:48:36 CEST.

Flavor Version Tinstall Tcheck Ttotal Status Flags
r-devel-linux-x86_64-debian-clang 0.8.4 102.83 247.02 349.85 OK
r-devel-linux-x86_64-debian-gcc 0.8.4 75.94 222.28 298.22 OK
r-devel-linux-x86_64-fedora-clang 0.8.4 448.78 NOTE
r-devel-linux-x86_64-fedora-gcc 0.8.4 461.35 OK
r-devel-windows-ix86+x86_64 0.8.4 215.00 255.00 470.00 NOTE
r-devel-windows-x86_64-gcc10-UCRT 0.8.4 OK
r-patched-linux-x86_64 0.8.4 92.12 235.51 327.63 OK
r-patched-solaris-x86 0.8.4 392.10 NOTE
r-release-linux-x86_64 0.8.4 87.87 218.48 306.35 OK
r-release-macos-x86_64 0.8.4 NOTE
r-release-windows-ix86+x86_64 0.8.4 164.00 327.00 491.00 NOTE
r-oldrel-macos-x86_64 0.8.4 NOTE
r-oldrel-windows-ix86+x86_64 0.8.4 207.00 346.00 553.00 NOTE

Check Details

Version: 0.8.4
Check: installed package size
Result: NOTE
     installed size is 10.1Mb
     sub-directories of 1Mb or more:
     doc 3.8Mb
     libs 4.5Mb
Flavors: r-devel-linux-x86_64-fedora-clang, r-devel-windows-ix86+x86_64, r-patched-solaris-x86, r-release-macos-x86_64, r-release-windows-ix86+x86_64, r-oldrel-macos-x86_64, r-oldrel-windows-ix86+x86_64