CRAN Package Check Results for Package flacco

Last updated on 2018-10-24 03:55:21 CEST.

Flavor Version Tinstall Tcheck Ttotal Status Flags
r-devel-linux-x86_64-debian-clang 1.7 8.66 119.62 128.28 OK
r-devel-linux-x86_64-debian-gcc 1.7 8.79 91.00 99.79 OK
r-devel-linux-x86_64-fedora-clang 1.7 151.51 OK
r-devel-linux-x86_64-fedora-gcc 1.7 145.08 OK
r-devel-windows-ix86+x86_64 1.7 27.00 161.00 188.00 OK
r-patched-linux-x86_64 1.7 7.30 99.04 106.34 OK
r-patched-solaris-x86 1.7 182.10 OK
r-release-linux-x86_64 1.7 6.77 98.94 105.71 ERROR
r-release-windows-ix86+x86_64 1.7 22.00 150.00 172.00 OK
r-release-osx-x86_64 1.7 OK
r-oldrel-windows-ix86+x86_64 1.7 17.00 123.00 140.00 OK
r-oldrel-osx-x86_64 1.7 OK

Check Details

Version: 1.7
Check: package dependencies
Result: NOTE
    Packages suggested but not available for checking: ‘plotly’ ‘smoof’
Flavor: r-release-linux-x86_64

Version: 1.7
Check: examples
Result: ERROR
    Running examples in ‘flacco-Ex.R’ failed
    The error most likely occurred in:
    
    > base::assign(".ptime", proc.time(), pos = "CheckExEnv")
    > ### Name: plotBarrierTree2D
    > ### Title: Plot Barrier Tree in 2D
    > ### Aliases: plotBarrierTree2D
    >
    > ### ** Examples
    >
    > # create a feature object
    > X = createInitialSample(n.obs = 900, dim = 2)
    > f = smoof::makeAckleyFunction(dimensions = 2)
    Error in loadNamespace(name) : there is no package called ‘smoof’
    Calls: :: ... tryCatch -> tryCatchList -> tryCatchOne -> <Anonymous>
    Execution halted
Flavor: r-release-linux-x86_64

Version: 1.7
Check: tests
Result: ERROR
     Running ‘test-features.R’ [0s/1s]
     Running ‘test-general.R’ [10s/11s]
    Running the tests in ‘tests/test-general.R’ failed.
    Complete output:
     > library(testthat)
     >
     > # test general stuff:
     > test_check("flacco", filter = "^base")
     Loading required package: flacco
     ── 1. Error: Usage of regular and smoof functions (@test-base-printFeatureObject
     there is no package called 'smoof'
     1: smoof::makeBBOBFunction at testthat/test-base-printFeatureObject.R:68
     2: getExportedValue(pkg, name)
     3: asNamespace(ns)
     4: getNamespace(ns)
     5: tryCatch(loadNamespace(name), error = function(e) stop(e))
     6: tryCatchList(expr, classes, parentenv, handlers)
     7: tryCatchOne(expr, names, parentenv, handlers[[1L]])
     8: value[[3L]](cond)
    
     ══ testthat results ═══════════════════════════════════════════════════════════
     OK: 152 SKIPPED: 0 FAILED: 1
     1. Error: Usage of regular and smoof functions (@test-base-printFeatureObject.R#68)
    
     Error: testthat unit tests failed
     Execution halted
Flavor: r-release-linux-x86_64