CRAN Package Check Results for Package flacco

Last updated on 2020-01-21 21:47:55 CET.

Flavor Version Tinstall Tcheck Ttotal Status Flags
r-devel-linux-x86_64-debian-clang 1.7 12.52 120.01 132.53 OK
r-devel-linux-x86_64-debian-gcc 1.7 11.11 88.75 99.86 OK
r-devel-linux-x86_64-fedora-clang 1.7 155.74 OK
r-devel-linux-x86_64-fedora-gcc 1.7 163.28 OK
r-devel-windows-ix86+x86_64 1.7 41.00 172.00 213.00 OK
r-devel-windows-ix86+x86_64-gcc8 1.7 48.00 133.00 181.00 OK
r-patched-linux-x86_64 1.7 9.13 104.45 113.58 OK
r-patched-solaris-x86 1.7 184.90 ERROR
r-release-linux-x86_64 1.7 10.70 103.64 114.34 OK
r-release-windows-ix86+x86_64 1.7 27.00 110.00 137.00 OK
r-release-osx-x86_64 1.7 OK
r-oldrel-windows-ix86+x86_64 1.7 16.00 103.00 119.00 OK
r-oldrel-osx-x86_64 1.7 OK

Check Details

Version: 1.7
Check: package dependencies
Result: NOTE
    Package suggested but not available for checking: ‘smoof’
Flavor: r-patched-solaris-x86

Version: 1.7
Check: examples
Result: ERROR
    Running examples in ‘flacco-Ex.R’ failed
    The error most likely occurred in:
    
    > ### Name: plotBarrierTree2D
    > ### Title: Plot Barrier Tree in 2D
    > ### Aliases: plotBarrierTree2D
    >
    > ### ** Examples
    >
    > # create a feature object
    > X = createInitialSample(n.obs = 900, dim = 2)
    > f = smoof::makeAckleyFunction(dimensions = 2)
    Error in loadNamespace(name) : there is no package called ‘smoof’
    Calls: :: ... loadNamespace -> withRestarts -> withOneRestart -> doWithOneRestart
    Execution halted
Flavor: r-patched-solaris-x86

Version: 1.7
Check: tests
Result: ERROR
     Running ‘test-features.R’
     Running ‘test-general.R’ [15s/15s]
    Running the tests in ‘tests/test-general.R’ failed.
    Complete output:
     > library(testthat)
     >
     > # test general stuff:
     > test_check("flacco", filter = "^base")
     Loading required package: flacco
     ── 1. Error: Usage of regular and smoof functions (@test-base-printFeatureObject
     there is no package called 'smoof'
     Backtrace:
     1. smoof::makeBBOBFunction
     2. base::getExportedValue(pkg, name)
     3. base::asNamespace(ns)
     4. base::getNamespace(ns)
     5. base::loadNamespace(name)
     6. base::withRestarts(stop(cond), retry_loadNamespace = function() NULL)
     7. base:::withOneRestart(expr, restarts[[1L]])
     8. base:::doWithOneRestart(return(expr), restart)
    
     ══ testthat results ═══════════════════════════════════════════════════════════
     [ OK: 152 | SKIPPED: 0 | WARNINGS: 0 | FAILED: 1 ]
     1. Error: Usage of regular and smoof functions (@test-base-printFeatureObject.R#68)
    
     Error: testthat unit tests failed
     Execution halted
Flavor: r-patched-solaris-x86