CRAN Package Check Results for Package flars

Last updated on 2019-09-17 23:47:13 CEST.

Flavor Version Tinstall Tcheck Ttotal Status Flags
r-devel-linux-x86_64-debian-clang 1.0 42.07 71.49 113.56 OK
r-devel-linux-x86_64-debian-gcc 1.0 31.76 60.06 91.82 OK
r-devel-linux-x86_64-fedora-clang 1.0 152.29 NOTE
r-devel-linux-x86_64-fedora-gcc 1.0 145.32 NOTE
r-devel-windows-ix86+x86_64 1.0 102.00 129.00 231.00 OK
r-patched-linux-x86_64 1.0 35.21 74.12 109.33 OK
r-patched-solaris-x86 1.0 191.10 OK
r-release-linux-x86_64 1.0 35.52 73.66 109.18 OK
r-release-windows-ix86+x86_64 1.0 66.00 115.00 181.00 OK
r-release-osx-x86_64 1.0 OK
r-oldrel-windows-ix86+x86_64 1.0 91.00 105.00 196.00 OK
r-oldrel-osx-x86_64 1.0 OK

Check Details

Version: 1.0
Check: compiled code
Result: NOTE
    File ‘flars/libs/flars.so’:
     Found no calls to: ‘R_registerRoutines’, ‘R_useDynamicSymbols’
    
    It is good practice to register native routines and to disable symbol
    search.
    
    See ‘Writing portable packages’ in the ‘Writing R Extensions’ manual.
Flavors: r-devel-linux-x86_64-fedora-clang, r-devel-linux-x86_64-fedora-gcc