CRAN Package Check Results for Package flatness

Last updated on 2022-08-10 05:54:49 CEST.

Flavor Version Tinstall Tcheck Ttotal Status Flags
r-devel-linux-x86_64-debian-clang 0.1.4 3.57 35.85 39.42 OK
r-devel-linux-x86_64-debian-gcc 0.1.4 2.75 27.69 30.44 OK
r-devel-linux-x86_64-fedora-clang 0.1.4 57.28 NOTE
r-devel-linux-x86_64-fedora-gcc 0.1.4 54.43 NOTE
r-devel-windows-x86_64 0.1.4 22.00 63.00 85.00 OK
r-patched-linux-x86_64 0.1.4 4.10 33.74 37.84 OK
r-release-linux-x86_64 0.1.4 OK
r-release-macos-arm64 0.1.4 22.00 NOTE
r-release-macos-x86_64 0.1.4 29.00 NOTE
r-release-windows-x86_64 0.1.4 22.00 66.00 88.00 OK
r-oldrel-macos-arm64 0.1.4 25.00 NOTE
r-oldrel-macos-x86_64 0.1.4 30.00 NOTE
r-oldrel-windows-ix86+x86_64 0.1.4 7.00 49.00 56.00 OK

Check Details

Version: 0.1.4
Check: dependencies in R code
Result: NOTE
    Namespaces in Imports field not imported from:
     ‘data.table’ ‘xtable’
     All declared Imports should be used.
Flavors: r-devel-linux-x86_64-fedora-clang, r-devel-linux-x86_64-fedora-gcc, r-release-macos-arm64, r-release-macos-x86_64, r-oldrel-macos-arm64, r-oldrel-macos-x86_64